466  
CXUS52 KTAE 011232  
CLMTLH  
 
CLIMATE REPORT  
NATIONAL WEATHER SERVICE TALLAHASSEE FL  
831 AM EDT WED AUG 1 2018  
   
...............................
 
 
   
..THE TALLAHASSEE CLIMATE SUMMARY FOR THE MONTH OF JULY 2018
 
 
CLIMATE NORMAL PERIOD 1981 TO 2010  
CLIMATE RECORD PERIOD 1896 TO 2018  
 
WEATHER OBSERVED NORMAL DEPART LAST YEAR'S  
VALUE DATE(S) VALUE FROM VALUE DATE(S)  
NORMAL    
............................................................
 
 
TEMPERATURE (F)  
RECORD  
HIGH 104 07/15/1932  
07/03/1931  
LOW 57 07/16/1967  
07/07/1896  
HIGHEST 96 07/12 97 07/05  
07/11 07/04  
LOWEST 69 07/11 71 07/09  
AVG. MAXIMUM 90.9 92.1 -1.2 92.0  
AVG. MINIMUM 73.5 72.0 1.5 73.6  
MEAN 82.2 82.0 0.2 82.8  
DAYS MAX >= 90 21 23.0 -2.0 23  
DAYS MAX <= 32 0 0.0 0.0 0  
DAYS MIN <= 32 0 0.0 0.0 0  
DAYS MIN <= 0 0 0.0 0.0 0  
 
PRECIPITATION (INCHES)  
RECORD  
MAXIMUM 20.12 1964  
MINIMUM 2.33 2014  
TOTALS 8.24 7.17 1.07 5.16  
DAILY AVG. 0.27 0.23 0.04 0.17  
DAYS >= .01 18 16.0 2.0 17  
DAYS >= .10 12 11.2 0.8 11  
DAYS >= .50 7 5.0 2.0 5  
DAYS >= 1.00 2 2.1 -0.1 1  
GREATEST  
24 HR. TOTAL 1.49 07/31 TO 07/31  
 
SNOWFALL (INCHES)  
RECORDS  
TOTAL MM MM  
TOTALS 0.0  
SINCE 7/1 0.0 0.0 0.0 0.0  
SNOWDEPTH AVG. 0  
DAYS >= 1.0 0 0.0 0.0 0  
GREATEST  
SNOW DEPTH 0  
24 HR TOTAL 0.0  
 
DEGREE_DAYS  
HEATING TOTAL 0 0 0 0  
SINCE 7/1 0 0 0 0  
COOLING TOTAL 541 529 12 559  
SINCE 1/1 1647 1432 215 1624    
.............................................................
 
 
WIND (MPH)  
AVERAGE WIND SPEED 4.2  
HIGHEST WIND SPEED/DIRECTION 32/300 DATE 07/21  
HIGHEST GUST SPEED/DIRECTION 44/340 DATE 07/21  
 
SKY COVER  
AVERAGE SKY COVER 0.50  
 
AVERAGE RH (PERCENT) 77  
 
WEATHER CONDITIONS. NUMBER OF DAYS WITH  
0  
10  
0  
0  
0  
0  
1  
HAZE 3  
 
- INDICATES NEGATIVE NUMBERS.  
R INDICATES RECORD WAS SET OR TIED.  
MM INDICATES DATA IS MISSING.  
T INDICATES TRACE AMOUNT.  
 

 
 
CLICK HERE TO GO TO PREVIOUS BULLETINS.

The Nexlab FL Page
The Nexlab GA Page
The Nexlab AL Page Main Text Page