374  
CXUS54 KMOB 011419  
CLMMOB  
 
CLIMATE REPORT  
NATIONAL WEATHER SERVICE MOBILE AL  
910 AM CDT SUN JUL 1 2018  
   
...............................
 
 
   
..THE MOBILE CLIMATE SUMMARY FOR THE MONTH OF JUNE 2018
 
 
CLIMATE NORMAL PERIOD 1981 TO 2010  
CLIMATE RECORD PERIOD 1842 TO 2018  
 
WEATHER OBSERVED NORMAL DEPART LAST YEAR'S  
VALUE DATE(S) VALUE FROM VALUE DATE(S)  
NORMAL    
............................................................
 
 
TEMPERATURE (F)  
RECORD  
HIGH 103 06/04/2011  
LOW 54 06/02/1984  
06/02/1894  
HIGHEST 95 06/30 91 06/25  
06/28 06/16  
06/25  
LOWEST 67 06/07 62 06/09  
06/05  
AVG. MAXIMUM 90.9 89.2 1.7 86.0  
AVG. MINIMUM 72.7 70.4 2.3 71.2  
MEAN 81.8 79.8 2.0 78.6  
DAYS MAX >= 90 24 13.0 11.0 4  
DAYS MAX <= 32 0 0.0 0.0 0  
DAYS MIN <= 32 0 0.0 0.0 0  
DAYS MIN <= 0 0 0.0 0.0 0  
 
PRECIPITATION (INCHES)  
RECORD  
MAXIMUM 26.67 1900  
MINIMUM 0.53 1902  
TOTALS 6.99 6.11 0.88 14.36  
DAILY AVG. 0.23 0.20 0.03 0.48  
DAYS >= .01 14 11.8 2.2 20  
DAYS >= .10 8 8.2 -0.2 17  
DAYS >= .50 5 4.0 1.0 8  
DAYS >= 1.00 3 2.0 1.0 5  
GREATEST  
24 HR. TOTAL 1.69 06/05 TO 06/05  
 
DEGREE_DAYS  
COOLING TOTAL 513 444 69 419  
SINCE 1/1 1120 889 231 1020    
.............................................................
 
 
WIND (MPH)  
AVERAGE WIND SPEED 4.7  
HIGHEST WIND SPEED/DIRECTION 41/050 DATE 06/28  
HIGHEST GUST SPEED/DIRECTION 51/050 DATE 06/28  
 
SKY COVER  
POSSIBLE SUNSHINE (PERCENT)  
AVERAGE SKY COVER 0.40  
NUMBER OF DAYS FAIR 6  
NUMBER OF DAYS PC 24  
NUMBER OF DAYS CLOUDY 0  
 
AVERAGE RH (PERCENT) 75  
 
WEATHER CONDITIONS. NUMBER OF DAYS WITH  
THUNDERSTORM 20 MIXED PRECIP 0  
HEAVY RAIN 7 RAIN 19  
LIGHT RAIN 12 FREEZING RAIN 0  
LT FREEZING RAIN 0 HAIL 0  
HEAVY SNOW 0 SNOW 0  
LIGHT SNOW 0 SLEET 0  
FOG 15 FOG W/VIS <= 1/4 MILE 1  
HAZE 5  
 
- INDICATES NEGATIVE NUMBERS.  
R INDICATES RECORD WAS SET OR TIED.  
MM INDICATES DATA IS MISSING.  
T INDICATES TRACE AMOUNT.  
 

 
 
CLICK HERE TO GO TO PREVIOUS BULLETINS.

The Nexlab AL Page
The Nexlab FL Page
The Nexlab MS Page Main Text Page