334  
CXUS53 KGLD 031728  
CLMMCK  
 
CLIMATE REPORT  
NATIONAL WEATHER SERVICE GOODLAND  
1122 AM MDT SUN JUN 3 2018  
   
...............................
 
 
   
..THE MCCOOK CLIMATE SUMMARY FOR THE MONTH OF MAY 2018
 
 
CLIMATE NORMAL PERIOD 1981 TO 2010  
CLIMATE RECORD PERIOD 1896 TO 2018  
 
WEATHER OBSERVED NORMAL DEPART LAST YEAR'S  
VALUE DATE(S) VALUE FROM VALUE DATE(S)  
NORMAL    
............................................................
 
 
TEMPERATURE (F)  
RECORD  
HIGH 106 05/31/2002  
LOW 1 05/11/2015  
05/09/2015  
03/11/1948  
HIGHEST 96 05/26 93 3 90 05/07  
LOWEST 40 05/05 33 7 31 05/04  
AVG. MAXIMUM 78.5 73.4 5.1 74.0  
AVG. MINIMUM 51.3 45.8 5.5 45.2  
MEAN 64.9 59.6 5.3 59.6  
DAYS MAX >= 90 5 1.8 3.2 1  
DAYS MAX <= 32 0 0.0 0.0 0  
DAYS MIN <= 32 0 1.0 -1.0 1  
DAYS MIN <= 0 0 0.0 0.0 0  
 
PRECIPITATION (INCHES)  
RECORD  
MAXIMUM 7.21 2008  
MINIMUM 0.35 1994  
TOTALS 3.32 3.14 0.18 3.55  
DAILY AVG. 0.11 0.10 0.01 0.11  
DAYS >= .01 6 10.7 -4.7 14  
DAYS >= .10 5 6.5 -1.5 8  
DAYS >= .50 3 1.9 1.1 2  
DAYS >= 1.00 2 0.7 1.3 0  
GREATEST  
24 HR. TOTAL 1.11 05/18 TO 05/18 0.98  
 
   
.............................................................
 
 
 
- INDICATES NEGATIVE NUMBERS.  
R INDICATES RECORD WAS SET OR TIED.  
MM INDICATES DATA IS MISSING.  
T INDICATES TRACE AMOUNT.  
 

 
 
CLICK HERE TO GO TO PREVIOUS BULLETINS.

The Nexlab KS Page
The Nexlab CO Page
The Nexlab NE Page Main Text Page