440  
CXUS55 KPUB 011645  
CLMALS  
 
CLIMATE REPORT  
NATIONAL WEATHER SERVICE PUEBLO  
1030 AM MDT SUN APR 1 2018  
   
...............................
 
 
   
..THE ALAMOSA CO CLIMATE SUMMARY FOR THE MONTH OF MARCH 2018
 
 
CLIMATE NORMAL PERIOD 1981 TO 2010  
CLIMATE RECORD PERIOD 1932 TO 2018  
 
WEATHER OBSERVED NORMAL DEPART LAST YEAR'S  
VALUE DATE(S) VALUE FROM VALUE DATE(S)  
NORMAL    
............................................................
 
 
TEMPERATURE (F)  
RECORD  
HIGH 76 03/31/2012  
LOW -20 03/04/1964  
HIGHEST 70 03/22 54 16 73 03/18  
LOWEST 03/06 11 -12 8 03/07  
AVG. MAXIMUM 54.3 50.1 4.2 60.1  
AVG. MINIMUM 15.0 16.9 -1.9 21.7  
MEAN 34.6 33.5 1.1 40.9  
DAYS MAX >= 90 0 0.0 0.0  
DAYS MAX <= 32 0 0.7 -0.7  
DAYS MIN <= 32 31 30.4 0.6  
DAYS MIN <= 0 1 0.9 0.1  
 
PRECIPITATION (INCHES)  
RECORD  
MAXIMUM 1.62 1992  
MINIMUM T 1999  
1955  
1907  
TOTALS 0.15 0.53 -0.38 0.73  
DAILY AVG. 0.00 0.02 -0.02  
DAYS >= .01 1 5.4 -4.4  
DAYS >= .10 1 1.7 -0.7  
DAYS >= .50 0 0.1 -0.1  
DAYS >= 1.00 0 0.0 0.0  
GREATEST  
24 HR. TOTAL 0.15 03/27  
 
SNOWFALL (INCHES)  
RECORDS  
TOTAL 29.2 1973  
TOTALS 1.8 5.0 -3.2 0.6  
SINCE 7/1 8.8 23.1 -14.3 36.1  
SNOWDEPTH AVG. 0  
DAYS >= 1.0 1 1.7 -0.7  
GREATEST  
SNOW DEPTH 2 03/27 -1  
24 HR TOTAL 1.8 03/27 TO 03/27 0.3  
 
DEGREE_DAYS  
HEATING TOTAL 936 977 -41 739  
SINCE 7/1 6211 7306 -1095 6528  
COOLING TOTAL 0 0 0 0  
SINCE 1/1 0 0 0 0    
.............................................................
 
 
WIND (MPH)  
AVERAGE WIND SPEED 9.0  
HIGHEST WIND SPEED/DIRECTION 48/220 DATE 03/04  
HIGHEST GUST SPEED/DIRECTION 60/210 DATE 03/04  
 
SKY COVER  
POSSIBLE SUNSHINE (PERCENT) MM  
AVERAGE SKY COVER 0.10  
NUMBER OF DAYS FAIR 28  
NUMBER OF DAYS PC 3  
NUMBER OF DAYS CLOUDY 0  
 
AVERAGE RH (PERCENT) 46  
 
WEATHER CONDITIONS. NUMBER OF DAYS WITH  
THUNDERSTORM 0 MIXED PRECIP 0  
HEAVY RAIN 0 RAIN 0  
LIGHT RAIN 3 FREEZING RAIN 0  
LT FREEZING RAIN 0 HAIL 0  
HEAVY SNOW 1 SNOW 1  
LIGHT SNOW 3 ICE PELLETS 0  
FOG 3 FOG W/VIS <= 1/4 MILE 2  
HAZE 6  
 
- INDICATES NEGATIVE NUMBERS.  
R INDICATES RECORD WAS SET OR TIED.  
MM INDICATES DATA IS MISSING.  
T INDICATES TRACE AMOUNT.  
 

 
 
CLICK HERE TO GO TO PREVIOUS BULLETINS.

The Nexlab CO Page Main Text Page