866  
CXUS52 KTBW 011713  
CLMTPA  
 
CLIMATE REPORT  
NATIONAL WEATHER SERVICE TAMPA BAY FL  
1259 PM EDT SUN JUL 1 2018  
   
...............................
 
 
   
..THE TAMPA CLIMATE SUMMARY FOR THE MONTH OF JUNE 2018
 
 
CLIMATE NORMAL PERIOD 1981 TO 2010  
CLIMATE RECORD PERIOD 1890 TO 2018  
 
WEATHER OBSERVED NORMAL DEPART LAST YEAR'S  
VALUE DATE(S) VALUE FROM VALUE DATE(S)  
NORMAL    
............................................................
 
 
TEMPERATURE (F)  
RECORD  
HIGH 99 06/05/1985  
LOW 53 06/01/1984  
HIGHEST 95 06/24 MM MM 95 06/28  
06/17 06/22  
LOWEST 73 06/08 MM MM 72 06/09  
AVG. MAXIMUM 89.9 89.6 0.3 89.2  
AVG. MINIMUM 77.4 74.8 2.6 76.0  
MEAN 83.6 82.2 1.4 82.6  
DAYS MAX >= 90 18 14.4 3.6 14  
DAYS MAX <= 32 0 0.0 0.0 0  
DAYS MIN <= 32 0 0.0 0.0 0  
DAYS MIN <= 0 0 0.0 0.0 0  
 
PRECIPITATION (INCHES)  
RECORD  
MAXIMUM 18.66 2012  
MINIMUM 1.26 1918  
TOTALS 2.95 6.68 -3.73 7.90  
DAILY AVG. 0.10 0.22 -0.12 0.26  
DAYS >= .01 12 12.7 -0.7 17  
DAYS >= .10 7 9.2 -2.2 15  
DAYS >= .50 2 4.2 -2.2 5  
DAYS >= 1.00 0 2.2 -2.2 3  
GREATEST  
24 HR. TOTAL 0.95 06/24 TO 06/24  
 
DEGREE_DAYS  
HEATING TOTAL 0 0 0 0  
SINCE 7/1 338 538 -200 164  
COOLING TOTAL 566 516 50 536  
SINCE 1/1 1727 1393 334 1852    
.............................................................
 
 
WIND (MPH)  
AVERAGE WIND SPEED 6.3  
HIGHEST WIND SPEED/DIRECTION 24/280 DATE 06/06  
HIGHEST GUST SPEED/DIRECTION 32/290 DATE 06/08  
 
SKY COVER  
POSSIBLE SUNSHINE (PERCENT) MM  
AVERAGE SKY COVER 0.60  
NUMBER OF DAYS FAIR 1  
NUMBER OF DAYS PC 25  
NUMBER OF DAYS CLOUDY 4  
 
AVERAGE RH (PERCENT) 70  
 
WEATHER CONDITIONS. NUMBER OF DAYS WITH  
THUNDERSTORM 21 MIXED PRECIP 0  
HEAVY RAIN 4 RAIN 7  
LIGHT RAIN 17 FREEZING RAIN 0  
LT FREEZING RAIN 0 HAIL 0  
HEAVY SNOW 0 SNOW 0  
LIGHT SNOW 0 SLEET 0  
FOG 8 FOG W/VIS <= 1/4 MILE 0  
HAZE 6  
 
- INDICATES NEGATIVE NUMBERS.  
R INDICATES RECORD WAS SET OR TIED.  
MM INDICATES DATA IS MISSING.  
T INDICATES TRACE AMOUNT.  
 

 
 
CLICK HERE TO GO TO PREVIOUS BULLETINS.

The Nexlab FL Page Main Text Page