511  
CXUS53 KLMK 111323 CCA  
CLMLEX  
 
CLIMATE REPORT  
NATIONAL WEATHER SERVICE LOUISVILLE KY  
106 PM EDT SUN JUL 1 2018  
   
...............................
 
 
   
..THE LEXINGTON KY CLIMATE SUMMARY FOR THE MONTH OF JUNE 2018
 
 
CLIMATE NORMAL PERIOD 1981 TO 2010  
CLIMATE RECORD PERIOD 1872 TO 2018  
 
WEATHER OBSERVED NORMAL DEPART LAST YEAR'S  
VALUE DATE(S) VALUE FROM VALUE DATE(S)  
NORMAL    
............................................................
 
 
TEMPERATURE (F)  
RECORD  
HIGH 104 06/29/1936  
LOW 39 06/01/1966  
HIGHEST 94 06/30 MM MM 92 06/12  
LOWEST 53 06/05 MM MM 50 06/08  
AVG. MAXIMUM 85.5 82.9 2.6 83.6  
AVG. MINIMUM 66.1 62.5 3.6 61.7  
MEAN 75.8 72.7 3.1 72.7  
DAYS MAX >= 90 7 2.9 4.1 4  
DAYS MAX <= 32 0 0.0 0.0 0  
DAYS MIN <= 32 0 0.0 0.0 0  
DAYS MIN <= 0 0 0.0 0.0 0  
 
PRECIPITATION (INCHES)  
RECORD  
MAXIMUM 11.69 1960  
MINIMUM 0.61 1988  
TOTALS 4.34 4.44 -0.10 5.78  
DAILY AVG. 0.13 0.15 -0.02 0.19  
DAYS >= .01 11 10.9 0.1 11  
DAYS >= .10 6 7.3 -1.3 6  
DAYS >= .50 5 3.2 1.8 3  
DAYS >= 1.00 0 1.0 -1.0 1  
GREATEST  
24 HR. TOTAL 1.09 06/25 TO 06/25  
 
SNOWFALL (INCHES)  
RECORDS  
TOTAL MM 5  
TOTALS 0.0 0.0 0.0 0.0  
SINCE 7/1 21.2 13.0 8.2 3.4  
SNOWDEPTH AVG. 0 MM MM 0  
DAYS >= 1.0 0 0.0 0.0 0  
GREATEST  
SNOW DEPTH 0 MM 0 MM  
24 HR TOTAL 0.0 06/30 TO 06/30  
 
DEGREE_DAYS  
HEATING TOTAL 0 11 -11 5  
SINCE 7/1 4416 4611 -195 3476  
COOLING TOTAL 332 242 90 244  
SINCE 1/1 606 349 257 441    
.............................................................
 
 
WIND (MPH)  
AVERAGE WIND SPEED 6.0  
HIGHEST WIND SPEED/DIRECTION 26/230 DATE 06/22  
HIGHEST GUST SPEED/DIRECTION 41/250 DATE 06/22  
 
SKY COVER  
POSSIBLE SUNSHINE (PERCENT) MM  
AVERAGE SKY COVER 0.30  
NUMBER OF DAYS FAIR 19  
NUMBER OF DAYS PC 9  
NUMBER OF DAYS CLOUDY 2  
 
AVERAGE RH (PERCENT) 71  
 
WEATHER CONDITIONS. NUMBER OF DAYS WITH  
THUNDERSTORM 9 MIXED PRECIP 0  
HEAVY RAIN 9 RAIN 8  
LIGHT RAIN 13 FREEZING RAIN 0  
LT FREEZING RAIN 0 HAIL 0  
HEAVY SNOW 0 SNOW 0  
LIGHT SNOW 0 SLEET 0  
FOG 15 FOG W/VIS <= 1/4 MILE 3  
HAZE 3  
 
- INDICATES NEGATIVE NUMBERS.  
R INDICATES RECORD WAS SET OR TIED.  
MM INDICATES DATA IS MISSING.  
T INDICATES TRACE AMOUNT.  
 

 
 
CLICK HERE TO GO TO PREVIOUS BULLETINS.

The Nexlab KY Page
The Nexlab IN Page Main Text Page