475  
CXUS53 KJKL 011554  
CLSLOZ  
 
CLIMATE REPORT  
NATIONAL WEATHER SERVICE JACKSON KY  
1154 AM EDT FRI JUN 1 2018  
   
...............................
 
 
 
...THE LONDON KY CLIMATE SUMMARY FOR THE SEASON, FROM  
3/1/2018 TO 5/31/2018...  
 
CLIMATE NORMAL PERIOD 1981 TO 2010  
CLIMATE RECORD PERIOD 1954 TO 2018  
 
WEATHER OBSERVED NORMAL DEPART LAST YEAR'S  
VALUE DATE(S) VALUE FROM VALUE DATE(S)  
NORMAL    
............................................................
 
 
TEMPERATURE (F)  
RECORD  
HIGH 91 05/30/2006  
LOW -12 03/03/1980  
HIGHEST 88 05/25 MM MM 88 04/29  
05/14  
05/15  
LOWEST 21 03/09 MM MM 16 03/16  
AVG. MAXIMUM 66.9 67.8 -0.9 69.5  
AVG. MINIMUM 45.1 44.7 0.4 47.6  
MEAN 56.0 56.2 -0.2 58.5  
DAYS MAX >= 90 0 0.2 -0.2 0  
DAYS MAX <= 32 0 0.3 -0.3 0  
DAYS MIN <= 32 21 14.7 6.3 15  
DAYS MIN <= 0 0 0.0 0.0 0  
 
PRECIPITATION (INCHES)  
RECORD  
MAXIMUM 22.28 1984  
MINIMUM 5.03 2016  
TOTALS 13.60 13.28 0.32 MM  
DAILY AVG. 0.15 0.14 0.01 0.19  
DAYS >= .01 47 38.4 8.6 43  
DAYS >= .10 28 24.4 3.6 29  
DAYS >= .50 12 8.9 3.1 15  
DAYS >= 1.00 3 2.8 0.2 4  
GREATEST  
24 HR. TOTAL 1.39 03/24 TO 03/24 1.21  
 
SNOWFALL (INCHES)  
RECORDS  
TOTAL 31.0 1960  
TOTALS MM 1.6 MM MM  
SINCE 7/1 MM 10.3 MM MM  
SNOWDEPTH AVG. MM MM MM MM  
DAYS >= 1.0 MM 0.7 MM MM  
GREATEST  
24 HR TOTAL MM MM  
 
DEGREE_DAYS  
HEATING TOTAL 1022 920 102 724  
SINCE 7/1 MM 4196 MM 3319  
COOLING TOTAL 224 114 110 151  
SINCE 1/1 232 114 118 151    
.............................................................
 
 
WIND (MPH)  
AVERAGE WIND SPEED 6.0  
RESULTANT WIND SPEED/DIRECTION 2/265  
HIGHEST WIND SPEED/DIRECTION 32/260 DATE 04/03  
HIGHEST GUST SPEED/DIRECTION 51/260 DATE 04/03  
 
SKY COVER  
POSSIBLE SUNSHINE (PERCENT) MM  
NUMBER OF DAYS FAIR 35  
NUMBER OF DAYS PC 33  
NUMBER OF DAYS CLOUDY 23  
 
AVERAGE RH (PERCENT) 68  
 
WEATHER CONDITIONS. NUMBER OF DAYS WITH  
THUNDERSTORM 17 MIXED PRECIP 0  
HEAVY RAIN 14 RAIN 23  
LIGHT RAIN 47 FREEZING RAIN 0  
LT FREEZING RAIN 0 HAIL 0  
HEAVY SNOW 0 SNOW 2  
LIGHT SNOW 11 SLEET 0  
FOG 60 FOG W/VIS <= 1/4 MILE 11  
HAZE 3  
 
- INDICATES NEGATIVE NUMBERS.  
R INDICATES RECORD WAS SET OR TIED.  
MM INDICATES DATA IS MISSING.  
T INDICATES TRACE AMOUNT.  
 

 
   
..NOTE
 
SEASONAL HDD MISSING DUE TO TEMP SENSOR OUTAGE IN JANUARY...  
 
CARICO  
 
CLICK HERE TO GO TO PREVIOUS BULLETINS.

The Nexlab KY Page Main Text Page