865  
CXUS53 KLMK 011524  
CLMLEX  
 
CLIMATE REPORT  
NATIONAL WEATHER SERVICE LOUISVILLE KY  
1122 AM EDT TUE AUG 1 2017  
   
...............................
 
 
   
..THE LEXINGTON KY CLIMATE SUMMARY FOR THE MONTH OF JULY 2017
 
 
CLIMATE NORMAL PERIOD 1981 TO 2010  
CLIMATE RECORD PERIOD 1872 TO 2017  
 
WEATHER OBSERVED NORMAL DEPART LAST YEAR'S  
VALUE DATE(S) VALUE FROM VALUE DATE(S)  
NORMAL    
............................................................
 
 
TEMPERATURE (F)  
RECORD  
HIGH 108 07/15/1936  
07/10/1936  
LOW 47 07/07/1972  
07/23/1947  
07/02/1937  
HIGHEST 94 07/22 MM MM 95 07/24  
07/21  
LOWEST 56 07/30 MM MM 59 07/02  
AVG. MAXIMUM 86.7 86.1 0.6 87.4  
AVG. MINIMUM 67.7 66.3 1.4 69.1  
MEAN 77.2 76.2 1.0 78.3  
DAYS MAX >= 90 7 7.2 -0.2 10  
DAYS MAX <= 32 0 0.0 0.0 0  
DAYS MIN <= 32 0 0.0 0.0 0  
DAYS MIN <= 0 0 0.0 0.0 0  
 
PRECIPITATION (INCHES)  
RECORD  
MAXIMUM 10.64 1958  
MINIMUM 0.45 1930  
TOTALS 5.23 4.65 0.58 4.98  
DAILY AVG. 0.17 0.15 0.02 0.16  
DAYS >= .01 9 10.4 -1.4 11  
DAYS >= .10 7 7.5 -0.5 9  
DAYS >= .50 6 3.2 2.8 4  
DAYS >= 1.00 1 1.5 -0.5 2  
GREATEST  
24 HR. TOTAL 1.27 07/28 TO 07/28  
 
SNOWFALL (INCHES)  
RECORDS  
TOTAL MM 5  
TOTALS 0.0 0.0 0.0 0.0  
SINCE 7/1 0.0 0.0 0.0 0.0  
SNOWDEPTH AVG. 0 MM MM 0  
DAYS >= 1.0 0 0.0 0.0 0  
GREATEST  
SNOW DEPTH 0 MM 0 MM  
24 HR TOTAL 0.0 07/31 TO 07/31  
 
DEGREE_DAYS  
HEATING TOTAL 0 0 0 0  
SINCE 7/1 0 0 0 0  
COOLING TOTAL 386 347 39 417  
SINCE 1/1 826 696 130 844    
.............................................................
 
 
WIND (MPH)  
AVERAGE WIND SPEED 6.2  
HIGHEST WIND SPEED/DIRECTION 28/290 DATE 07/23  
HIGHEST GUST SPEED/DIRECTION 38/280 DATE 07/14  
 
SKY COVER  
POSSIBLE SUNSHINE (PERCENT) MM  
AVERAGE SKY COVER 0.30  
NUMBER OF DAYS FAIR 22  
NUMBER OF DAYS PC 9  
NUMBER OF DAYS CLOUDY 0  
 
AVERAGE RH (PERCENT) 70  
 
WEATHER CONDITIONS. NUMBER OF DAYS WITH  
THUNDERSTORM 9 MIXED PRECIP 0  
HEAVY RAIN 7 RAIN 6  
LIGHT RAIN 12 FREEZING RAIN 0  
LT FREEZING RAIN 0 HAIL 0  
HEAVY SNOW 0 SNOW 0  
LIGHT SNOW 0 SLEET 0  
FOG 17 FOG W/VIS <= 1/4 MILE 1  
HAZE 8  
 
- INDICATES NEGATIVE NUMBERS.  
R INDICATES RECORD WAS SET OR TIED.  
MM INDICATES DATA IS MISSING.  
T INDICATES TRACE AMOUNT.  
 

 
 
CLICK HERE TO GO TO PREVIOUS BULLETINS.

The Nexlab KY Page
The Nexlab IN Page Main Text Page