755  
CXUS53 KPAH 040248 CCA  
CLMEVV  
 
CLIMATE REPORT  
NATIONAL WEATHER SERVICE PADUCAH KY  
846 PM CST WED JAN 3 2018  
   
...............................
 
 
 
...THE EVANSVILLE ASOS CLIMATE SUMMARY FOR THE MONTH OF DECEMBER 2017...  
 
CLIMATE NORMAL PERIOD 1981 TO 2010  
CLIMATE RECORD PERIOD 1896 TO 2018  
 
WEATHER OBSERVED NORMAL DEPART LAST YEAR'S  
VALUE DATE(S) VALUE FROM VALUE DATE(S)  
NORMAL    
............................................................
 
 
TEMPERATURE (F)  
RECORD  
HIGH 77 12/02/1982  
LOW -15 12/22/1989  
HIGHEST 68 12/04 44 24 70 12/17  
LOWEST 6 12/27 27 -21 10 12/19  
AVG. MAXIMUM 44.4 44.1 0.3 44.1  
AVG. MINIMUM 26.3 27.1 -0.8 27.4  
MEAN 35.4 35.6 -0.2 35.8  
DAYS MAX >= 90 0 0.0 0.0 0  
DAYS MAX <= 32 7 4.6 2.4 4  
DAYS MIN <= 32 23 21.3 1.7 22  
DAYS MIN <= 0 0 0.5 -0.5 0  
 
PRECIPITATION (INCHES)  
RECORD  
MAXIMUM 8.23 1982  
MINIMUM 0.56 1976  
TOTALS 2.42 3.76 -1.34 3.92  
DAILY AVG. 0.08 0.12 -0.04 0.13  
DAYS >= .01 6 10.8 -4.8 10  
DAYS >= .10 3 7.2 -4.2 6  
DAYS >= .50 3 2.6 0.4 4  
DAYS >= 1.00 0 0.9 -0.9 0  
GREATEST  
24 HR. TOTAL 0.89 12/23 TO 12/23  
STORM TOTAL MM  
(MM/DD(HH)) MM  
 
SNOWFALL (INCHES)  
RECORDS  
TOTAL 25.1 1917  
TOTALS T 3.2 -3.2 T  
SINCE 7/1 T 3.5 -3.5 T  
SNOWDEPTH AVG. 0 MM MM 0  
DAYS >= TRACE 6  
DAYS >= 1.0 0 1.0 -1.0 0  
GREATEST  
SNOW DEPTH T 12/25 0 MM  
24 HR TOTAL T 12/30 TO 12/30  
STORM TOTAL MM  
(MM/DD(HH)) MM  
 
DEGREE_DAYS  
HEATING TOTAL 881 911 -30 900  
SINCE 7/1 1661 1772 -111 1430    
.............................................................
 
 
WIND (MPH)  
AVERAGE WIND SPEED 7.2  
HIGHEST WIND SPEED/DIRECTION 30/220 DATE 12/13  
HIGHEST GUST SPEED/DIRECTION 40/230 DATE 12/13  
 
SKY COVER  
POSSIBLE SUNSHINE (PERCENT) MM  
AVERAGE SKY COVER 0.40  
NUMBER OF DAYS FAIR 15  
NUMBER OF DAYS PC 7  
NUMBER OF DAYS CLOUDY 9  
 
AVERAGE RH (PERCENT) 71  
 
WEATHER CONDITIONS. NUMBER OF DAYS WITH  
THUNDERSTORM 0 MIXED PRECIP 0  
HEAVY RAIN 3 RAIN 2  
LIGHT RAIN 9 FREEZING RAIN 0  
LT FREEZING RAIN 0 HAIL 0  
HEAVY SNOW 0 SNOW 0  
LIGHT SNOW 8 SLEET 0  
FOG 11 FOG W/VIS <= 1/4 MILE 2  
HAZE 0  
 
- INDICATES NEGATIVE NUMBERS.  
R INDICATES RECORD WAS SET OR TIED.  
MM INDICATES DATA IS MISSING.  
T INDICATES TRACE AMOUNT.  
 

 
 
CLICK HERE TO GO TO PREVIOUS BULLETINS.

The Nexlab KY Page
The Nexlab IL Page
The Nexlab IN Page
The Nexlab MO Page Main Text Page