720  
CXUS53 KMPX 031037 CCA  
CLMMSP  
 
CLIMATE REPORT...CORRECTED PRECIP  
NATIONAL WEATHER SERVICE CHANHASSEN MN  
530 AM CDT SUN JUL 01 2018  
   
...............................
 
 
   
..THE TWIN CITIES MN CLIMATE SUMMARY FOR THE MONTH OF JUNE 2018
 
 
CLIMATE NORMAL PERIOD 1981 TO 2010  
CLIMATE RECORD PERIOD 1871 TO 2018  
 
MSP   
............................................................
 
 
MONTHLY REPORT JUNE 2018 MSP AIRPORT  
 
TEMPS ACTUAL NORMAL DEPART RANK  
AVERAGE MAX 80.9 78.8 2.1 WARMER 30 WARM  
AVERAGE MIN 64.5 58.8 5.7 WARMER 3 WARM  
MONTH MEAN 72.7 68.8 3.9 WARMER 12 WARM  
 
DAILY MAX 99 JUN-29-2018  
DAILY MIN 56 JUN-04-2018  
 
HDD ACTUAL NORMAL DEPART RANK  
TOTAL MONTH 1 44 -43 WARMER 3 WARM  
TOTAL SEASON 7579 7544 35 COOLER 45 WARM  
 
CDD ACTUAL NORMAL DEPART RANK  
TOTAL MONTH 239 158 81 WARMER 15 WARM  
TOTAL ANNUAL 400 200 200 WARMER 4 WARM  
 
PRECIP INCHES ACTUAL NORMAL DEPART RANK  
MONTH TOTAL 3.78 4.25 -0.47 DRIER 71 DRY  
ANNUAL TOTAL 13.05 13.83 -0.78 DRIER 75 DRY  
DAILY MAX 1.10 JUN-26-2018  
 
SNOW INCHES ACTUAL AVG DEPART RANK  
MONTH TOTAL 0.0 0.0 0.0 NORMAL N/A  
SEASON TOTAL 78.3 54.5 23.8 SNOWIER 10 SNOWY  
DAILY MAX 0 JUN-01-2018  
MAX DEPTH 0 JUN-01-2018  
 
JUNE EXTREMES WARMEST/COLDEST/WETTEST ON RECORD FOR COMPARISON  
EXTREME JUNE EXTREME YEAR DEPART RANK  
JUNE MAX 89.0 1933 10.2 WARMEST 1 WARM  
JUNE MAX 70.4 1945 -8.4 COLDEST 1 COLD  
JUNE MIN 66.9 1933 8.1 WARMEST 1 WARM  
JUNE MIN 52.3 1982 -6.5 COLDEST 1 COLD  
JUNE MEAN 78.0 1933 9.2 WARMEST 1 WARM  
JUNE MEAN 61.4 1945 -7.4 COLDEST 1 COLD  
JUNE HDD 0 2005 -44 WARMEST 1 WARM  
JUNE HDD 154 1945 110 COLDEST 1 COLD  
JUNE CDD 405 1933 247 WARMEST 1 WARM  
JUNE CDD 29 1928 -129 COLDEST 1 COLD  
JUNE PRECIP 11.67 1874 7.42 WETTEST 1 WET  
JUNE PRECIP 0.22 1988 -4.03 DRIEST 1 DRY  
JUNE SNOW 0.0 NONE RECORD SNOWIEST 1 WET  
JUNE SNOW 0.0 NONE RECORDED DRIEST 1 DRY  
 
WIND MPH ACTUAL NORMAL DEPART  
MONTHLY AVERAGE---> 9.5 9.4 0.1  
PEAK GUST 42 MPH NORTHWEST JUN-06-2018  
FASTEST 2-MIN 30 MPH NORTHWEST JUN-06-2018  
 
SUNSHINE (POSSIBLE)  
1 MONTH MIN-GAIN MIN-LOSS HOUR-GAIN HOUR-LLOS PCT-GAIN PCT-LOSS  
JUNE 16 -5 0.3 -0.1 4 -1  
 
SUNSHINE (POSSIBLE)  
3 MONTH MIN-GAIN MIN-LOSS HOUR-GAIN HOUR-LOS PCT-GAIN PCT-LOSS  
AMJ 174 -5 2.9 -0.1 43 -1  
 
SUNSHINE (POSSIBLE)  
6 MONTH MIN-GAIN MIN-LOSS HOUR-GAIN HOUR-LOS PCT-GAIN PCT-LOSS  
JAN-JUN 408 -5 6.8 -0.1 99 -1  
 
WEATHER NCEI ACTUAL  
TYPE NORMAL COUNT  
1=FOG/MIST 13  
2=FOG DENSE 0.4 0  
3=THUNDER 7.6 7  
4=IP/SLEET 0  
5=HAIL 0  
6=FRZ RAIN 0  
7=BLWG DUST 0  
8=HAZE/SMK 4  
9=BLWG SNW 0  
 
TEMP NCEI COUNT NUMBER OF DAYS  
MAXIMUM NORMAL ACTUAL AVERAGE DEPART  
<= 0 0 0 0 NORMAL  
<=32 0 0 0 0 NORMAL  
>=50 30 29 1 WARMER  
>=60 30 29 2 WARMER  
>=70 30 26 4 WARMER  
>=80 19 15 4 WARMER  
>=90 2 3 3 0 NORMAL  
 
TEMP NCEI COUNT NUMBER OF DAYS  
MINIMUM NORMAL ACTUAL AVERAGE DEPART  
<= -20 0 0 0 NORMAL  
<= -10 0 0 0 NORMAL  
<= 0 0 0 0 0 NORMAL  
<= 10 0 0 0 NORMAL  
<= 20 0 0 0 NORMAL  
<= 32 0 0 0 0 NORMAL  
>= 50 30 28 3 WARMER  
>=60 25 16 9 WARMER  
>= 70 4 2 2 WARMER  
 
PRECIP NCEI COUNT NUMBER OF DAYS  
DAYS WITH A NORMAL ACTUAL AVERAGE DEPART  
T (ONLY) 5 4 1 WETTER  
>= 0.01 11 11 11 0 NORMAL  
>= 0.10 7 8 7 1 WETTER  
>= 0.25 4 5 -1 DRIER  
>= 0.50 3 3 3 0 NORMAL  
>= 1.00 1 1 1 0 NORMAL  
 
SNOW NCEI COUNT NUMBER OF DAYS  
DAYS WITH A NORMAL ACTUAL AVERAGE DEPART  
T (ONLY) 0 0 0 NORMAL  
>= 0.1 0 0 0 0 NORMAL  
>= 1.0 0 0 0 0 NORMAL  
>= 1.5 0 0 0 NORMAL  
>= 2.0 0 0 0 NORMAL  
>= 3.0 0 0 0 NORMAL  
 
3 MONTH LISTING WITH NORMALS...DEPARTURES AND RANKINGS  
3-MONTH DATA APRIL MAY JUNE (AMJ)  
AMJ 2018 ACTUAL NORMAL DEPART RANK  
AMJ-18 MAX 68.9 68.7 0.2 WARMER 43 WARM  
AMJ-18 MIN 49.8 48.3 1.5 WARMER 25 WARM  
AMJ-18 MEAN 59.4 58.5 0.9 WARMER NEAR NORM  
AMJ-18 HDD 886 753 133 COOLER 60 COLD  
AMJ-18 CDD 400 200 200 WARMER 4 WARM  
AMJ-18 PRECIP 8.97 10.27 -1.30 DRIER 58 DRY  
AMJ-18 SNW 26.1 2.5 23.6 SNOWIER 1 SNOWY  
 
3-MONTH EXTREMES WARMEST/COLDEST/WETTEST ON RECORD FOR COMPARISON  
EXTREME AMJ EXTREME YEAR DEPART RANK  
APR-MAY-JUN MAX 75.3 1987 6.6 WARMEST 1 WARM  
APR-MAY-JUN MAX 58.7 1907 -10.0 COLDEST 1 COLD  
APR-MAY-JUN MIN 52.4 2006 4.1 WARMEST 1 WARM  
APR-MAY-JUN MIN 41.0 1907 -7.3 COLDEST 1 COLD  
APR-MAY-JUN MEAN 63.3 1987 4.8 WARMEST 1 WARM  
APR-MAY-JUN MEAN 49.9 1907 -8.6 COLDEST 1 COLD  
APR-MAY-JUN HDD 458 1977 -295 WARMEST 1 WARM  
APR-MAY-JUN HDD 1455 1907 702 COLDEST 1 COLD  
APR-MAY-JUN CDD 487 1934 287 WARMEST 1 WARM  
APR-MAY-JUN CDD 53 1945 -147 COLDEST 1 COLD  
APR-MAY-JUN PRECIP 22.18 2014 11.91 WETTEST 1 WET  
APR-MAY-JUN PRECIP 3.14 1955 -7.13 DRIEST 1 DRY  
APR-MAY-JUN SNOW 26.1 2018 23.6 SNOWIEST 1 WET  
APR-MAY-JUN SNOW 0.0 2012 -2.5 DRIEST 1 DRY  
 
6 MONTH DATA  
JAN-JUN 2018 ACTUAL NORMAL DEPART RANK  
JAN-JUN-18 6-MONTH-MAX 49.5 50.0 -0.5 COOLER NEAR NORM  
JAN-JUN-18 6-MONTH-MIN 31.5 31.6 -0.1 COOLER NEAR NORM  
JAN-JUN-18 6-MONTH-MEAN 40.5 40.8 -0.3 COOLER NEAR NORM  
JAN-JUN-18 6-MONTH-HDD 4746 4521 225 COOLER NEAR NORM  
JAN-JUN-18 6-MONTH-CDD 400 200 200 WARMER 4 WARM  
JAN-JUN-18 6-MONTH-PCP 13.04 13.83 -0.79 DRIER 75 DRY  
JAN-JUN-18 6-MONTH-SNW 71.2 32.7 38.5 SNOWIER 1 SNOWY  
JUL-JUN-18 12-MONTH-HDD 7579 7544 35 COOLER 45 WARM  
JUL-JUN-18 12-MONTH-SNW 78.3 54.5 23.8 SNOWIER 10 SNOWY  
 
ANNUAL EXTREMES WARMEST/COLDEST/WETTEST ON RECORD FOR COMPARISON  
EXTREMES EXTREME YEAR DEPART RANK  
JAN-JUN 6-MONTH-MAX 57.3 1987 7.3 WARMEST 1 WARM  
JAN-JUN 6-MONTH-MAX 39.0 1875 -11.0 COLDEST 1 COLD  
JAN-JUN 6-MONTH-MIN 38.7 2012 7.1 WARMEST 1 WARM  
JAN-JUN 6-MONTH-MIN 18.9 1875 -12.7 COLDEST 1 COLD  
JAN-JUN 6-MONTH-MEAN 47.6 2012 6.8 WARMEST 1 WARM  
JAN-JUN 6-MONTH-MEAN 29.0 1875 -11.8 COLDEST 1 COLD  
JAN-JUN 6-MONTH-HDD 3446 2012 -1075 WARMEST 1 WARM  
JAN-JUN 6-MONTH-HDD 6552 1875 2031 COLDEST 1 COLD  
JAN-JUN 6-MONTH-CDD 487 1934 287 WARMEST 1 WARM  
JAN-JUN 6-MONTH-CDD 53 1945 -147 COLDEST 1 COLD  
JAN-JUN 6-MONTH-PCP 25.83 2014 12.00 WETTEST 1 WET  
JAN-JUN 6-MONTH-PCP 4.95 1910 -8.88 DRIEST 1 DRY  
JAN-JUN 6-MONTH-SNW 71.2 2018 38.5 SNOWIEST 1 WET  
JAN-JUN 6-MONTH-SNW 8.3 1931 -24.4 DRIEST 1 DRY  
JUL-JUN 12-MONTH-HDD 5852 2012 -1692 WARMEST 1 WARM  
JUL-JUN 12-MONTH-HDD 9791 1875 2247 COLDEST 1 COLD  
JUL-JUN 12-MONTH-SNW 98.6 1984 44.1 SNOWIEST 1 WET  
JUL-JUN 12-MONTH-SNW 14.2 1931 -40.3 DRIEST 1 DRY  
 
NEW DAILY EXTREME  
MAX TEMP 1  
COLD MAX 0  
MIN TEMP 0  
WARM MIN 0  
PRECIP 0  
SNOW 0  
 
NEW DAILY RECORD EXTREME LISTING PREVIOUS  
TYPE NEW/TIE /AMOUNT /DATE YEAR SET/TIE OLD YEAR  
WARM MAX NEW-> 94 JUN-15-2018 OLD-> 94 1913  
 

 
CARLYON  
 
CLICK HERE TO GO TO PREVIOUS BULLETINS.

The Nexlab MN Page
The Nexlab WI Page Main Text Page