936  
CXUS53 KLSX 102315 CCA  
CLMUIN  
 
CLIMATE REPORT  
NATIONAL WEATHER SERVICE ST LOUIS MO  
1004 AM CDT SUN JUL 1 2018  
   
...............................
 
 
   
..THE QUINCY IL CLIMATE SUMMARY FOR THE MONTH OF JUNE 2018
 
 
CLIMATE NORMAL PERIOD 1981 TO 2010  
CLIMATE RECORD PERIOD 1901 TO 2018  
 
WEATHER OBSERVED NORMAL DEPART LAST YEAR'S  
VALUE DATE(S) VALUE FROM VALUE  
NORMAL    
.........................................................
 
 
TEMPERATURE (F)  
RECORD  
HIGH 105 06/19/1936  
LOW 39 06/12/1903  
HIGHEST 96 06/18 94  
06/01  
LOWEST 51 06/04 51  
AVG. MAXIMUM 87.7 81.7 6.0 84.6  
AVG. MINIMUM 66.8 62.4 4.4 62.8  
MEAN 77.2 72.1 5.1 73.7  
DAYS MAX >= 90 12 3.0 9.0 7  
DAYS MAX <= 32 0 0.0 0.0 0  
DAYS MIN <= 32 0 0.0 0.0 0  
DAYS MIN <= 0 0 0.0 0.0 0  
 
PRECIPITATION (INCHES)  
RECORD  
MAXIMUM 12.46 1947  
MINIMUM 0.40 1963  
TOTALS 2.11 3.99 -1.88 3.43  
DAILY AVG. 0.07 0.13 -0.06 0.11  
DAYS >= .01 8 10.1 -2.1 10  
DAYS >= .10 6 6.6 -0.6 8  
DAYS >= .50 1 2.9 -1.9 3  
DAYS >= 1.00 0 1.0 -1.0 1  
GREATEST  
24 HR. TOTAL 1.02 06/20 TO 06/21  
 
DEGREE_DAYS  
HEATING TOTAL 0 16 -16 4  
SINCE 7/1 5515 5582 -67 4437  
COOLING TOTAL 376 227 149 271  
SINCE 1/1 633 313 320 380    
..........................................................
 
 
WIND (MPH)  
HIGHEST WIND SPEED/DIRECTION 41/340 DATE 06/28  
HIGHEST GUST SPEED/DIRECTION 57/330 DATE 06/28  
 
SKY COVER  
NUMBER OF DAYS FAIR 25  
NUMBER OF DAYS PC 3  
NUMBER OF DAYS CLOUDY 2  
 
WEATHER CONDITIONS. NUMBER OF DAYS WITH  
THUNDERSTORM 8 MIXED PRECIP 0  
HEAVY RAIN 6 RAIN 4  
LIGHT RAIN 11 FREEZING RAIN 0  
LT FREEZING RAIN 0 HEAVY SNOW 0  
SNOW 0 LIGHT SNOW 0  
SLEET 0 FOG 13  
FOG W/VIS <= 1/4 MILE 0 HAZE 4  
 
- INDICATES NEGATIVE NUMBERS.  
R INDICATES RECORD WAS SET OR TIED.  
MM INDICATES DATA IS MISSING.  
T INDICATES TRACE AMOUNT.  
   
..MONTHLY
 
 
11TH WARMEST JUNE ON RECORD (77.2 DEGREES).  
   
..DAILY
 
 
NO RECORDS OF NOTE  
 

 
 
CLICK HERE TO GO TO PREVIOUS BULLETINS.

The Nexlab MO Page
The Nexlab IL Page Main Text Page