361  
CXUS51 KPHI 081756  
CLMILG  
 
CLIMATE REPORT  
NATIONAL WEATHER SERVICE MOUNT HOLLY NJ  
236 PM EDT TUE AUG 7 2018  
   
...............................
 
 
   
..THE WILMINGTON CLIMATE SUMMARY FOR THE MONTH OF JULY 2018
 
 
CLIMATE NORMAL PERIOD 1981 TO 2010  
CLIMATE RECORD PERIOD 1894 TO 2018  
 
WEATHER OBSERVED NORMAL DEPART LAST YEAR'S  
VALUE DATE(S) VALUE FROM VALUE DATE(S)  
NORMAL    
............................................................
 
 
TEMPERATURE (F)  
RECORD  
HIGH 103 07/07/2010  
07/06/2010  
07/10/1936  
LOW 48 07/01/1988  
HIGHEST 95 95 0 93  
LOWEST 57 56 1 58  
AVG. MAXIMUM 87.1 86.1 1.0 86.6  
AVG. MINIMUM 68.3 67.6 0.7 69.7  
MEAN 77.7 76.8 0.9 78.2  
DAYS MAX >= 90 10 7.7 2.3 9  
DAYS MAX <= 32 0 0.0 0.0 0  
DAYS MIN <= 32 0 0.0 0.0 0  
DAYS MIN <= 0 0 0.0 0.0 0  
 
PRECIPITATION (INCHES)  
RECORD  
MAXIMUM 13.55 1919  
MINIMUM 0.16 1955  
TOTALS 6.72 4.57 2.15 6.75  
DAILY AVG. 0.22 0.15 0.07 0.22  
DAYS >= .01 11 9.9 1.1 11  
DAYS >= .10 10 6.7 3.3 8  
DAYS >= .50 4 3.1 0.9 5  
DAYS >= 1.00 3 1.3 1.7 3  
GREATEST  
24 HR. TOTAL 1.54 07/21 TO 07/21 2.16  
 
SNOWFALL (INCHES)  
RECORDS  
TOTAL MM 5  
24 HR TOTAL MM  
TOTALS 0.0 0.0 0.0 0.0  
SINCE 7/1 0.0 0.0 0.0 0.0  
SNOWDEPTH AVG. 0 MM MM 0  
DAYS >= 1.0 0 0.0 0.0 0  
GREATEST  
SNOW DEPTH 0 MM 0 MM  
24 HR TOTAL 0.0 07/31 TO 07/31 0.0  
 
DEGREE_DAYS  
HEATING TOTAL 0 0 0 0  
SINCE 7/1 0 0 0 0  
COOLING TOTAL 402 367 35 417  
SINCE 1/1 760 677 83 769    
.............................................................
 
 
WIND (MPH)  
AVERAGE WIND SPEED 8.2  
HIGHEST WIND SPEED/DIRECTION 32/160 DATE 07/23  
HIGHEST GUST SPEED/DIRECTION 40/160 DATE 07/23  
 
SKY COVER  
POSSIBLE SUNSHINE (PERCENT) MM  
AVERAGE SKY COVER 0.30  
NUMBER OF DAYS FAIR 23  
NUMBER OF DAYS PC 4  
NUMBER OF DAYS CLOUDY 4  
 
AVERAGE RH (PERCENT) 71  
 
WEATHER CONDITIONS. NUMBER OF DAYS WITH  
THUNDERSTORM 6 MIXED PRECIP 0  
HEAVY RAIN 10 RAIN 8  
LIGHT RAIN 13 FREEZING RAIN 0  
LT FREEZING RAIN 0 HEAVY SNOW 0  
SNOW 0 LIGHT SNOW 0  
SLEET 0 FOG 15  
FOG W/VIS <= 1/4 MILE 0 HAZE 3  
 
- INDICATES NEGATIVE NUMBERS.  
R INDICATES RECORD WAS SET OR TIED.  
MM INDICATES DATA IS MISSING.  
T INDICATES TRACE AMOUNT.  
 

 
 
CLICK HERE TO GO TO PREVIOUS BULLETINS.

The Nexlab PA Page
The Nexlab NJ Page
The Nexlab DE Page
The Nexlab MD Page Main Text Page