650  
CXUS54 KSJT 011508 CCB  
CLMABI  
 
CLIMATE REPORT  
NATIONAL WEATHER SERVICE SAN ANGELO TX  
1008 AM CDT SUN JUL 1 2018  
   
...............................
 
 
   
..THE ABILENE CLIMATE SUMMARY FOR THE MONTH OF JUNE 2018
 
 
CLIMATE NORMAL PERIOD 1981 TO 2010  
CLIMATE RECORD PERIOD 1886 TO 2018  
 
WEATHER OBSERVED NORMAL DEPART LAST YEAR'S  
VALUE DATE(S) VALUE FROM VALUE DATE(S)  
NORMAL    
............................................................
 
 
TEMPERATURE (F)  
RECORD  
HIGH 110 06/30/1907  
LOW 44 06/03/1919  
HIGHEST 103 06/02 MM MM 103 06/23  
LOWEST 61 06/04 MM MM 62 06/07  
06/05  
06/02  
AVG. MAXIMUM 95.8 90.5 5.3 91.0  
AVG. MINIMUM 71.9 68.5 3.4 68.5  
MEAN 83.9 79.5 4.4 79.7  
DAYS MAX >= 90 29 17.4 11.6 19  
DAYS MAX <= 32 0 0.0 0.0 0  
DAYS MIN <= 32 0 0.0 0.0 0  
DAYS MIN <= 0 0 0.0 0.0 0  
 
PRECIPITATION (INCHES)  
RECORD  
MAXIMUM 9.60 1961  
MINIMUM T 1994  
1901  
TOTALS 2.97 3.56 -0.59 1.67  
DAILY AVG. 0.10 0.12 -0.02 0.06  
DAYS >= .01 7 7.0 0.0 5  
DAYS >= .10 5 4.7 0.3 4  
DAYS >= .50 1 2.6 -1.6 1  
DAYS >= 1.00 1 1.2 -0.2 0  
GREATEST  
24 HR. TOTAL 1.86 06/07 TO 06/07  
 
SNOWFALL (INCHES)  
RECORDS  
TOTAL 0.0  
TOTALS 0.0 0.0 0.0 0.0  
SINCE 7/1 0.5 4.7 -4.2 T  
SNOWDEPTH AVG. 0 MM MM 0  
DAYS >= 1.0 0 0.0 0.0 0  
GREATEST  
SNOW DEPTH 0 MM 0 MM  
 
DEGREE_DAYS  
HEATING TOTAL 0 1 -1 0  
SINCE 7/1 2583 2559 24 1826  
COOLING TOTAL 572 435 137 446  
SINCE 1/1 1103 832 271 865    
.............................................................
 
 
WIND (MPH)  
AVERAGE WIND SPEED 13.0  
HIGHEST WIND SPEED/DIRECTION 43/010 DATE 06/07  
HIGHEST GUST SPEED/DIRECTION 50/360 DATE 06/07  
 
SKY COVER  
AVERAGE SKY COVER 0.10  
 
AVERAGE RH (PERCENT) 58  
 
WEATHER CONDITIONS. NUMBER OF DAYS WITH  
THUNDERSTORM 8 MIXED PRECIP 0  
HEAVY RAIN 5 RAIN 3  
LIGHT RAIN 8 FREEZING RAIN 0  
LT FREEZING RAIN 0 HAIL 0  
HEAVY SNOW 0 SNOW 0  
LIGHT SNOW 0 SLEET 0  
FOG 5 FOG W/VIS <= 1/4 MILE 0  
HAZE 4  
 
 
- INDICATES NEGATIVE NUMBERS.  
R INDICATES RECORD WAS SET OR TIED.  
MM INDICATES DATA IS MISSING.  
T INDICATES TRACE AMOUNT.  
 

 
 
CLICK HERE TO GO TO PREVIOUS BULLETINS.

The Nexlab TX Page Main Text Page