964  
CXUS52 KAKQ 011224  
CLMECG  
 
CLIMATE REPORT  
NATIONAL WEATHER SERVICE WAKEFIELD, VA  
810 AM EDT SUN JUL 1 2018  
   
...............................
 
 
 
...THE ELIZABETH CITY NC CLIMATE SUMMARY FOR THE MONTH OF JUNE 2018...  
 
CLIMATE NORMAL PERIOD 1981 TO 2010  
CLIMATE RECORD PERIOD 1934 TO 2018  
 
WEATHER OBSERVED NORMAL DEPART LAST YEAR'S  
VALUE DATE(S) VALUE FROM VALUE DATE(S)  
NORMAL    
............................................................
 
 
TEMPERATURE (F)  
RECORD  
HIGH 102 06/20/1939  
LOW 43 06/05/1997  
HIGHEST 96 06/19 87 9 92 06/14  
LOWEST 61 06/04 62 -1 51 06/09  
AVG. MAXIMUM 87.0 84.7 2.3 85.2  
AVG. MINIMUM 70.1 66.1 4.0 67.2  
MEAN 78.6 75.4 3.2 76.2  
DAYS MAX >= 90 12 5.3 6.7 6  
DAYS MAX <= 32 0 0.0 0.0 0  
DAYS MIN <= 32 0 0.0 0.0 0  
DAYS MIN <= 0 0 0.0 0.0 0  
 
PRECIPITATION (INCHES)  
RECORD  
MAXIMUM 6.37 1945  
MINIMUM 0.79 2011  
TOTALS 8.52 4.49 4.03 3.42  
DAILY AVG. 0.28 0.15 0.13 0.11  
DAYS >= .01 13 10.9 2.1 10  
DAYS >= .10 12 7.0 5.0 6  
DAYS >= .50 5 3.2 1.8 3  
DAYS >= 1.00 2 1.8 0.2 1  
GREATEST  
24 HR. TOTAL 2.47 06/20 TO 06/20  
 
DEGREE_DAYS  
HEATING TOTAL 0 3 -3 4  
SINCE 7/1 3103 3232 -129 2691  
COOLING TOTAL 414 314 100 348  
SINCE 1/1 758 478 280 646    
.............................................................
 
 
WIND (MPH)  
AVERAGE WIND SPEED 7.4  
HIGHEST WIND SPEED/DIRECTION 33/340 DATE 06/24  
HIGHEST GUST SPEED/DIRECTION 43/330 DATE 06/24  
 
SKY COVER  
POSSIBLE SUNSHINE (PERCENT) MM  
AVERAGE SKY COVER 0.30  
 
AVERAGE RH (PERCENT) 78  
 
WEATHER CONDITIONS. NUMBER OF DAYS WITH  
0  
7  
0  
0  
0  
0  
3  
HAZE 4  
 
- INDICATES NEGATIVE NUMBERS.  
R INDICATES RECORD WAS SET OR TIED.  
MM INDICATES DATA IS MISSING.  
T INDICATES TRACE AMOUNT.  
 

 
 
CLICK HERE TO GO TO PREVIOUS BULLETINS.

The Nexlab VA Page
The Nexlab NC Page
The Nexlab MD Page Main Text Page