285  
CXUS53 KGRB 010917  
CLMGRB  
 
CLIMATE REPORT  
NATIONAL WEATHER SERVICE GREEN BAY  
405 AM CDT SUN JUL 1 2018  
   
...............................
 
 
   
..THE GREEN BAY WI CLIMATE SUMMARY FOR THE MONTH OF JUNE 2018
 
 
CLIMATE NORMAL PERIOD 1981 TO 2010  
CLIMATE RECORD PERIOD 1886 TO 2018  
 
WEATHER OBSERVED NORMAL DEPART LAST YEAR'S  
VALUE DATE(S) VALUE FROM VALUE DATE(S)  
NORMAL    
............................................................
 
 
TEMPERATURE (F)  
RECORD  
HIGH 101 06/01/1934  
LOW 32 06/06/1958  
HIGHEST 94 06/29 90 4 88 06/10  
LOWEST 43 06/06 40 3 44 06/01  
AVG. MAXIMUM 77.3 75.3 2.0 78.3  
AVG. MINIMUM 58.1 54.1 4.0 57.2  
MEAN 67.7 64.7 3.0 67.7  
DAYS MAX >= 90 3 1.1 1.9 0  
DAYS MAX <= 32 0 0.0 0.0 0  
DAYS MIN <= 32 0 0.0 0.0 0  
DAYS MIN <= 0 0 0.0 0.0 0  
 
PRECIPITATION (INCHES)  
RECORD  
MAXIMUM 10.29 1990  
MINIMUM 0.31 1976  
TOTALS 4.81 3.88 0.93 3.78  
DAILY AVG. 0.16 0.13 0.03 0.13  
DAYS >= .01 7 10.3 -3.3 15  
DAYS >= .10 5 6.7 -1.7 10  
DAYS >= .50 4 2.8 1.2 2  
DAYS >= 1.00 2 1.1 0.9 0  
GREATEST  
24 HR. TOTAL 1.71 06/18 TO 06/18  
 
SNOWFALL (INCHES)  
RECORDS  
TOTAL 0.0 MM  
TOTALS 0.0 0.0 0.0 0.0  
SINCE 7/1 68.1 51.4 16.7 53.2  
SNOWDEPTH AVG. 0 MM MM 0  
DAYS >= 1.0 0 0.0 0.0 0  
GREATEST  
SNOW DEPTH 0 MM 0 MM  
24 HR TOTAL 0.0 06/30 TO 06/30  
 
DEGREE_DAYS  
HEATING TOTAL 27 92 -65 27  
SINCE 7/1 7569 7955 -386 6414  
COOLING TOTAL 117 83 34 115  
SINCE 1/1 210 101 109 123    
.............................................................
 
 
WIND (MPH)  
AVERAGE WIND SPEED 8.6  
HIGHEST WIND SPEED/DIRECTION 33/350 DATE 06/15  
HIGHEST GUST SPEED/DIRECTION 42/360 DATE 06/15  
 
SKY COVER  
POSSIBLE SUNSHINE (PERCENT) MM  
AVERAGE SKY COVER 0.40  
NUMBER OF DAYS FAIR 18  
NUMBER OF DAYS PC 6  
NUMBER OF DAYS CLOUDY 6  
 
AVERAGE RH (PERCENT) 71  
 
THUNDERSTORM 4 MIXED PRECIP 0  
HEAVY RAIN 5 RAIN 5  
LIGHT RAIN 5 FREEZING RAIN 0  
LT FREEZING RAIN 0 HAIL 0  
HEAVY SNOW 0 SNOW 0  
LIGHT SNOW 0 SLEET 0  
FOG 9 FOG W/VIS <- 1/4 MILE 0  
HAZE 2  
 
 
 
- INDICATES NEGATIVE NUMBERS.  
R INDICATES RECORD WAS SET OR TIED.  
MM INDICATES DATA IS MISSING.  
T INDICATES TRACE AMOUNT.  
 

 
 
CLICK HERE TO GO TO PREVIOUS BULLETINS.

The Nexlab WI Page Main Text Page