198  
CXUS55 KPSR 010859  
CLMIPL  
 
CLIMATE REPORT  
NATIONAL WEATHER SERVICE PHOENIX AZ  
159 AM MST SAT AUG 01 2020  
   
...............................
 
 
   
..THE IMPERIAL CA CLIMATE SUMMARY FOR THE MONTH OF JULY 2020
 
 
CLIMATE NORMAL PERIOD 1981 TO 2010  
CLIMATE RECORD PERIOD 1925 TO 2020  
 
WEATHER OBSERVED NORMAL DEPART LAST YEAR'S  
VALUE DATE(S) VALUE FROM VALUE  
NORMAL    
..........................................................
 
 
TEMPERATURE (F)  
RECORD  
HIGH 121 07/24/2018  
07/07/2017  
07/17/2005  
LOW 61 07/01/1996  
07/19/1940  
07/03/1935  
HIGHEST 119 07/31 114 5  
LOWEST 71 07/02 68 3  
AVG. MAXIMUM 110.2 107.5 2.7  
AVG. MINIMUM 77.7 77.0 0.7  
MEAN 94.0 92.2 1.8  
DAYS MAX >= 90 31 31.0 0.0  
DAYS MAX >= 100 31  
DAYS MAX >= 110 16  
DAYS MIN <= 32 0 0.0 0.0  
DAYS MIN >= 90 0  
 
PRECIPITATION (INCHES)  
RECORD  
MAXIMUM 1.14 1968  
MINIMUM 0.00 2016  
TOTALS 0.00R 0.19 -0.19  
DAYS >= .01 0 0.5 -0.5  
DAYS >= .10 0 0.1 -0.1  
DAYS >= .50 0 0.1 -0.1  
DAYS >= 1.00 0 0.0 0.0  
GREATEST  
24 HR. TOTAL 0.00 06/30 TO 06/30  
 
DEGREE DAYS  
HEATING TOTAL 0 0 0  
SINCE 7/1 0 0 0  
COOLING TOTAL 908 845 63  
SINCE 1/1 2346 2149 197    
..........................................................
 
 
WIND (MPH)  
AVERAGE WIND SPEED 6.8  
HIGHEST GUST SPEED/DIRECTION 38/260 DATE 07/13  
 
AVERAGE RH (PERCENT) 29  
 
WEATHER CONDITIONS. NUMBER OF DAYS WITH  
THUNDERSTORM 0 HEAVY RAIN 0  
RAIN 0 LIGHT RAIN 0  
FOG W/VIS <= 1/4 MILE 0  
 
- INDICATES NEGATIVE NUMBERS.  
R INDICATES RECORD WAS SET OR TIED.  
MM INDICATES DATA IS MISSING.  
T INDICATES TRACE AMOUNT.  
 

 
 
CLICK HERE TO GO TO PREVIOUS BULLETINS.

The Nexlab AZ Page
The Nexlab CA Page Main Text Page