062  
CXUS55 KVEF 012151  
CLMIGM  
 
CLIMATE REPORT  
NATIONAL WEATHER SERVICE LAS VEGAS, NV  
251 PM PDT SAT AUG 01 2020  
   
...............................
 
 
   
..THE KINGMAN AZ CLIMATE SUMMARY FOR THE MONTH OF JULY 2020
 
 
CLIMATE NORMAL PERIOD: 1981 TO 2010  
CLIMATE RECORD PERIOD: 1901 TO 2020  
 
WEATHER OBSERVED NORMAL DEPART LAST YEAR'S  
VALUE DATE(S) VALUE FROM VALUE DATE(S)  
NORMAL    
............................................................
 
 
TEMPERATURE (F)  
RECORD  
HIGH 113 07/17/2005  
LOW 45 07/02/1928  
HIGHEST 112 07/31 MM MM 106 07/29  
07/28  
LOWEST 60 07/01 MM MM 62 07/01  
AVG. MAXIMUM 102.3 97.2 5.1 99.6  
AVG. MINIMUM 70.2 70.0 0.2 70.2  
MEAN 86.2 83.6 2.6 84.9  
DAYS MAX >= 90 31 28.0 3.0 30  
DAYS MAX <= 32 0 0.0 0.0 0  
DAYS MIN <= 32 0 0.0 0.0 0  
DAYS MIN <= 0 0 0.0 0.0 0  
 
PRECIPITATION (INCHES)  
RECORD  
MAXIMUM 5.15 1919  
MINIMUM 0.00 1993  
TOTALS 0.15 0.75 -0.60 1.33  
DAILY AVG. 0.00 0.02 -0.02 0.04  
DAYS >= .01 1 MM MM 2  
DAYS >= .10 1 MM MM 2  
DAYS >= .50 0 MM MM 1  
DAYS >= 1.00 0 MM MM 1  
GREATEST  
24 HR. TOTAL 0.15 07/24 TO 07/24  
 
DEGREE DAYS  
HEATING TOTAL 0 0 0 0  
SINCE 7/1 0 0 0 0  
COOLING TOTAL 665 576 89 625  
SINCE 1/1 1373 1159 214 1115  
 
FREEZE DATES  
RECORD  
EARLIEST 09/24/1920  
LATEST 05/21/1975  
EARLIEST 10/28  
LATEST 03/15    
............................................................
 
 
WIND (MPH)  
AVERAGE WIND SPEED 11.4  
HIGHEST WIND SPEED/DIRECTION 33/230 DATE 07/07  
HIGHEST GUST SPEED/DIRECTION 45/190 DATE 07/07  
 
SKY COVER  
POSSIBLE SUNSHINE (PERCENT) MM  
AVERAGE SKY COVER 0.02  
NUMBER OF DAYS FAIR 31  
NUMBER OF DAYS PC 0  
NUMBER OF DAYS CLOUDY 0  
 
AVERAGE RH (PERCENT) 20  
 
WEATHER CONDITIONS. NUMBER OF DAYS WITH  
THUNDERSTORM 4 MIXED PRECIP 0  
HEAVY RAIN 0 RAIN 1  
LIGHT RAIN 2 FREEZING RAIN 0  
LT FREEZING RAIN 0 HAIL 0  
HEAVY SNOW 0 SNOW 0  
LIGHT SNOW 0 SLEET 0  
FOG 0 FOG W/VIS <= 1/4 MILE 0  
HAZE 0  
 
- INDICATES NEGATIVE NUMBERS.  
R INDICATES RECORD WAS SET OR TIED.  
MM INDICATES DATA IS MISSING.  
T INDICATES TRACE AMOUNT.  
 

 
 
CLICK HERE TO GO TO PREVIOUS BULLETINS.

The Nexlab NV Page
The Nexlab AZ Page
The Nexlab CA Page Main Text Page