999  
CXUS56 KLOX 011630  
CLMSDB  
 
CLIMATE REPORT  
NATIONAL WEATHER SERVICE LOS ANGELES/OXNARD  
930 AM PDT THU APR 01 2021  
   
...............................
 
 
   
..THE SANDBERG CA CLIMATE SUMMARY FOR THE MONTH OF MARCH 2021
 
 
CLIMATE NORMAL PERIOD: 1981 TO 2010  
CLIMATE RECORD PERIOD: 1934 TO 2021  
 
WEATHER OBSERVED NORMAL DEPART LAST YEAR'S  
VALUE DATE(S) VALUE FROM VALUE  
NORMAL    
..........................................................
 
 
TEMPERATURE (F)  
HIGHEST 76 03/28  
LOWEST 28 03/11  
AVG. MAXIMUM 55.9 54.0 1.9  
AVG. MINIMUM 38.9 39.3 -0.4  
MEAN 47.4 46.7 0.7  
DAYS MAX >= 90 0  
DAYS MAX <= 32 0  
DAYS MIN <= 32 5  
DAYS MIN <= 0 0  
 
PRECIPITATION (INCHES)  
TOTALS 0.43 1.73 -1.30  
DAILY AVG. 0.01  
DAYS >= .01 7  
DAYS >= .10 1  
DAYS >= .50 0  
DAYS >= 1.00 0  
GREATEST  
24 HR. TOTAL 0.13 03/10 TO 03/10  
 
DEGREE DAYS  
HEATING TOTAL 540 570 -30 613  
SINCE 7/1 2484 3329 -845 2920  
COOLING TOTAL 0 1 -1 0  
SINCE 1/1 0 1 -1 0    
..........................................................
 
 
WIND (MPH)  
AVERAGE WIND SPEED 14.1  
HIGHEST WIND SPEED/DIRECTION 52/320 DATE 03/16  
HIGHEST GUST SPEED/DIRECTION 66/320 DATE 03/16  
 
SKY COVER  
POSSIBLE SUNSHINE (PERCENT) MM  
AVERAGE SKY COVER 0.25  
NUMBER OF DAYS FAIR 22  
NUMBER OF DAYS PC 6  
NUMBER OF DAYS CLOUDY 3  
 
AVERAGE RH (PERCENT) 52  
 
WEATHER CONDITIONS. NUMBER OF DAYS WITH  
THUNDERSTORM 0 MIXED PRECIP 0  
HEAVY RAIN 0 RAIN 0  
LIGHT RAIN 4 FREEZING RAIN 0  
LT FREEZING RAIN 0 HAIL 0  
HEAVY SNOW 4 SNOW 4  
LIGHT SNOW 5 SLEET 0  
FOG 11 FOG W/VIS <= 1/4 MILE 10  
HAZE 10  
 
- INDICATES NEGATIVE NUMBERS.  
R INDICATES RECORD WAS SET OR TIED.  
MM INDICATES DATA IS MISSING.  
T INDICATES TRACE AMOUNT.  
 

 
 
CLICK HERE TO GO TO PREVIOUS BULLETINS.

The Nexlab CA Page Main Text Page

The Nexlab CA Page Main Text Page