303  
CXUS55 KBOU 051654  
CLMDEN  
 
CLIMATE REPORT  
NATIONAL WEATHER SERVICE  
1054 AM MDT FRI AUG 05 2022  
   
...............................
 
 
   
..THE DENVER CO CLIMATE SUMMARY FOR THE MONTH OF JULY 2022
 
 
CLIMATE NORMAL PERIOD 1991 TO 2020  
CLIMATE RECORD PERIOD 1872 TO 2022  
 
WEATHER OBSERVED NORMAL DEPART LAST YEAR'S  
VALUE DATE(S) VALUE FROM VALUE DATE(S)  
NORMAL    
............................................................
 
 
TEMPERATURE (F)  
RECORD  
HIGH 105 07/20/2005  
LOW 42 07/04/1903  
07/31/1873  
HIGHEST 101 07/10 99 2 102 07/08  
LOWEST 53 07/01 51 2 52 07/15  
AVG. MAXIMUM 93.5 89.9 3.6 91.4  
AVG. MINIMUM 62.6 60.2 2.4 62.0  
MEAN 78.0 75.1 2.9 76.7  
DAYS MAX >= 90 24 18.8 5.2 21  
DAYS MAX <= 32 0 0.0 0.0 0  
DAYS MIN <= 32 0 0.0 0.0 0  
DAYS MIN <= 0 0 0.0 0.0 0  
 
PRECIPITATION (INCHES)  
RECORD  
MAXIMUM 6.41 1965  
MINIMUM 0.01 1901  
TOTALS 0.99 2.14 -1.15 0.34  
DAILY AVG. 0.03 0.07 -0.04 0.01  
DAYS >= .01 12 8.3 3.7 5  
DAYS >= .10 3 4.2 -1.2 1  
DAYS >= .50 0 1.2 -1.2 0  
DAYS >= 1.00 0 0.6 -0.6 0  
GREATEST  
24 HR. TOTAL 0.33 07/06 TO 07/07 0.14 07/17 TO 07/17  
STORM TOTAL 0.32 0.14  
(MM/DD(HH)) MM  
 
SNOWFALL (INCHES)  
RECORDS  
TOTAL MM MM  
TOTALS 0.0 MM  
 
DEGREE DAYS  
HEATING TOTAL 0 4 -4 0  
SINCE 7/1 0 0 0 MM  
COOLING TOTAL 413 315 98 369  
SINCE 1/1 638 489 149 MM  
 
FREEZE DATES  
RECORD  
EARLIEST 09/08/1962  
LATEST 06/08/2007  
EARLIEST 10/13  
LATEST 05/12    
............................................................
 
 
WIND (MPH)  
AVERAGE WIND SPEED 9.8  
RESULTANT WIND SPEED/DIRECTION 3/200  
HIGHEST WIND SPEED/DIRECTION 37/220 DATE 07/05  
HIGHEST GUST SPEED/DIRECTION 49/330 DATE 07/12  
49/240 07/18  
 
SKY COVER  
POSSIBLE SUNSHINE (PERCENT) MM  
AVERAGE SKY COVER 0.54  
NUMBER OF DAYS FAIR 5  
NUMBER OF DAYS PC 24  
NUMBER OF DAYS CLOUDY 2  
 
WEATHER CONDITIONS. NUMBER OF DAYS WITH  
THUNDERSTORM 18 MIXED PRECIP 0  
HEAVY RAIN 3 RAIN 4  
LIGHT RAIN 18 FREEZING RAIN 0  
LT FREEZING RAIN 0 HAIL 1  
HEAVY SNOW 0 SNOW 0  
LIGHT SNOW 0 SLEET 0  
FOG 4 FOG W/VIS <= 1/4 MILE 0  
HAZE 3  
 
- INDICATES NEGATIVE NUMBERS.  
R INDICATES RECORD WAS SET OR TIED.  
MM INDICATES DATA IS MISSING.  
T INDICATES TRACE AMOUNT.  
 

 
 
CLICK HERE TO GO TO PREVIOUS BULLETINS.

The Nexlab CO Page Main Text Page