016  
CXUS55 KGJT 011206  
CLMCEZ  
 
CLIMATE REPORT  
NATIONAL WEATHER SERVICE GRAND JUNCTION CO  
546 AM MDT SAT AUG 1 2020  
   
...............................
 
 
   
..THE CORTEZ CO CLIMATE SUMMARY FOR THE MONTH OF JULY 2020
 
 
CLIMATE NORMAL PERIOD 1981 TO 2010  
CLIMATE RECORD PERIOD 9999 TO 9999  
 
WEATHER OBSERVED NORMAL DEPART LAST YEAR'S  
VALUE DATE(S) VALUE FROM VALUE DATE(S)  
NORMAL    
............................................................
 
 
TEMPERATURE (F)  
HIGHEST 101 07/12 MM MM 97 07/16  
LOWEST 36 07/01 MM MM 42 07/10  
07/09  
AVG. MAXIMUM 91.6 90.1 1.5 92.0  
AVG. MINIMUM 53.1 52.7 0.4 52.8  
MEAN 72.4 71.4 1.0 72.4  
DAYS MAX >= 90 21 16.5 4.5 26  
DAYS MAX <= 32 0 0.0 0.0 0  
DAYS MIN <= 32 0 0.1 -0.1 0  
DAYS MIN <= 0 0 0.0 0.0 0  
 
PRECIPITATION (INCHES)  
TOTALS 1.13 1.29 -0.16 0.40  
DAILY AVG. 0.04 0.04 0.00 0.01  
DAYS >= .01 11 MM MM 3  
DAYS >= .10 2 MM MM 1  
DAYS >= .50 1 MM MM 0  
DAYS >= 1.00 0 MM MM 0  
GREATEST  
24 HR. TOTAL 0.66 07/27 TO 07/27 0.34  
 
SNOWFALL (INCHES)  
TOTALS MM MM MM MM  
SINCE 7/1 MM MM MM MM  
SNOWDEPTH AVG. MM MM MM MM  
DAYS >= 1.0 MM MM MM MM  
GREATEST  
SNOW DEPTH MM MM MM  
24 HR TOTAL MM MM  
 
DEGREE_DAYS  
HEATING TOTAL 3 3 0 0  
SINCE 7/1 3 3 0 0  
COOLING TOTAL 238 201 37 239  
SINCE 1/1 397 264 133 287    
.............................................................
 
 
WIND (MPH)  
AVERAGE WIND SPEED 6.6  
HIGHEST WIND SPEED/DIRECTION 33/200 DATE 07/13  
HIGHEST GUST SPEED/DIRECTION 54/260 DATE 07/13  
 
SKY COVER  
POSSIBLE SUNSHINE (PERCENT) MM  
AVERAGE SKY COVER 0.20  
NUMBER OF DAYS FAIR 26  
NUMBER OF DAYS PC 3  
NUMBER OF DAYS CLOUDY 2  
 
AVERAGE RH (PERCENT) 43  
 
WEATHER CONDITIONS. NUMBER OF DAYS WITH  
THUNDERSTORM 10 MIXED PRECIP 0  
HEAVY RAIN 1 RAIN 3  
LIGHT RAIN 15 FREEZING RAIN 0  
LT FREEZING RAIN 0 HAIL 0  
HEAVY SNOW 0 SNOW 0  
LIGHT SNOW 0 SLEET 0  
FOG 4 FOG W/VIS <= 1/4 MILE 0  
HAZE 3  
 
 
- INDICATES NEGATIVE NUMBERS.  
R INDICATES RECORD WAS SET OR TIED.  
MM INDICATES DATA IS MISSING.  
T INDICATES TRACE AMOUNT.  
 

 
 
CLICK HERE TO GO TO PREVIOUS BULLETINS.

The Nexlab CO Page
The Nexlab UT Page Main Text Page