047  
CXUS55 KPUB 012348  
CLMPUB  
 
CLIMATE REPORT  
NATIONAL WEATHER SERVICE PUEBLO  
526 PM MDT MON OCT 1 2018  
   
...............................
 
 
   
..THE PUEBLO CO CLIMATE SUMMARY FOR THE MONTH OF SEPTEMBER 2018
 
 
CLIMATE NORMAL PERIOD 1981 TO 2010  
CLIMATE RECORD PERIOD 1888 TO 2018  
 
WEATHER OBSERVED NORMAL DEPART LAST YEAR'S  
VALUE DATE(S) VALUE FROM VALUE DATE(S)  
NORMAL    
............................................................
 
 
TEMPERATURE (F)  
RECORD  
HIGH 101 09/05/1995  
LOW 21 09/29/1999  
HIGHEST 99 09/13 85 14 98 09/03  
LOWEST 40 09/26 43 -3 39 09/21  
09/27  
AVG. MAXIMUM 86.6 81.6 5.0 81.1  
AVG. MINIMUM 52.7 47.7 5.0 52.4  
MEAN 69.7 64.7 5.0 66.8  
DAYS MAX >= 90 12 6.4 5.6  
DAYS MAX <= 32 0 0.0 0.0  
DAYS MIN <= 32 0 0.6 -0.6  
DAYS MIN <= 0 0 0.0 0.0  
 
PRECIPITATION (INCHES)  
RECORD  
MAXIMUM 3.93 1909  
MINIMUM T 1956  
1916  
1892  
TOTALS 0.08 0.77 -0.69 1.20  
DAILY AVG. 0.00 0.03 -0.03  
DAYS >= .01 3 5.6 -2.6  
DAYS >= .10 0 2.4 -2.4  
DAYS >= .50 0 0.3 -0.3  
DAYS >= 1.00 0 0.0 0.0  
GREATEST  
24 HR. TOTAL 0.06 09/05  
 
SNOWFALL (INCHES)  
RECORDS  
TOTAL 14.0 1959  
TOTALS 0.0 0.3 -0.3 0.0  
SINCE 7/1 0.0 0.3 -0.3 0.0  
SNOWDEPTH AVG. 0  
DAYS >= 1.0 0 0.1 -0.1  
GREATEST  
SNOW DEPTH 0 0  
24 HR TOTAL 0.0 0.0  
 
DEGREE_DAYS  
HEATING TOTAL 35 93 -58 87  
SINCE 7/1 35 98 -63 87  
COOLING TOTAL 183 83 100 146  
SINCE 1/1 1403 894 509 1027    
.............................................................
 
 
WIND (MPH)  
AVERAGE WIND SPEED 7.2  
HIGHEST WIND SPEED/DIRECTION 44/010 DATE 09/25  
HIGHEST GUST SPEED/DIRECTION 59/020 DATE 09/25  
 
SKY COVER  
POSSIBLE SUNSHINE (PERCENT) MM  
AVERAGE SKY COVER 0.20  
NUMBER OF DAYS FAIR 23  
NUMBER OF DAYS PC 7  
NUMBER OF DAYS CLOUDY 0  
 
AVERAGE RH (PERCENT) 47  
 
WEATHER CONDITIONS. NUMBER OF DAYS WITH  
THUNDERSTORM 4 MIXED PRECIP 0  
HEAVY RAIN 0 RAIN 2  
LIGHT RAIN 9 FREEZING RAIN 0  
LT FREEZING RAIN 0 HAIL 0  
HEAVY SNOW 0 SNOW 0  
LIGHT SNOW 0 SLEET 0  
FOG 1 FOG W/VIS <= 1/4 MILE 0  
HAZE 0  
- INDICATES NEGATIVE NUMBERS.  
R INDICATES RECORD WAS SET OR TIED.  
MM INDICATES DATA IS MISSING.  
T INDICATES TRACE AMOUNT.  
 

 
 
CLICK HERE TO GO TO PREVIOUS BULLETINS.

The Nexlab CO Page Main Text Page