095  
CXUS52 KFFC 011149  
CLMAHN  
 
CLIMATE REPORT  
NATIONAL WEATHER SERVICE PEACHTREE CITY GA  
749 AM EDT MON APR 01 2024  
   
...............................  
 
   
..THE ATHENS CLIMATE SUMMARY FOR THE MONTH OF MARCH 2024  
 
CLIMATE NORMAL PERIOD: 1991 TO 2020  
CLIMATE RECORD PERIOD: 1898 TO 2024  
 
WEATHER OBSERVED NORMAL DEPART LAST YEAR'S  
VALUE DATE(S) VALUE FROM VALUE DATE(S)  
NORMAL    
............................................................  
 
TEMPERATURE (F)  
RECORD  
HIGH 90 03/17/1945  
LOW 9 03/06/1899  
HIGHEST 80 03/14 80 0 84 03/24  
03/31  
LOWEST 32 03/19 26 6 27 03/15  
03/20  
AVG. MAXIMUM 68.4 66.8 1.6 68.3  
AVG. MINIMUM 45.6 42.9 2.7 44.7  
MEAN 57.0 54.9 2.1 56.5  
DAYS MAX >= 90 0 0.0 0.0 0  
DAYS MAX <= 32 0 0.0 0.0 0  
DAYS MIN <= 32 1 4.5 -3.5 6  
DAYS MIN <= 0 0 0.0 0.0 0  
 
PRECIPITATION (INCHES)  
RECORD  
MAXIMUM 14.15 1929  
MINIMUM 0.99 1905  
TOTALS 6.98 4.37 2.61 4.15  
DAILY AVG. 0.23 0.14 0.09 0.13  
GREATEST  
24 HR. TOTAL 1.89 03/05 TO 03/06 1.29 03/26 TO 03/27  
 
SNOWFALL (INCHES)  
RECORDS  
TOTAL T 2008  
24 HR TOTAL T MM  
TOTALS 0.0 MM MM 0.0  
SINCE 7/1 0.0 MM MM MM  
SNOWDEPTH AVG. MM MM  
DAYS >= TRACE 0 MM MM 0  
DAYS >= 1.0 0 MM MM 0  
GREATEST  
24 HR TOTAL MM MM  
 
DEGREE DAYS  
HEATING TOTAL 243 328 -85 277  
SINCE 7/1 2275 2510 -235 MM  
COOLING TOTAL 1 13 -12 23  
SINCE 1/1 3 15 -12 MM    
............................................................  
 
WIND (MPH)  
AVERAGE WIND SPEED 6.1  
HIGHEST WIND SPEED/DIRECTION 24/300 DATE 03/18  
HIGHEST GUST SPEED/DIRECTION 36/280 DATE 03/18  
 
SKY COVER  
POSSIBLE SUNSHINE (PERCENT) MM  
AVERAGE SKY COVER 0.34  
NUMBER OF DAYS FAIR 17  
NUMBER OF DAYS PC 9  
NUMBER OF DAYS CLOUDY 5  
 
AVERAGE RH (PERCENT) 64  
 
WEATHER CONDITIONS. NUMBER OF DAYS WITH  
THUNDERSTORM 3 MIXED PRECIP 0  
HEAVY RAIN 6 RAIN 8  
LIGHT RAIN 11 FREEZING RAIN 0  
LT FREEZING RAIN 0 HAIL 0  
HEAVY SNOW 0 SNOW 0  
LIGHT SNOW 0 SLEET 0  
FOG 15 FOG W/VIS <= 1/4 MILE 3  
HAZE 6  
 
- INDICATES NEGATIVE NUMBERS.  
R INDICATES RECORD WAS SET OR TIED.  
MM INDICATES DATA IS MISSING.  
T INDICATES TRACE AMOUNT.  
 
 
CLICK HERE TO GO TO PREVIOUS BULLETINS.
The Nexlab GA Page
Main Text Page