103  
CXUS52 KFFC 030845  
CLMMCN  
 
CLIMATE REPORT  
NATIONAL WEATHER SERVICE PEACHTREE CITY GA  
445 AM EDT SUN MAY 3 2020  
   
...............................
 
 
   
..THE MACON CLIMATE SUMMARY FOR THE MONTH OF APRIL 2020
 
 
CLIMATE NORMAL PERIOD 1981 TO 2010  
CLIMATE RECORD PERIOD 1899 TO 2020  
 
WEATHER OBSERVED NORMAL DEPART LAST YEAR'S  
VALUE DATE(S) VALUE FROM VALUE DATE(S)  
NORMAL    
............................................................
 
 
TEMPERATURE (F)  
RECORD  
HIGH 96 04/27/1986  
LOW 28 04/08/2007  
HIGHEST 86 04/09 96 -10 88 04/30  
04/29  
LOWEST 35 04/11 29 6 36 04/03  
AVG. MAXIMUM 77.5 76.8 0.7 79.0  
AVG. MINIMUM 49.8 50.1 -0.3 51.6  
MEAN 63.7 63.4 0.3 65.3  
DAYS MAX >= 90 0 0.6 -0.6 0  
DAYS MAX <= 32 0 0.0 0.0 0  
DAYS MIN <= 32 0 0.4 -0.4 0  
DAYS MIN <= 0 0 0.0 0.0 0  
 
PRECIPITATION (INCHES)  
RECORD  
MAXIMUM 7.63 2016  
MINIMUM 1.03 2012  
TOTALS 11.90R 2.96 8.94  
DAILY AVG. 0.40 0.10 0.30 0.10  
DAYS >= .01 10 7.7 2.3 12  
DAYS >= .10 8 5.1 2.9 4  
DAYS >= .50 5 2.3 2.7 3  
DAYS >= 1.00 3 0.9 2.1 0  
GREATEST  
24 HR. TOTAL 4.41 04/19 TO 04/19 04/08 TO 04/08  
04/30 TO 04/30EATHER OBSERVED NORMAL DEPART LAST YEAR'S  
04/30 TO 04/30EATHER OBSERVED NORMAL DEPART LAST YEAR'S  
 
SNOWFALL (INCHES)  
RECORDS  
TOTAL MM MM  
24 HR TOTAL MM  
SNOW DEPTH 0 MM  
TOTALS 0.0 0.0 0.0 0.0  
SINCE 7/1 0.0 0.7 -0.7 0.0  
SNOWDEPTH AVG. 0 MM MM 0  
DAYS >= TRACE 0 0.0 0.0 0  
DAYS >= 1.0 0 0.0 0.0 0  
GREATEST  
24 HR TOTAL 0.0 04/30 TO 04/30 04/30 TO 04/30  
04/30 TO 04/30EATHER OBSERVED NORMAL DEPART LAST YEAR'S  
04/30 TO 04/30EATHER OBSERVED NORMAL DEPART LAST YEAR'S  
 
DEGREE_DAYS  
HEATING TOTAL 85 110 -25 72  
SINCE 7/1 1725 2307 -582 1962  
COOLING TOTAL 52 63 -11 89  
SINCE 1/1 185 84 101 106    
.............................................................
 
 
WIND (MPH)  
AVERAGE WIND SPEED 6.4  
HIGHEST WIND SPEED/DIRECTION 37/270 DATE 04/13  
HIGHEST GUST SPEED/DIRECTION 45/230 DATE 04/13  
 
SKY COVER  
POSSIBLE SUNSHINE (PERCENT) MM  
AVERAGE SKY COVER 0.20  
NUMBER OF DAYS FAIR 22  
NUMBER OF DAYS PC 6  
NUMBER OF DAYS CLOUDY 2  
 
AVERAGE RH (PERCENT) 65  
 
WEATHER CONDITIONS. NUMBER OF DAYS WITH  
0  
6  
0  
0  
0  
0  
3  
HAZE 0  
 
- INDICATES NEGATIVE NUMBERS.  
R INDICATES RECORD WAS SET OR TIED.  
MM INDICATES DATA IS MISSING.  
T INDICATES TRACE AMOUNT.  
 

 
 
CLICK HERE TO GO TO PREVIOUS BULLETINS.

The Nexlab GA Page Main Text Page