841  
CXUS55 KMSO 051116  
CLMGPI  
 
CLIMATE REPORT  
NATIONAL WEATHER SERVICE MISSOULA MT  
516 AM MDT TUE MAY 05 2020  
   
...............................
 
 
   
..THE KALISPELL MT CLIMATE SUMMARY FOR THE MONTH OF APRIL 2020
 
 
CLIMATE NORMAL PERIOD 1981 TO 2010  
CLIMATE RECORD PERIOD 1894 TO 2020  
 
WEATHER OBSERVED NORMAL DEPART LAST YEAR'S  
VALUE DATE(S) VALUE FROM VALUE  
NORMAL    
..........................................................
 
 
TEMPERATURE (F)  
RECORD  
HIGH 85 04/18/1936  
LOW -8 04/01/1936  
HIGHEST 73 04/29 MM MM 68  
LOWEST 14 04/12 MM MM 21  
AVG. MAXIMUM 54.9 56.1 -1.2 54.2  
AVG. MINIMUM 28.1 31.2 -3.1 32.0  
MEAN 41.5 43.6 -2.1  
DAYS MAX >= 90 0 0.0 0.0 0  
DAYS MAX <= 32 1 0.0 1.0 0  
DAYS MIN <= 32 21 17.3 3.7 15  
DAYS MIN <= 0 0 0.0 0.0 0  
 
PRECIPITATION (INCHES)  
RECORD  
MAXIMUM 2.37 1978  
MINIMUM 0.01 1924  
TOTALS 1.23 1.24 -0.01  
DAILY AVG. 0.04 0.04 -0.00 0.08  
DAYS >= .01 11 10.7 0.3 16  
DAYS >= .10 4 4.0 0.0 7  
DAYS >= .50 1 0.3 0.7 1  
DAYS >= 1.00 0 0.0 0.0 0  
GREATEST  
24 HR. TOTAL 0.50 04/23 TO 04/23 0.52  
 
SNOWFALL (INCHES)  
TOTALS 3.3 2.2 1.1 0.5  
SINCE 7/1 38.6 55.2 -16.6 MM  
DAYS >= TRACE 6 2.7 3.3 2  
DAYS >= 1.0 3 0.8 2.2 0  
GREATEST  
SNOW DEPTH 2  
24 HR TOTAL 3.3 0.5  
 
DEGREE DAYS  
HEATING TOTAL 697 640 57  
SINCE 7/1 7110 7411 -301  
COOLING TOTAL 0 0 0  
SINCE 1/1 0 0 0    
..........................................................
 
 
WIND (MPH)  
AVERAGE WIND SPEED 8.0  
HIGHEST WIND SPEED/DIRECTION 33/010 DATE 04/11  
HIGHEST GUST SPEED/DIRECTION 42/020 DATE 04/11  
 
SKY COVER  
POSSIBLE SUNSHINE (PERCENT) MM  
AVERAGE SKY COVER 0.55  
NUMBER OF DAYS FAIR 10  
NUMBER OF DAYS PC 9  
NUMBER OF DAYS CLOUDY 11  
 
AVERAGE RH (PERCENT) 62  
 
WEATHER CONDITIONS. NUMBER OF DAYS WITH  
THUNDERSTORM 0 MIXED PRECIP 0  
HEAVY RAIN 1 RAIN 2  
LIGHT RAIN 12 FREEZING RAIN 0  
LT FREEZING RAIN 0 HAIL 0  
HEAVY SNOW 1 SNOW 2  
LIGHT SNOW 5 SLEET 0  
FOG 13 FOG W/VIS <= 1/4 MILE 3  
HAZE 2  
 
- INDICATES NEGATIVE NUMBERS.  
R INDICATES RECORD WAS SET OR TIED.  
MM INDICATES DATA IS MISSING.  
T INDICATES TRACE AMOUNT.  
 

 
 
CLICK HERE TO GO TO PREVIOUS BULLETINS.

The Nexlab MT Page
The Nexlab ID Page Main Text Page

The Nexlab MT Page
The Nexlab ID Page Main Text Page