084  
CXUS55 KPIH 011501  
CLMPIH  
 
CLIMATE REPORT  
NATIONAL WEATHER SERVICE POCATELLO ID  
800 AM MST WED FEB 01 2023  
   
...............................
 
 
   
..THE POCATELLO CLIMATE SUMMARY FOR THE MONTH OF JANUARY 2023
 
 
CLIMATE NORMAL PERIOD 1991 TO 2020  
CLIMATE RECORD PERIOD 1939 TO 2023  
 
WEATHER OBSERVED NORMAL DEPART LAST YEAR'S  
VALUE DATE(S) VALUE FROM VALUE DATE(S)  
NORMAL    
............................................................
 
 
TEMPERATURE (F)  
RECORD  
HIGH 61 01/30/2018  
LOW -31 01/25/1949  
HIGHEST 45 01/14 57 -12 48 01/07  
LOWEST -16 01/30 -28 12 -9 01/28  
AVG. MAXIMUM 31.0 34.2 -3.2 29.7  
AVG. MINIMUM 17.6 17.1 0.5 12.4  
MEAN 24.3 25.6 -1.3 21.0  
DAYS MAX >= 90 0 0.0 0.0 0  
DAYS MAX <= 32 14 12.3 1.7 18  
DAYS MIN <= 32 31 29.0 2.0 30  
DAYS MIN <= 0 3 3.5 -0.5 9  
 
PRECIPITATION (INCHES)  
RECORD  
MAXIMUM 3.24 1980  
MINIMUM 0.20 1945  
TOTALS 1.09 1.11 -0.02 0.50  
DAILY AVG. 0.04 0.04 0.00 0.02  
DAYS >= .01 12 10.5 1.5 9  
DAYS >= .10 4 3.8 0.2 2  
DAYS >= .50 0 0.2 -0.2 0  
DAYS >= 1.00 0 0.0 0.0 0  
GREATEST  
24 HR. TOTAL 0.38 01/15 TO 01/15 0.22  
 
SNOWFALL (INCHES)  
RECORDS  
TOTAL 32.2 2017  
TOTALS 6.9 8.5 -1.6 5.5  
SINCE 7/1 30.3 23.8 6.5 MM  
SNOWDEPTH AVG. 1 2  
DAYS >= 1.0 2 3.0 -1.0 3  
GREATEST  
SNOW DEPTH 2 01/29 5 01/03  
01/30  
01/31  
01/04  
01/06  
24 HR TOTAL 1.9 01/06 TO 01/06 2.0  
 
DEGREE DAYS  
HEATING TOTAL 1252 1220 32 1353  
SINCE 7/1 4190 4118 72 MM  
COOLING TOTAL 0 0 0 0  
SINCE 1/1 0 0 0 MM    
............................................................
 
 
WIND (MPH)  
AVERAGE WIND SPEED 7.6  
HIGHEST WIND SPEED/DIRECTION 31/260 DATE 01/08  
HIGHEST GUST SPEED/DIRECTION 40/260 DATE 01/08  
40/230 01/27  
 
SKY COVER  
POSSIBLE SUNSHINE (PERCENT) MM  
AVERAGE SKY COVER 0.71  
NUMBER OF DAYS FAIR 3  
NUMBER OF DAYS PC 12  
NUMBER OF DAYS CLOUDY 16  
 
AVERAGE RH (PERCENT) 77  
 
WEATHER CONDITIONS. NUMBER OF DAYS WITH  
THUNDERSTORM 0 MIXED PRECIP 0  
HEAVY RAIN 0 RAIN 0  
LIGHT RAIN 6 FREEZING RAIN 0  
LT FREEZING RAIN 0 HAIL 0  
HEAVY SNOW 0 SNOW 0  
LIGHT SNOW 15 SLEET 0  
FOG 16 FOG W/VIS <= 1/4 MILE 1  
HAZE 6  
 
- INDICATES NEGATIVE NUMBERS.  
R INDICATES RECORD WAS SET OR TIED.  
MM INDICATES DATA IS MISSING.  
T INDICATES TRACE AMOUNT.  

 
 

 
 
CLICK HERE TO GO TO PREVIOUS BULLETINS.

The Nexlab ID Page Main Text Page