413  
CXUS55 KPIH 011226 CCA  
CLMPIH  
 
CLIMATE REPORT  
NATIONAL WEATHER SERVICE POCATELLO ID  
237 AM MDT SAT AUG 1 2020  
   
...............................
 
 
   
..THE POCATELLO CLIMATE SUMMARY FOR THE MONTH OF JULY 2020
 
 
CLIMATE NORMAL PERIOD 1981 TO 2010  
CLIMATE RECORD PERIOD 1939 TO 2020  
 
WEATHER OBSERVED NORMAL DEPART LAST YEAR'S  
VALUE DATE(S) VALUE FROM VALUE DATE(S)  
NORMAL    
............................................................
 
 
TEMPERATURE (F)  
RECORD  
HIGH 104 07/31/2020  
07/22/2000  
 
LOW 34 07/04/2018  
07/08/1981  
 
HIGHEST 104R 07/31 104 0 99 07/22  
LOWEST 42 07/16 34 8 42 07/05  
AVG. MAXIMUM 88.3 87.8 0.5 88.7  
AVG. MINIMUM 50.3 52.0 -1.7 52.7  
MEAN 69.3 69.9 -0.6 70.7  
DAYS MAX >= 90 13 13.3 -0.3 15  
DAYS MAX <= 32 0 0.0 0.0 0  
DAYS MIN <= 32 0 0.0 0.0 0  
DAYS MIN <= 0 0 0.0 0.0 0  
 
PRECIPITATION (INCHES)  
RECORD  
MAXIMUM 2.28 2009  
1984  
MINIMUM 0.00 2003  
1988  
1963  
TOTALS 0.21 0.64 -0.43 0.35  
DAILY AVG. 0.01 0.02 -0.01 0.01  
DAYS >= .01 2 4.4 -2.4 6  
DAYS >= .10 2 1.8 0.2 1  
DAYS >= .50 0 0.3 -0.3 0  
DAYS >= 1.00 0 0.0 0.0 0  
GREATEST  
24 HR. TOTAL 0.11 07/28 TO 07/28 0.16  
 
SNOWFALL (INCHES)  
RECORDS  
TOTAL 0.0 2010  
2009  
2008  
TOTALS 0.0 0.0 0.0 0.0  
SINCE 7/1 0.0 0.0 0.0 0.0  
SNOWDEPTH AVG. 0 MM MM 0  
DAYS >= 1.0 0 0.0 0.0 0  
GREATEST  
SNOW DEPTH 0 MM 0 MM  
24 HR TOTAL 0.0 07/31 TO 07/31 0.0  
 
DEGREE_DAYS  
HEATING TOTAL 5 20 -15 8  
SINCE 7/1 5 20 -15 8  
COOLING TOTAL 146 172 -26 193  
SINCE 1/1 224 223 1 214    
.............................................................
 
 
WIND (MPH)  
AVERAGE WIND SPEED 8.7  
HIGHEST WIND SPEED/DIRECTION 38/250 DATE 07/23  
HIGHEST GUST SPEED/DIRECTION 50/260 DATE 07/23  
 
SKY COVER  
POSSIBLE SUNSHINE (PERCENT) MM  
AVERAGE SKY COVER 0.10  
NUMBER OF DAYS FAIR 28  
NUMBER OF DAYS PC 3  
NUMBER OF DAYS CLOUDY 0  
 
AVERAGE RH (PERCENT) 45  
 
WEATHER CONDITIONS. NUMBER OF DAYS WITH  
THUNDERSTORM 2 MIXED PRECIP 0  
HEAVY RAIN 0 RAIN 0  
LIGHT RAIN 6 FREEZING RAIN 0  
LT FREEZING RAIN 0 HAIL 0  
HEAVY SNOW 0 SNOW 0  
LIGHT SNOW 0 SLEET 0  
FOG 1 FOG W/VIS <= 1/4 MILE 0  
HAZE 3  
 
- INDICATES NEGATIVE NUMBERS.  
R INDICATES RECORD WAS SET OR TIED.  
MM INDICATES DATA IS MISSING.  
T INDICATES TRACE AMOUNT.  
 

 
 
31ST: HIGH OF 104 BREAKS OLD RECORD OF 103 SET IN 2000 AND TIES  
ALL TIME RECORD SET IN 2000, 1990, AND 1969.  
 

 
 
CLICK HERE TO GO TO PREVIOUS BULLETINS.

The Nexlab ID Page Main Text Page