745  
CXUS56 KBOI 011727  
CLMBNO  
 
CLIMATE REPORT  
NATIONAL WEATHER SERVICE BOISE ID  
1027 AM MST WED FEB 01 2023  
   
...............................
 
 
   
..THE BURNS OR CLIMATE SUMMARY FOR THE MONTH OF JANUARY 2023
 
 
CLIMATE NORMAL PERIOD 1991 TO 2020  
CLIMATE RECORD PERIOD 1938 TO 2023  
 
WEATHER OBSERVED NORMAL DEPART  
VALUE DATE(S) VALUE FROM  
NORMAL    
............................................
 
 
TEMPERATURE (F)  
HIGHEST 45 01/25  
LOWEST -11 01/30  
AVG. MAXIMUM 33.4 36.7 -3.3  
AVG. MINIMUM 11.6 16.3 -4.7  
MEAN 22.5 26.5 -4.0  
DAYS MAX >= 90 0  
DAYS MAX <= 32 12  
DAYS MIN <= 32 30  
DAYS MIN <= 0 7  
 
PRECIPITATION (INCHES)  
RECORD  
MAXIMUM 3.97 1956  
TOTALS 1.36 1.33 0.03  
DAYS >= .01 12  
DAYS >= .10 6  
DAYS >= .50 0  
DAYS >= 1.00 0  
GREATEST  
24 HR. TOTAL 0.37 01/11 TO 01/12  
 
DEGREE DAYS  
HEATING TOTAL 1311 1194 117  
SINCE 7/1 4607 4240 367  
COOLING TOTAL 0 0 0  
SINCE 1/1 0 0 0    
............................................
 
 
WIND (MPH)  
AVERAGE WIND SPEED 6.3  
HIGHEST WIND SPEED/DIRECTION 25/070 DATE 01/04  
25/080 01/05  
HIGHEST GUST SPEED/DIRECTION 41/120 DATE 01/07  
 
AVERAGE RH (PERCENT) 76  
 
- INDICATES NEGATIVE NUMBERS.  
R INDICATES RECORD WAS SET OR TIED.  
MM INDICATES DATA IS MISSING.  
T INDICATES TRACE AMOUNT.  
 

 
 
CLICK HERE TO GO TO PREVIOUS BULLETINS.

The Nexlab ID Page
The Nexlab OR Page Main Text Page