514  
CXUS56 KBOI 011727  
CLMBNO  
 
CLIMATE REPORT  
NATIONAL WEATHER SERVICE BOISE ID  
1127 AM MDT SAT AUG 01 2020  
   
...............................
 
 
   
..THE BURNS OR CLIMATE SUMMARY FOR THE MONTH OF JULY 2020
 
 
CLIMATE NORMAL PERIOD 1981 TO 2010  
CLIMATE RECORD PERIOD 1938 TO 2020  
 
WEATHER OBSERVED NORMAL DEPART LAST YEAR'S  
VALUE DATE(S) VALUE FROM VALUE  
NORMAL    
..........................................................
 
 
TEMPERATURE (F)  
HIGHEST 102 07/30 MM MM  
LOWEST 35 07/02 MM MM  
AVG. MAXIMUM 89.8 85.9 3.9  
AVG. MINIMUM 47.1 47.4 -0.3  
MEAN 68.5 66.6 1.9  
DAYS MAX >= 90 16  
DAYS MAX <= 32 0  
DAYS MIN <= 32 0  
DAYS MIN <= 0 0  
 
PRECIPITATION (INCHES)  
RECORD  
MAXIMUM 1.61 1955  
TOTALS 0.12 0.40 -0.28  
DAYS >= .01 3  
DAYS >= .10 0  
DAYS >= .50 0  
DAYS >= 1.00 0  
GREATEST  
24 HR. TOTAL 0.10 07/22 TO 07/23  
 
DEGREE DAYS  
HEATING TOTAL 25 58 -33  
SINCE 7/1 25 57 -32  
COOLING TOTAL 143 109 34  
SINCE 1/1 212 132 80    
..........................................................
 
 
WIND (MPH)  
AVERAGE WIND SPEED 7.6  
HIGHEST WIND SPEED/DIRECTION 32/060 DATE 07/22  
HIGHEST GUST SPEED/DIRECTION 44/060 DATE 07/22  
 
AVERAGE RH (PERCENT) 37  
 
- INDICATES NEGATIVE NUMBERS.  
R INDICATES RECORD WAS SET OR TIED.  
MM INDICATES DATA IS MISSING.  
T INDICATES TRACE AMOUNT.  
 

 
 
CLICK HERE TO GO TO PREVIOUS BULLETINS.

The Nexlab ID Page
The Nexlab OR Page Main Text Page