302  
CXUS53 KLMK 011519  
CLMLOU  
 
CLIMATE REPORT  
NATIONAL WEATHER SERVICE LOUISVILLE KY  
1113 AM EDT SAT SEP 1 2018  
   
...............................
 
 
 
...THE LOUISVILLE BOWMAN KY CLIMATE SUMMARY FOR THE MONTH OF AUGUST 2018...  
 
CLIMATE NORMAL PERIOD 1981 TO 2010  
CLIMATE RECORD PERIOD 9999 TO 9999  
 
WEATHER OBSERVED NORMAL DEPART LAST YEAR'S  
VALUE DATE(S) VALUE FROM VALUE DATE(S)  
NORMAL    
............................................................
 
 
TEMPERATURE (F)  
RECORD  
HIGH MM MM  
LOW MM MM  
HIGHEST 94 08/28 MM MM 94 08/17  
LOWEST 58 08/24 MM MM 55 08/05  
08/23  
AVG. MAXIMUM 87.9 87.1 0.8 85.2  
AVG. MINIMUM 70.4 68.0 2.4 65.0  
MEAN 79.1 77.5 1.6 75.1  
DAYS MAX >= 90 12 9.7 2.3 4  
DAYS MAX <= 32 0 0.0 0.0 0  
DAYS MIN <= 32 0 0.0 0.0 0  
DAYS MIN <= 0 0 0.0 0.0 0  
 
PRECIPITATION (INCHES)  
RECORD  
MAXIMUM MM MM  
MINIMUM MM MM  
TOTALS 6.04 3.31 2.73 3.42  
DAILY AVG. 0.19 0.11 0.08 0.11  
DAYS >= .01 11 MM MM 7  
DAYS >= .10 7 MM MM 4  
DAYS >= .50 3 MM MM 3  
DAYS >= 1.00 2 MM MM 1  
GREATEST  
24 HR. TOTAL 3.50 08/15 TO 08/16  
 
SNOWFALL (INCHES)  
RECORDS  
TOTAL MM MM  
TOTALS MM MM MM MM  
SINCE 7/1 MM MM MM MM  
SNOWDEPTH AVG. MM MM MM MM  
DAYS >= 1.0 0 MM MM 0  
GREATEST  
SNOW DEPTH MM MM MM  
24 HR TOTAL MM  
 
DEGREE_DAYS  
HEATING TOTAL 0 0 0 0  
SINCE 7/1 0 0 0 0  
COOLING TOTAL 446 389 57 320  
SINCE 1/1 1610 1239 371 1334    
.............................................................
 
 
WIND (MPH)  
AVERAGE WIND SPEED 5.1  
HIGHEST WIND SPEED/DIRECTION 24/260 DATE 08/15  
HIGHEST GUST SPEED/DIRECTION 40/270 DATE 08/15  
 
SKY COVER  
POSSIBLE SUNSHINE (PERCENT) MM  
AVERAGE SKY COVER 0.30  
NUMBER OF DAYS FAIR 23  
NUMBER OF DAYS PC 7  
NUMBER OF DAYS CLOUDY 1  
 
AVERAGE RH (PERCENT) 74  
 
WEATHER CONDITIONS. NUMBER OF DAYS WITH  
THUNDERSTORM 8 MIXED PRECIP 0  
HEAVY RAIN 6 RAIN 7  
LIGHT RAIN 14 FREEZING RAIN 0  
LT FREEZING RAIN 0 HAIL 0  
HEAVY SNOW 0 SNOW 0  
LIGHT SNOW 0 SLEET 0  
FOG 20 FOG W/VIS <= 1/4 MILE 1  
HAZE 7  
 
 
- INDICATES NEGATIVE NUMBERS.  
R INDICATES RECORD WAS SET OR TIED.  
MM INDICATES DATA IS MISSING.  
T INDICATES TRACE AMOUNT.  
 

 
 
CLICK HERE TO GO TO PREVIOUS BULLETINS.

The Nexlab KY Page
The Nexlab IN Page Main Text Page