176  
CXUS53 KJKL 011338  
CLMLOZ  
 
CLIMATE REPORT  
NATIONAL WEATHER SERVICE JACKSON KY  
938 AM EDT WED JUL 1 2020  
   
...............................
 
 
   
..THE LONDON KY CLIMATE SUMMARY FOR THE MONTH OF JUNE 2020
 
 
CLIMATE NORMAL PERIOD 1981 TO 2010  
CLIMATE RECORD PERIOD 1954 TO 2020  
 
WEATHER OBSERVED NORMAL DEPART LAST YEAR'S  
VALUE DATE(S) VALUE FROM VALUE DATE(S)  
NORMAL    
............................................................
 
 
TEMPERATURE (F)  
RECORD  
HIGH 105 06/29/2012  
LOW 34 06/01/1966  
HIGHEST 88 06/08 MM MM 90 06/28  
06/06  
LOWEST 47 06/01 MM MM 46 06/14  
AVG. MAXIMUM 81.9 83.5 -1.6 81.9  
AVG. MINIMUM 62.2 62.1 0.1 62.3  
MEAN 72.0 72.8 -0.8 72.1  
DAYS MAX >= 90 0 3.5 -3.5 1  
DAYS MAX <= 32 0 0.0 0.0 0  
DAYS MIN <= 32 0 0.0 0.0 0  
DAYS MIN <= 0 0 0.0 0.0 0  
 
PRECIPITATION (INCHES)  
RECORD  
MAXIMUM 12.22 2019  
MINIMUM 0.37 2012  
TOTALS 5.62 4.40 1.22 12.22  
DAILY AVG. 0.19 0.15 0.04 0.41  
DAYS >= .01 15 11.5 3.5 16  
DAYS >= .10 11 7.8 3.2 16  
DAYS >= .50 3 3.2 -0.2 6  
DAYS >= 1.00 2 0.9 1.1 4  
GREATEST  
24 HR. TOTAL 1.15 06/21 TO 06/21 2.61  
 
SNOWFALL (INCHES)  
RECORDS  
TOTAL MM MM  
TOTALS MM 0.0 MM MM  
SINCE 7/1 MM 10.3 MM MM  
SNOWDEPTH AVG. MM MM MM MM  
DAYS >= 1.0 MM 0.0 MM MM  
GREATEST  
SNOW DEPTH MM MM  
24 HR TOTAL MM MM  
 
DEGREE_DAYS  
HEATING TOTAL 2 9 -7 10  
SINCE 7/1 3856 4205 -349 4034  
COOLING TOTAL 222 243 -21 229  
SINCE 1/1 330 357 -27 407    
.............................................................
 
 
WIND (MPH)  
AVERAGE WIND SPEED 4.7  
HIGHEST WIND SPEED/DIRECTION 38/260 DATE 06/21  
HIGHEST GUST SPEED/DIRECTION 54/270 DATE 06/21  
 
SKY COVER  
POSSIBLE SUNSHINE (PERCENT) MM  
AVERAGE SKY COVER 0.30  
NUMBER OF DAYS FAIR 17  
NUMBER OF DAYS PC 8  
NUMBER OF DAYS CLOUDY 5  
 
AVERAGE RH (PERCENT) 73  
 
WEATHER CONDITIONS. NUMBER OF DAYS WITH  
THUNDERSTORM 8 MIXED PRECIP 0  
HEAVY RAIN 10 RAIN 9  
LIGHT RAIN 15 FREEZING RAIN 0  
LT FREEZING RAIN 0 HAIL 0  
HEAVY SNOW 0 SNOW 0  
LIGHT SNOW 0 SLEET 0  
FOG 20 FOG W/VIS <= 1/4 MILE 3  
HAZE 4  
 
- INDICATES NEGATIVE NUMBERS.  
R INDICATES RECORD WAS SET OR TIED.  
MM INDICATES DATA IS MISSING.  
T INDICATES TRACE AMOUNT.  
 

 
 
CARICO  
 
CLICK HERE TO GO TO PREVIOUS BULLETINS.

The Nexlab KY Page Main Text Page