552  
CXUS53 KJKL 011526  
CLMLOZ  
 
CLIMATE REPORT  
NATIONAL WEATHER SERVICE JACKSON KY  
1126 AM EDT MON OCT 1 2018  
   
...............................
 
 
   
..THE LONDON KY CLIMATE SUMMARY FOR THE MONTH OF SEPTEMBER 2018
 
 
CLIMATE NORMAL PERIOD 1981 TO 2010  
CLIMATE RECORD PERIOD 1954 TO 2018  
 
WEATHER OBSERVED NORMAL DEPART LAST YEAR'S  
VALUE DATE(S) VALUE FROM VALUE DATE(S)  
NORMAL    
............................................................
 
 
TEMPERATURE (F)  
RECORD  
HIGH 97 09/05/2007  
LOW 32 09/24/1983  
HIGHEST 91 09/04 MM MM 88 09/23  
LOWEST 55 09/30 MM MM 45 09/08  
09/29 09/07  
AVG. MAXIMUM 81.6 79.6 2.0 78.3  
AVG. MINIMUM 65.7 56.9 8.8 56.6  
MEAN 73.6 68.3 5.3 67.4  
DAYS MAX >= 90 4 2.0 2.0 0  
DAYS MAX <= 32 0 0.0 0.0 0  
DAYS MIN <= 32 0 0.0 0.0 0  
DAYS MIN <= 0 0 0.0 0.0 0  
 
PRECIPITATION (INCHES)  
RECORD  
MAXIMUM 8.50 2004  
MINIMUM 0.40 2008  
TOTALS MM 3.37 MM 1.79  
DAILY AVG. 0.21 0.11 0.10 0.06  
DAYS >= .01 11 8.5 2.5 8  
DAYS >= .10 9 5.4 3.6 5  
DAYS >= .50 4 2.3 1.7 1  
DAYS >= 1.00 3 0.9 2.1 0  
GREATEST  
24 HR. TOTAL MM 0.95  
 
SNOWFALL (INCHES)  
RECORDS  
TOTAL MM MM  
TOTALS MM 0.0 MM MM  
SINCE 7/1 MM 0.0 MM MM  
SNOWDEPTH AVG. MM MM MM MM  
DAYS >= 1.0 MM 0.0 MM MM  
GREATEST  
SNOW DEPTH MM MM  
24 HR TOTAL MM MM  
 
DEGREE_DAYS  
HEATING TOTAL 5 46 -41 41  
SINCE 7/1 5 47 -42 41  
COOLING TOTAL 272 143 129 124  
SINCE 1/1 1480 1167 313 1093    
.............................................................
 
 
WIND (MPH)  
AVERAGE WIND SPEED 3.5  
HIGHEST WIND SPEED/DIRECTION 23/060 DATE 09/06  
HIGHEST GUST SPEED/DIRECTION 45/060 DATE 09/06  
 
SKY COVER  
POSSIBLE SUNSHINE (PERCENT) MM  
AVERAGE SKY COVER 0.40  
NUMBER OF DAYS FAIR 13  
NUMBER OF DAYS PC 9  
NUMBER OF DAYS CLOUDY 8  
 
AVERAGE RH (PERCENT) 83  
 
WEATHER CONDITIONS. NUMBER OF DAYS WITH  
THUNDERSTORM 6 MIXED PRECIP 0  
HEAVY RAIN 10 RAIN 11  
LIGHT RAIN 14 FREEZING RAIN 0  
LT FREEZING RAIN 0 HAIL 0  
HEAVY SNOW 0 SNOW 0  
LIGHT SNOW 0 SLEET 0  
FOG 26 FOG W/VIS <= 1/4 MILE 4  
HAZE 0  
 
- INDICATES NEGATIVE NUMBERS.  
R INDICATES RECORD WAS SET OR TIED.  
MM INDICATES DATA IS MISSING.  
T INDICATES TRACE AMOUNT.  
 

 
 
...MONTHLY PRECIPITATION MISSING DUE TO A SENSOR OUTAGE FROM SEP  
22ND-24TH...  
 

 
 
CARICO  
 
CLICK HERE TO GO TO PREVIOUS BULLETINS.

The Nexlab KY Page Main Text Page