515  
CXUS53 KJKL 021659  
CLMJKL  
 
CLIMATE REPORT  
NATIONAL WEATHER SERVICE JACKSON KY  
1159 AM EST THU FEB 02 2023  
   
...............................
 
 
   
..THE JACKSON KY CLIMATE SUMMARY FOR THE MONTH OF JANUARY 2023
 
 
CLIMATE NORMAL PERIOD 1991 TO 2020  
CLIMATE RECORD PERIOD 1981 TO 2023  
 
WEATHER OBSERVED NORMAL DEPART LAST YEAR'S  
VALUE DATE(S) VALUE FROM VALUE DATE(S)  
NORMAL    
............................................................
 
 
TEMPERATURE (F)  
RECORD  
HIGH 78 01/31/2002  
LOW -18 01/19/1994  
01/21/1985  
01/20/1985  
HIGHEST 71 01/03 66 5 72 01/01  
LOWEST 21 01/15 4 17 6 01/29  
AVG. MAXIMUM 51.3 44.2 7.1 41.1  
AVG. MINIMUM 36.4 27.4 9.0 23.8  
MEAN 43.9 35.8 8.1 32.5  
DAYS MAX >= 90 0 0.0 0.0 0  
DAYS MAX <= 32 0 6.7 -6.7 5  
DAYS MIN <= 32 13 20.9 -7.9 26  
DAYS MIN <= 0 0 0.4 -0.4 0  
 
PRECIPITATION (INCHES)  
RECORD  
MAXIMUM 7.71 2022  
MINIMUM 0.80 1981  
TOTALS 4.26 3.96 0.30 7.71  
DAILY AVG. 0.14 0.13 0.01 0.25  
DAYS >= .01 17 14.4 2.6 13  
DAYS >= .10 12 7.9 4.1 8  
DAYS >= .50 4 2.6 1.4 5  
DAYS >= 1.00 0 1.0 -1.0 2  
GREATEST  
24 HR. TOTAL 0.94 01/12 TO 01/13 3.42  
 
SNOWFALL (INCHES)  
RECORDS  
TOTAL 26.3 1994  
TOTALS 1.6 7.4 -5.8 15.2  
SINCE 7/1 2.7 12.3 -9.6 15.2  
SNOWDEPTH AVG. T 1  
DAYS >= 1.0 0 2.1 -2.1 4  
GREATEST  
SNOW DEPTH T 01/13 8  
01/14  
01/23  
01/26  
24 HR TOTAL 0.5 01/23 TO 01/23 7.7  
01/26 TO 01/26  
 
DEGREE DAYS  
HEATING TOTAL 648 905 -257 1001  
SINCE 7/1 2170 2478 -308 2187  
COOLING TOTAL 0 0 0 0  
SINCE 1/1 0 0 0 0    
............................................................
 
 
WIND (MPH)  
AVERAGE WIND SPEED 5.4  
HIGHEST WIND SPEED/DIRECTION 24/290 DATE 01/19  
24/190 01/25  
HIGHEST GUST SPEED/DIRECTION 43/250 DATE 01/19  
43/200 01/25  
 
SKY COVER  
POSSIBLE SUNSHINE (PERCENT) MM  
AVERAGE SKY COVER 0.59  
NUMBER OF DAYS FAIR 9  
NUMBER OF DAYS PC 10  
NUMBER OF DAYS CLOUDY 12  
 
AVERAGE RH (PERCENT) 70  
 
WEATHER CONDITIONS. NUMBER OF DAYS WITH  
THUNDERSTORM 1 MIXED PRECIP 0  
HEAVY RAIN 5 RAIN 6  
LIGHT RAIN 16 FREEZING RAIN 1  
LT FREEZING RAIN 1 HAIL 0  
HEAVY SNOW 0 SNOW 1  
LIGHT SNOW 5 SLEET 1  
FOG 16 FOG W/VIS <= 1/4 MILE 7  
HAZE 0  
 
- INDICATES NEGATIVE NUMBERS.  
R INDICATES RECORD WAS SET OR TIED.  
MM INDICATES DATA IS MISSING.  
T INDICATES TRACE AMOUNT.  
 

 
 
CARICO  
 
CLICK HERE TO GO TO PREVIOUS BULLETINS.

The Nexlab KY Page Main Text Page