153  
CXUS53 KLMK 081819  
CLMBWG  
 
CLIMATE REPORT  
NATIONAL WEATHER SERVICE LOUISVILLE KY  
219 PM EDT WED JUL 8 2020  
   
...............................
 
 
   
..THE BOWLING GREEN KY CLIMATE SUMMARY FOR THE MONTH OF JUNE 2020
 
 
CLIMATE NORMAL PERIOD 1981 TO 2010  
CLIMATE RECORD PERIOD 1870 TO 2020  
 
WEATHER OBSERVED NORMAL DEPART LAST YEAR'S  
VALUE DATE(S) VALUE FROM VALUE DATE(S)  
NORMAL    
............................................................
 
 
TEMPERATURE (F)  
RECORD  
HIGH 110 06/29/2012  
LOW 39 06/13/1903  
HIGHEST 93 06/10 MM MM 93 06/05  
06/06  
LOWEST 49 06/01 MM MM 50 06/14  
AVG. MAXIMUM 86.2 86.1 0.1 84.7  
AVG. MINIMUM 64.8 63.9 0.9 65.2  
MEAN 75.5 75.0 0.5 75.0  
DAYS MAX >= 90 6 8.3 -2.3 7  
DAYS MAX <= 32 0 0.0 0.0 0  
DAYS MIN <= 32 0 0.0 0.0 0  
DAYS MIN <= 0 0 0.0 0.0 0  
 
PRECIPITATION (INCHES)  
RECORD  
MAXIMUM 12.96 1928  
MINIMUM 0.12 1936  
TOTALS 5.03 4.20 0.83 8.26  
DAILY AVG. 0.17 0.14 0.03 0.28  
DAYS >= .01 10 10.6 -0.6 16  
DAYS >= .10 6 6.9 -0.9 13  
DAYS >= .50 3 2.7 0.3 6  
DAYS >= 1.00 1 1.3 -0.3 2  
GREATEST  
24 HR. TOTAL 2.68 06/28 TO 06/28 06/06 TO 06/07  
06/30 TO 06/30EATHER OBSERVED NORMAL DEPART LAST YEAR'S  
06/30 TO 06/30EATHER OBSERVED NORMAL DEPART LAST YEAR'S  
 
SNOWFALL (INCHES)  
RECORDS  
TOTAL MM 5  
TOTALS 0.0 0.0 0.0 0.0  
SINCE 7/1 3.6 9.1 -5.5 5.1  
SNOWDEPTH AVG. 0 MM MM 0  
DAYS >= 1.0 0 0.0 0.0 0  
GREATEST  
SNOW DEPTH 0 MM 0 MM  
24 HR TOTAL 0.0 06/30 TO 06/30  
 
DEGREE_DAYS  
HEATING TOTAL 0 5 -5 0  
SINCE 7/1 3528 4048 -520 3752  
COOLING TOTAL 322 305 17 303  
SINCE 1/1 479 458 21 569    
.............................................................
 
 
WIND (MPH)  
AVERAGE WIND SPEED 5.6  
HIGHEST WIND SPEED/DIRECTION 30/210 DATE 06/10  
HIGHEST GUST SPEED/DIRECTION 41/250 DATE 06/10  
 
SKY COVER  
POSSIBLE SUNSHINE (PERCENT) MM  
AVERAGE SKY COVER 0.30  
NUMBER OF DAYS FAIR 19  
NUMBER OF DAYS PC 11  
NUMBER OF DAYS CLOUDY 0  
 
AVERAGE RH (PERCENT) 69  
 
WEATHER CONDITIONS. NUMBER OF DAYS WITH  
0  
5  
0  
0  
0  
0  
0  
HAZE 9  
 
- INDICATES NEGATIVE NUMBERS.  
R INDICATES RECORD WAS SET OR TIED.  
MM INDICATES DATA IS MISSING.  
T INDICATES TRACE AMOUNT.  
 

 
 
CLICK HERE TO GO TO PREVIOUS BULLETINS.

The Nexlab KY Page
The Nexlab IN Page Main Text Page