443  
CXUS53 KLMK 011614  
CLMBWG  
 
CLIMATE REPORT  
NATIONAL WEATHER SERVICE LOUISVILLE KY  
1107 AM EST FRI MAR 1 2019  
   
...............................
 
 
 
...THE BOWLING GREEN CLIMATE SUMMARY FOR THE MONTH OF FEBRUARY 2019...  
 
CLIMATE NORMAL PERIOD 1981 TO 2010  
CLIMATE RECORD PERIOD 1870 TO 2019  
 
WEATHER OBSERVED NORMAL DEPART LAST YEAR'S  
VALUE DATE(S) VALUE FROM VALUE DATE(S)  
NORMAL    
............................................................
 
 
TEMPERATURE (F)  
RECORD  
HIGH 83 02/28/1918  
LOW -20 02/02/1951  
HIGHEST 73 02/07 MM MM 79 02/20  
LOWEST 20 02/09 MM MM 15 02/02  
AVG. MAXIMUM 55.1 50.0 5.1 57.4  
AVG. MINIMUM 35.5 29.6 5.9 38.2  
MEAN 45.3 39.8 5.5 47.8  
DAYS MAX >= 90 0 0.0 0.0 0  
DAYS MAX <= 32 0 1.8 -1.8 1  
DAYS MIN <= 32 11 17.4 -6.4 12  
DAYS MIN <= 0 0 0.1 -0.1 0  
 
PRECIPITATION (INCHES)  
RECORD  
MAXIMUM 11.27 1989  
MINIMUM 0.12 1947  
TOTALS 11.14 3.96 7.18 8.59  
DAILY AVG. 0.40 0.14 0.26 0.31  
DAYS >= .01 17 10.5 6.5 18  
DAYS >= .10 11 6.4 4.6 13  
DAYS >= .50 7 2.8 4.2 7  
DAYS >= 1.00 5 1.3 3.7 2  
GREATEST  
24 HR. TOTAL 2.72 02/23 TO 02/23  
 
SNOWFALL (INCHES)  
RECORDS  
TOTAL 20.0 5  
0  
TOTALS 0.3 3.3 -3.0 0.2  
SINCE 7/1 5.1 7.8 -2.7 8.4  
SNOWDEPTH AVG. 0 MM MM 0  
DAYS >= 1.0 0 0.9 -0.9 0  
GREATEST  
SNOW DEPTH T 02/16 -1 02/02  
24 HR TOTAL 0.3 02/16 TO 02/16  
 
DEGREE_DAYS  
HEATING TOTAL 543 706 -163 489  
SINCE 7/1 2948 3198 -250 3014  
COOLING TOTAL 0 0 0 15  
SINCE 1/1 0 0 0 15    
.............................................................
 
 
WIND (MPH)  
AVERAGE WIND SPEED 7.1  
HIGHEST WIND SPEED/DIRECTION 29/260 DATE 02/24  
HIGHEST GUST SPEED/DIRECTION 46/260 DATE 02/24  
 
SKY COVER  
POSSIBLE SUNSHINE (PERCENT) MM  
AVERAGE SKY COVER 0.60  
NUMBER OF DAYS FAIR 9  
NUMBER OF DAYS PC 5  
NUMBER OF DAYS CLOUDY 14  
 
AVERAGE RH (PERCENT) 71  
 
WEATHER CONDITIONS. NUMBER OF DAYS WITH  
THUNDERSTORM 4 MIXED PRECIP 0  
HEAVY RAIN 9 RAIN 13  
LIGHT RAIN 15 FREEZING RAIN 0  
LT FREEZING RAIN 0 HAIL 0  
HEAVY SNOW 0 SNOW 0  
LIGHT SNOW 2 SLEET 0  
FOG 18 FOG W/VIS <= 1/4 MILE 2  
HAZE 2  
 
 
- INDICATES NEGATIVE NUMBERS.  
R INDICATES RECORD WAS SET OR TIED.  
MM INDICATES DATA IS MISSING.  
T INDICATES TRACE AMOUNT.  
 

 
 
CLICK HERE TO GO TO PREVIOUS BULLETINS.

The Nexlab KY Page
The Nexlab IN Page Main Text Page