632  
CXUS53 KLMK 010919 CCB  
CLMLOU  
 
CLIMATE REPORT...COR  
NATIONAL WEATHER SERVICE LOUISVILLE KY  
511 AM EDT THU APR 01 2021  
   
...............................
 
 
...THE LOUISVILLE BOWMAN KY CLIMATE SUMMARY FOR THE MONTH OF MARCH 2021...  
 
CLIMATE NORMAL PERIOD 1981 TO 2010  
CLIMATE RECORD PERIOD 9999 TO 9999  
 
WEATHER OBSERVED NORMAL DEPART LAST YEAR'S  
VALUE DATE(S) VALUE FROM VALUE DATE(S)  
NORMAL    
............................................................
 
 
TEMPERATURE (F)  
RECORD  
HIGH MM MM  
LOW MM MM  
HIGHEST 76 03/24 MM MM 83 03/28  
03/30  
LOWEST 27 03/02 MM MM 27 03/07  
03/01  
AVG. MAXIMUM 63.5 56.6 6.9 62.1  
AVG. MINIMUM 39.2 37.4 1.8 42.4  
MEAN 51.3 47.0 4.3 52.2  
DAYS MAX >= 90 0 0.0 0.0 0  
DAYS MAX <= 32 0 0.3 -0.3 0  
DAYS MIN <= 32 8 9.7 -1.7 4  
DAYS MIN <= 0 0 0.0 0.0 0  
 
PRECIPITATION (INCHES)  
RECORD  
MAXIMUM MM MM  
MINIMUM MM MM  
TOTALS 4.30 4.16 0.14 5.09  
DAILY AVG. 0.14 0.13 0.01 0.16  
DAYS >= .01 12 MM MM 15  
DAYS >= .10 8 MM MM 10  
DAYS >= .50 3 MM MM 6  
DAYS >= 1.00 1 MM MM 0  
GREATEST  
24 HR. TOTAL 1.81 03/11 TO 03/12  
 
DEGREE DAYS  
HEATING TOTAL 417 562 -145 401  
SINCE 7/1 3681 3924 -243 3413  
COOLING TOTAL 1 4 -3 14  
SINCE 1/1 1 4 -3 14    
............................................................
 
 
WIND (MPH)  
AVERAGE WIND SPEED 7.2  
HIGHEST WIND SPEED/DIRECTION 26/230 DATE 03/25  
26/240 03/26  
HIGHEST GUST SPEED/DIRECTION 40/230 DATE 03/25  
 
SKY COVER  
POSSIBLE SUNSHINE (PERCENT) MM  
AVERAGE SKY COVER 0.33  
NUMBER OF DAYS FAIR 16  
NUMBER OF DAYS PC 12  
NUMBER OF DAYS CLOUDY 3  
 
AVERAGE RH (PERCENT) 56  
 
WEATHER CONDITIONS. NUMBER OF DAYS WITH  
THUNDERSTORM 2 MIXED PRECIP 0  
HEAVY RAIN 6 RAIN 7  
LIGHT RAIN 15 FREEZING RAIN 0  
LT FREEZING RAIN 0 HAIL 0  
HEAVY SNOW 0 SNOW 0  
LIGHT SNOW 0 SLEET 0  
FOG 12 FOG W/VIS <= 1/4 MILE 0  
HAZE 3  
 
- INDICATES NEGATIVE NUMBERS.  
R INDICATES RECORD WAS SET OR TIED.  
MM INDICATES DATA IS MISSING.  
T INDICATES TRACE AMOUNT.  
 

 
 
CLICK HERE TO GO TO PREVIOUS BULLETINS.

The Nexlab KY Page
The Nexlab IN Page Main Text Page