644  
CXUS53 KPAH 012245  
CLMEVV  
 
CLIMATE REPORT  
NATIONAL WEATHER SERVICE PADUCAH  
545 PM CDT WED JUL 01 2020  
   
...............................
 
 
   
..THE EVANSVILLE IN CLIMATE SUMMARY FOR THE MONTH OF JUNE 2020
 
 
CLIMATE NORMAL PERIOD 1981 TO 2010  
CLIMATE RECORD PERIOD 1896 TO 2020  
 
WEATHER OBSERVED NORMAL DEPART LAST YEAR'S  
VALUE DATE(S) VALUE FROM VALUE DATE(S)  
NORMAL    
............................................................
 
 
TEMPERATURE (F)  
RECORD  
HIGH 107 06/29/2012  
06/28/2012  
02/05/2000  
LOW 41 06/01/1966  
06/02/1956  
HIGHEST 94 06/06 86 8 92 06/30  
LOWEST 52 06/01 63 -11 49 06/14  
AVG. MAXIMUM 86.2 85.6 0.6 83.2  
AVG. MINIMUM 64.5 63.9 0.6 63.6  
MEAN 75.4 74.8 0.6 73.4  
DAYS MAX >= 90 8 8.0 0.0 3  
DAYS MAX <= 32 0 0.0 0.0 0  
DAYS MIN <= 32 0 0.0 0.0 0  
DAYS MIN <= 0 0 0.0 0.0 0  
 
PRECIPITATION (INCHES)  
RECORD  
MAXIMUM 11.44 1900  
MINIMUM 0.15 2012  
TOTALS 7.08 3.78 3.30 7.53  
DAILY AVG. 0.24 0.13 0.11 0.25  
DAYS >= .01 9 9.9 -0.9 15  
DAYS >= .10 8 6.4 1.6 10  
DAYS >= .50 5 2.7 2.3 4  
DAYS >= 1.00 4 1.0 3.0 2  
GREATEST  
24 HR. TOTAL 3.36 06/27 TO 06/28  
STORM TOTAL 2.26  
(MM/DD(HH))  
 
DEGREE DAYS  
COOLING TOTAL 318 298 20 264  
SINCE 1/1 443 433 10 452    
............................................................
 
 
WIND (MPH)  
AVERAGE WIND SPEED 6.2  
HIGHEST WIND SPEED/DIRECTION 36/230 DATE 06/29  
HIGHEST GUST SPEED/DIRECTION 49/230 DATE 06/29  
 
SKY COVER  
POSSIBLE SUNSHINE (PERCENT) MM  
AVERAGE SKY COVER 0.26  
NUMBER OF DAYS FAIR 20  
NUMBER OF DAYS PC 9  
NUMBER OF DAYS CLOUDY 1  
 
AVERAGE RH (PERCENT) 64  
 
WEATHER CONDITIONS. NUMBER OF DAYS WITH  
THUNDERSTORM 6 MIXED PRECIP 0  
HEAVY RAIN 6 RAIN 8  
LIGHT RAIN 10 FREEZING RAIN 0  
LT FREEZING RAIN 0 HAIL 0  
HEAVY SNOW 0 SNOW 0  
LIGHT SNOW 0 SLEET 0  
FOG 13 FOG W/VIS <= 1/4 MILE 1  
HAZE 5  
 
- INDICATES NEGATIVE NUMBERS.  
R INDICATES RECORD WAS SET OR TIED.  
MM INDICATES DATA IS MISSING.  
T INDICATES TRACE AMOUNT.  
 

 
 
CLICK HERE TO GO TO PREVIOUS BULLETINS.

The Nexlab KY Page
The Nexlab IL Page
The Nexlab IN Page
The Nexlab MO Page Main Text Page