833  
CXUS53 KPAH 011411  
CLMCGI  
 
CLIMATE REPORT  
NATIONAL WEATHER SERVICE PADUCAH  
911 AM CDT THU APR 01 2021  
   
...............................
 
 
...THE CAPE GIRARDEAU MO CLIMATE SUMMARY FOR THE MONTH OF MARCH 2021...  
 
CLIMATE NORMAL PERIOD 1981 TO 2010  
CLIMATE RECORD PERIOD 1960 TO 2021  
 
WEATHER OBSERVED NORMAL DEPART LAST YEAR'S  
VALUE DATE(S) VALUE FROM VALUE  
NORMAL    
..........................................................
 
 
TEMPERATURE (F)  
RECORD  
HIGH 94 03/17/1982  
LOW -8 03/06/2015  
HIGHEST 78 03/27 79  
LOWEST 27 03/06 27  
AVG. MAXIMUM 63.7 58.2 5.5 61.5  
AVG. MINIMUM 41.0 36.0 5.0 43.2  
MEAN 52.4 47.1 5.3 52.3  
DAYS MAX >= 90 0 0.0 0.0 0  
DAYS MAX <= 32 0 0.4 -0.4 0  
DAYS MIN <= 32 6 12.1 -6.1 2  
DAYS MIN <= 0 0 0.0 0.0 0  
 
PRECIPITATION (INCHES)  
RECORD  
MAXIMUM 17.84 2008  
MINIMUM 0.72 1966  
TOTALS 5.80 4.40 1.40 6.71  
DAILY AVG. 0.19 0.14 0.05 0.22  
DAYS >= .01 9 11.0 -2.0 17  
DAYS >= .10 8 6.7 1.3 12  
DAYS >= .50 5 2.8 2.2 5  
DAYS >= 1.00 2 0.9 1.1 2  
GREATEST  
24 HR. TOTAL 1.96 03/17 TO 03/17  
 
DEGREE DAYS  
HEATING TOTAL 371 559 -188 395  
SINCE 7/1 3836 4056 -220 MM  
COOLING TOTAL 0 4 -4 8  
SINCE 1/1 0 4 -4 MM    
..........................................................
 
 
WIND (MPH)  
AVERAGE WIND SPEED 9.5  
HIGHEST WIND SPEED/DIRECTION 35/200 DATE 03/10  
HIGHEST GUST SPEED/DIRECTION 48/360 DATE 03/31  
 
SKY COVER  
POSSIBLE SUNSHINE (PERCENT) MM  
AVERAGE SKY COVER 0.34  
NUMBER OF DAYS FAIR 19  
NUMBER OF DAYS PC 7  
NUMBER OF DAYS CLOUDY 5  
 
AVERAGE RH (PERCENT) 66  
 
WEATHER CONDITIONS. NUMBER OF DAYS WITH  
THUNDERSTORM 3 MIXED PRECIP 0  
HEAVY RAIN 4 RAIN 8  
LIGHT RAIN 10 FREEZING RAIN 0  
LT FREEZING RAIN 0 HAIL 0  
HEAVY SNOW 0 SNOW 0  
LIGHT SNOW 0 SLEET 0  
FOG 11 FOG W/VIS <= 1/4 MILE 0  
HAZE 2  
 
- INDICATES NEGATIVE NUMBERS.  
R INDICATES RECORD WAS SET OR TIED.  
MM INDICATES DATA IS MISSING.  
T INDICATES TRACE AMOUNT.  
 
[REMARKS:] 6TH WARMEST MARCH.  

 
 
CLICK HERE TO GO TO PREVIOUS BULLETINS.

The Nexlab KY Page
The Nexlab IL Page
The Nexlab IN Page
The Nexlab MO Page Main Text Page

The Nexlab KY Page
The Nexlab IL Page
The Nexlab IN Page
The Nexlab MO Page Main Text Page