039  
CXUS53 KPAH 011458  
CLSEVV  
 
CLIMATE REPORT  
NATIONAL WEATHER SERVICE PADUCAH KY  
958 AM CDT SAT JUN 01 2024  
   
...............................
 
 
...THE EVANSVILLE IN CLIMATE SUMMARY FOR THE SEASON, FROM  
3/1/2024 TO 5/31/2024...  
 
CLIMATE NORMAL PERIOD 1991 TO 2020  
CLIMATE RECORD PERIOD 1896 TO 2024  
 
WEATHER OBSERVED NORMAL DEPART LAST YEAR'S  
VALUE DATE(S) VALUE FROM VALUE  
NORMAL    
..........................................................
 
 
TEMPERATURE (F)  
RECORD  
HIGH 98 05/28/1911  
LOW -9 03/06/1960  
HIGHEST 90 05/21 67 23  
LOWEST 26 03/11 45 -19  
03/19  
AVG. MAXIMUM 71.7 67.5 4.2  
AVG. MINIMUM 50.9 46.3 4.6  
MEAN 61.3 56.9 4.4  
DAYS MAX >= 90 1 1.1 -0.1  
DAYS MAX <= 32 0 0.6 -0.6  
DAYS MIN <= 32 7 14.2 -7.2  
DAYS MIN <= 0 0 0.0 0.0  
 
PRECIPITATION (INCHES)  
RECORD  
MAXIMUM 25.48 2008  
MINIMUM 4.04 1930  
TOTALS 16.27 14.86 1.41  
DAILY AVG. 0.18 0.16 0.02  
DAYS >= .01 36 35.5 0.5  
DAYS >= .10 24 23.0 1.0  
DAYS >= .50 9 10.2 -1.2  
DAYS >= 1.00 5 3.9 1.1  
GREATEST  
24 HR. TOTAL 3.43  
STORM TOTAL 3.42  
(MM/DD(HH))  
 
SNOWFALL (INCHES)  
RECORDS  
TOTAL 20.2 1960  
24 HR TOTAL 10.6 MM  
TOTALS T 1.1 -1.1  
LIQUID EQUIV T  
SINCE 7/1 1.5 10.8 -9.3  
LIQUID 7/1 0.15  
SNOWDEPTH AVG. 0  
DAYS >= TRACE 1  
DAYS >= 1.0 0  
GREATEST  
SNOW DEPTH 0  
24 HR TOTAL MM  
STORM TOTAL 0.0  
(MM/DD(HH))  
 
DEGREE DAYS  
HEATING TOTAL 598 909 -311  
SINCE 7/1 3470 4335 -865  
COOLING TOTAL 280 167 113  
SINCE 1/1 283 167 116  
 
FREEZE DATES  
RECORD  
EARLIEST 10/03/1974  
LATEST 05/10/1966  
EARLIEST 10/31  
LATEST 04/24    
..........................................................
 
 
WIND (MPH)  
AVERAGE WIND SPEED 7.4  
HIGHEST WIND SPEED/DIRECTION 32/320 DATE 04/02  
HIGHEST GUST SPEED/DIRECTION 53/320 DATE 04/02  
 
SKY COVER  
POSSIBLE SUNSHINE (PERCENT) MM  
AVERAGE SKY COVER 0.39  
NUMBER OF DAYS FAIR 43  
NUMBER OF DAYS PC 35  
NUMBER OF DAYS CLOUDY 14  
 
AVERAGE RH (PERCENT) 66  
 
WEATHER CONDITIONS. NUMBER OF DAYS WITH  
THUNDERSTORM 19 MIXED PRECIP 0  
HEAVY RAIN 21 RAIN 24  
LIGHT RAIN 44 FREEZING RAIN 0  
LT FREEZING RAIN 0 HAIL 0  
HEAVY SNOW 0 SNOW 0  
LIGHT SNOW 1 SLEET 0  
FOG 49 FOG W/VIS <= 1/4 MILE 8  
HAZE 10  
 
- INDICATES NEGATIVE NUMBERS.  
R INDICATES RECORD WAS SET OR TIED.  
MM INDICATES DATA IS MISSING.  
T INDICATES TRACE AMOUNT.  
 
[REMARKS:] 3RD WARMEST SPRING AT EVANSVILLE.  
 

 
 
CLICK HERE TO GO TO PREVIOUS BULLETINS.

The Nexlab KY Page
The Nexlab IL Page
The Nexlab IN Page
The Nexlab MO Page Main Text Page