617  
CXUS53 KPAH 011513  
CLMMDH  
 
CLIMATE REPORT  
NATIONAL WEATHER SERVICE PADUCAH KY  
913 AM CST WED FEB 01 2023  
   
...............................
 
 
   
..THE CARBONDALE IL CLIMATE SUMMARY FOR THE MONTH OF JANUARY 2023
 
 
CLIMATE NORMAL PERIOD 1991 TO 2020  
CLIMATE RECORD PERIOD 1898 TO 2023  
 
WEATHER OBSERVED NORMAL DEPART LAST YEAR'S  
VALUE DATE(S) VALUE FROM VALUE DATE(S)  
NORMAL    
............................................................
 
 
TEMPERATURE (F)  
RECORD  
HIGH 76 01/24/1943  
LOW -25 01/11/1977  
HIGHEST 67 01/03 62 01/01  
LOWEST 17 01/31 6 01/29  
AVG. MAXIMUM 48.5 41.7 6.8 40.1  
AVG. MINIMUM 32.6 24.8 7.8 19.5  
MEAN 40.5 33.2 7.3 29.8  
DAYS MAX >= 90 0 0.0 0.0 0  
DAYS MAX <= 32 3 7.0 -4.0 6  
DAYS MIN <= 32 18 24.5 -6.5 29  
DAYS MIN <= 0 0 0.5 -0.5 0  
 
PRECIPITATION (INCHES)  
RECORD  
MAXIMUM 17.13 1950  
MINIMUM 0.10 1943  
TOTALS 3.92 2.79 1.13 1.97  
DAILY AVG. 0.14 0.09 0.05 0.06  
DAYS >= .01 5 8.4 -3.4 3  
DAYS >= .10 4 5.0 -1.0 2  
DAYS >= .50 3 1.5 1.5 1  
DAYS >= 1.00 2 0.6 1.4 1  
GREATEST  
24 HR. TOTAL 2.00 01/18 TO 01/18  
 
DEGREE DAYS  
HEATING TOTAL 750 984 -234 1082  
SINCE 7/1 2612 2755 -143 MM  
COOLING TOTAL 0 0 0 0  
SINCE 1/1 0 0 0 MM  
 
FREEZE DATES  
EARLIEST 10/08  
LATEST 04/03    
............................................................
 
 
WIND (MPH)  
AVERAGE WIND SPEED 8.6  
HIGHEST WIND SPEED/DIRECTION 33/250 DATE 01/19  
HIGHEST GUST SPEED/DIRECTION 45/240 DATE 01/19  
 
SKY COVER  
POSSIBLE SUNSHINE (PERCENT) MM  
AVERAGE SKY COVER 0.59  
NUMBER OF DAYS FAIR 10  
NUMBER OF DAYS PC 8  
NUMBER OF DAYS CLOUDY 13  
 
AVERAGE RH (PERCENT) 77  
 
WEATHER CONDITIONS. NUMBER OF DAYS WITH  
THUNDERSTORM 2 MIXED PRECIP 0  
HEAVY RAIN 3 RAIN 4  
LIGHT RAIN 8 FREEZING RAIN 0  
LT FREEZING RAIN 2 HAIL 0  
HEAVY SNOW 0 SNOW 0  
LIGHT SNOW 4 SLEET 1  
FOG 20 FOG W/VIS <= 1/4 MILE 4  
HAZE 0  
 
- INDICATES NEGATIVE NUMBERS.  
R INDICATES RECORD WAS SET OR TIED.  
MM INDICATES DATA IS MISSING.  
T INDICATES TRACE AMOUNT.  
 
[REMARKS:] 8TH WARMEST JANUARY AT CARBONDALE.  
 

 
 
CLICK HERE TO GO TO PREVIOUS BULLETINS.

The Nexlab KY Page
The Nexlab IL Page
The Nexlab IN Page
The Nexlab MO Page Main Text Page