403  
CXUS54 KLIX 012106 CCA  
CLMGPT  
 
CLIMATE REPORT  
NATIONAL WEATHER SERVICE NEW ORLEANS  
930 AM CST WED FEB 01 2023  
   
...............................
 
 
   
..THE GULFPORT CLIMATE SUMMARY FOR THE MONTH OF JANUARY 2023
 
 
CLIMATE NORMAL PERIOD: 1991 TO 2020  
CLIMATE RECORD PERIOD: 1894 TO 2023  
 
WEATHER OBSERVED NORMAL DEPART LAST YEAR'S  
VALUE DATE(S) VALUE FROM VALUE DATE(S)  
NORMAL    
............................................................
 
 
TEMPERATURE (F)  
RECORD  
HIGH 82 01/11/1949  
LOW 4 01/21/1985  
HIGHEST 78 01/30 MM MM 78 01/01  
01/02  
LOWEST 32 01/14 MM MM 24 01/23  
01/15  
AVG. MAXIMUM 68.3 61.3 7.0 60.7  
AVG. MINIMUM 48.1 42.4 5.7 38.1  
MEAN 58.2 51.8 6.4 49.4  
DAYS MAX >= 90 0 0.0 0.0 0  
DAYS MAX <= 32 0 0.0 0.0 0  
DAYS MIN <= 32 2 7.0 -5.0 8  
DAYS MIN <= 0 0 0.0 0.0 0  
 
PRECIPITATION (INCHES)  
RECORD  
MAXIMUM 23.10 1991  
MINIMUM 0.03 2003  
TOTALS 2.53 4.87 -2.34 2.04  
DAILY AVG. 0.08 0.16 -0.08 0.07  
DAYS >= .01 9 8.9 0.1 8  
DAYS >= .10 5 5.5 -0.5 6  
DAYS >= .50 2 2.1 -0.1 2  
DAYS >= 1.00 0 1.0 -1.0 0  
GREATEST  
24 HR. TOTAL 0.90 01/21 TO 01/22  
 
SNOWFALL (INCHES)  
RECORDS  
TOTAL 0.5 1955  
24 HR TOTAL MM  
SNOW DEPTH MM MM  
TOTALS 0.0 MM MM MM  
SINCE 7/1 T MM MM MM  
SNOWDEPTH AVG. MM MM  
DAYS >= TRACE 0 MM MM MM  
DAYS >= 1.0 0 MM MM MM  
GREATEST  
SNOW DEPTH MM MM MM  
24 HR TOTAL MM MM  
 
DEGREE DAYS  
HEATING TOTAL 241 416 -175 487  
SINCE 7/1 751 1013 -262 MM  
COOLING TOTAL 37 8 29 13  
SINCE 1/1 37 8 29 MM    
............................................................
 
 
WIND (MPH)  
AVERAGE WIND SPEED 6.5  
HIGHEST WIND SPEED/DIRECTION 30/110 DATE 01/24  
HIGHEST GUST SPEED/DIRECTION 47/350 DATE 01/13  
 
SKY COVER  
POSSIBLE SUNSHINE (PERCENT) MM  
AVERAGE SKY COVER 0.45  
NUMBER OF DAYS FAIR 13  
NUMBER OF DAYS PC 11  
NUMBER OF DAYS CLOUDY 7  
 
AVERAGE RH (PERCENT) 75  
 
WEATHER CONDITIONS. NUMBER OF DAYS WITH  
THUNDERSTORM 6 MIXED PRECIP 0  
HEAVY RAIN 3 RAIN 4  
LIGHT RAIN 10 FREEZING RAIN 0  
LT FREEZING RAIN 0 HAIL 0  
HEAVY SNOW 0 SNOW 0  
LIGHT SNOW 0 SLEET 0  
FOG 19 FOG W/VIS <= 1/4 MILE 6  
HAZE 1  
 
- INDICATES NEGATIVE NUMBERS.  
R INDICATES RECORD WAS SET OR TIED.  
MM INDICATES DATA IS MISSING.  
T INDICATES TRACE AMOUNT.  
 

 
 
CLICK HERE TO GO TO PREVIOUS BULLETINS.

The Nexlab LA Page
The Nexlab MS Page Main Text Page