706  
CXUS54 KLIX 012207 CCA  
CLMBTR  
 
CLIMATE REPORT  
NATIONAL WEATHER SERVICE NEW ORLEANS  
930 AM CDT THU APR 01 2021  
   
...............................
 
 
   
..THE BATON ROUGE CLIMATE SUMMARY FOR THE MONTH OF MARCH 2021
 
 
CLIMATE NORMAL PERIOD: 1981 TO 2010  
CLIMATE RECORD PERIOD: 1894 TO 2021  
 
WEATHER OBSERVED NORMAL DEPART LAST YEAR'S  
VALUE DATE(S) VALUE FROM VALUE DATE(S)  
NORMAL    
............................................................
 
 
TEMPERATURE (F)  
RECORD  
HIGH 91 03/17/1963  
03/31/1946  
LOW 20 03/03/1980  
HIGHEST 85 03/12 MM MM 89 03/28  
03/15  
03/27  
LOWEST 36 03/08 MM MM 41 03/07  
AVG. MAXIMUM 75.0 72.7 2.3 79.6  
AVG. MINIMUM 53.7 50.3 3.4 61.0  
MEAN 64.4 61.5 2.9 70.3  
DAYS MAX >= 90 0 0.1 M0.1 0  
DAYS MAX <= 32 0 0.0 0.0 0  
DAYS MIN <= 32 0 0.7 M0.7 0  
DAYS MIN <= 0 0 0.0 0.0 0  
 
PRECIPITATION (INCHES)  
RECORD  
MAXIMUM 14.63 1947  
MINIMUM 0.30 2006  
TOTALS 4.85 4.41 0.44 2.20  
DAILY AVG. 0.16 0.14 0.02 0.07  
DAYS >= .01 9 8.3 0.7 9  
DAYS >= .10 6 5.6 0.4 6  
DAYS >= .50 2 2.8 M0.8 1  
DAYS >= 1.00 1 1.6 M0.6 0  
GREATEST  
24 HR. TOTAL 2.53 03/23 TO 03/23  
 
SNOWFALL (INCHES)  
RECORDS  
TOTAL MM MM  
24 HR TOTAL MM  
SNOW DEPTH MM MM  
TOTALS 0.0 0.0 0.0 0.0  
SINCE 7/1 0.0 0.1 M0.1 MM  
SNOWDEPTH AVG. MM 0  
DAYS >= TRACE 0 0.0 0.0 0  
DAYS >= 1.0 0 0.0 0.0 0  
GREATEST  
SNOW DEPTH MM 0 MM  
24 HR TOTAL MM MM 0.0  
 
DEGREE DAYS  
HEATING TOTAL 117 167 M50 35  
SINCE 7/1 1454 1502 M48 MM  
COOLING TOTAL 105 58 47 210  
SINCE 1/1 157 89 68 MM    
............................................................
 
 
WIND (MPH)  
AVERAGE WIND SPEED 8.7  
HIGHEST WIND SPEED/DIRECTION 41/180 DATE 03/17  
HIGHEST GUST SPEED/DIRECTION 55/190 DATE 03/17  
 
SKY COVER  
POSSIBLE SUNSHINE (PERCENT) MM  
AVERAGE SKY COVER 0.54  
NUMBER OF DAYS FAIR 10  
NUMBER OF DAYS PC 9  
NUMBER OF DAYS CLOUDY 12  
 
AVERAGE RH (PERCENT) 69  
 
WEATHER CONDITIONS. NUMBER OF DAYS WITH  
THUNDERSTORM 4 MIXED PRECIP 0  
HEAVY RAIN 5 RAIN 4  
LIGHT RAIN 12 FREEZING RAIN 0  
LT FREEZING RAIN 0 HAIL 0  
HEAVY SNOW 0 SNOW 0  
LIGHT SNOW 0 SLEET 0  
FOG 15 FOG W/VIS <= 1/4 MILE 2  
HAZE 2  
 
M INDICATES NEGATIVE NUMBERS.  
R INDICATES RECORD WAS SET OR TIED.  
MM INDICATES DATA IS MISSING.  
T INDICATES TRACE AMOUNT.  
 

 
 
CLICK HERE TO GO TO PREVIOUS BULLETINS.

The Nexlab LA Page
The Nexlab MS Page Main Text Page