725  
CXUS51 KAKQ 020314  
CLMSBY  
 
CLIMATE REPORT  
NATIONAL WEATHER SERVICE WAKEFIELD, VA  
1052 PM EDT WED JUL 1 2020  
   
...............................
 
 
   
..THE SALISBURY MD CLIMATE SUMMARY FOR THE MONTH OF JUNE 2020
 
 
CLIMATE NORMAL PERIOD 1981 TO 2010  
CLIMATE RECORD PERIOD 1900 TO 2020  
 
WEATHER OBSERVED NORMAL DEPART LAST YEAR'S  
VALUE DATE(S) VALUE FROM VALUE DATE(S)  
NORMAL    
............................................................
 
 
TEMPERATURE (F)  
RECORD  
HIGH 102 06/06/1925  
LOW 37 06/02/1966  
HIGHEST 93 06/06 94 -1 94 06/29  
06/04 06/27  
LOWEST 50 06/01 49 1 47 06/04  
AVG. MAXIMUM 84.7 82.2 2.5 84.3  
AVG. MINIMUM 64.2 61.7 2.5 64.4  
MEAN 74.5 72.0 2.5 74.4  
DAYS MAX >= 90 10 4.0 6.0 6  
DAYS MAX <= 32 0 0.0 0.0 0  
DAYS MIN <= 32 0 0.0 0.0 0  
DAYS MIN <= 0 0 0.0 0.0 0  
 
PRECIPITATION (INCHES)  
RECORD  
MAXIMUM 9.27 1972  
MINIMUM 0.38 1988  
TOTALS 3.09 3.71 -0.62 3.47  
DAILY AVG. 0.10 0.12 -0.02 0.12  
DAYS >= .01 6 10.4 -4.4 14  
DAYS >= .10 5 7.1 -2.1 8  
DAYS >= .50 3 2.5 0.5 2  
DAYS >= 1.00 1 0.8 0.2 1  
GREATEST  
24 HR. TOTAL 1.38 06/25 TO 06/25  
 
DEGREE_DAYS  
HEATING TOTAL 5 19 -14 5  
SINCE 7/1 3705 4441 -736 3957  
COOLING TOTAL 298 227 71 293  
SINCE 1/1 373 311 62 491    
.............................................................
 
 
WIND (MPH)  
AVERAGE WIND SPEED 7.3  
HIGHEST WIND SPEED/DIRECTION 25/340 DATE 06/25  
HIGHEST GUST SPEED/DIRECTION 36/330 DATE 06/25  
 
SKY COVER  
POSSIBLE SUNSHINE (PERCENT) MM  
AVERAGE SKY COVER 0.30  
 
AVERAGE RH (PERCENT) 67  
 
WEATHER CONDITIONS. NUMBER OF DAYS WITH  
THUNDERSTORM 4 MIXED PRECIP 0  
HEAVY RAIN 4 RAIN 4  
LIGHT RAIN 9 FREEZING RAIN 0  
LT FREEZING RAIN 0 HAIL 0  
HEAVY SNOW 0 SNOW 0  
LIGHT SNOW 0 SLEET 0  
FOG 9 FOG W/VIS <= 1/4 MILE 1  
HAZE 2  
 
- INDICATES NEGATIVE NUMBERS.  
R INDICATES RECORD WAS SET OR TIED.  
MM INDICATES DATA IS MISSING.  
T INDICATES TRACE AMOUNT.  
 

 
 
CLICK HERE TO GO TO PREVIOUS BULLETINS.

The Nexlab VA Page
The Nexlab NC Page
The Nexlab MD Page Main Text Page