645  
CXUS53 KABR 011418  
CLM8D3  
 
CLIMATE REPORT  
NATIONAL WEATHER SERVICE ABERDEEN SD  
910 AM CDT SAT AUG 1 2020  
   
...............................
 
 
   
..THE SISSETON SD CLIMATE SUMMARY FOR THE MONTH OF JULY 2020
 
 
CLIMATE NORMAL PERIOD 1981 TO 2010  
CLIMATE RECORD PERIOD 1900 TO 2020  
 
WEATHER OBSERVED NORMAL DEPART LAST YEAR'S  
VALUE DATE(S) VALUE FROM VALUE DATE(S)  
NORMAL    
............................................................
 
 
TEMPERATURE (F)  
RECORD  
HIGH 113 07/06/1936  
LOW 40 07/29/1952  
07/13/1950  
HIGHEST 93 07/24 MM MM 92 07/15  
LOWEST 55 07/30 MM MM 48 07/30  
07/22  
AVG. MAXIMUM 85.0 82.9 2.1 81.4  
AVG. MINIMUM 61.7 59.5 2.2 61.7  
MEAN 73.4 71.2 2.2 71.6  
DAYS MAX >= 90 7 4.2 2.8 1  
DAYS MAX <= 32 0 0.0 0.0 0  
DAYS MIN <= 32 0 0.0 0.0 0  
DAYS MIN <= 0 0 0.0 0.0 0  
 
PRECIPITATION (INCHES)  
RECORD  
MAXIMUM 8.13 1962  
MINIMUM 0.32 1975  
TOTALS 1.81 3.58 -1.77 4.98  
DAYS >= .01 10 MM MM 13  
DAYS >= .10 5 MM MM 9  
DAYS >= .50 2 MM MM 3  
DAYS >= 1.00 0 MM MM 1  
 
SNOWFALL (INCHES)  
RECORDS  
TOTAL MM MM  
SNOW DEPTH MM MM  
TOTALS 0.0 MM MM 0.0  
SINCE 7/1 0.0 MM MM 0.0  
SNOWDEPTH AVG. 0 MM MM 0  
DAYS >= TRACE 0 MM MM 0  
DAYS >= 1.0 0 MM MM 0  
GREATEST  
SNOW DEPTH 0 MM 0 MM  
 
DEGREE_DAYS  
HEATING TOTAL 0 13 -13 6  
SINCE 7/1 0 13 -13 6  
COOLING TOTAL 267 205 62 219  
SINCE 1/1 491 322 169 360  
 
FREEZE DATES  
RECORD  
EARLIEST MM  
LATEST MM  
EARLIEST MM  
LATEST MM    
.............................................................
 
 
WIND (MPH)  
AVERAGE WIND SPEED 8.4  
RESULTANT WIND SPEED/DIRECTION 2/206  
HIGHEST WIND SPEED/DIRECTION 44/020 DATE 07/17  
HIGHEST GUST SPEED/DIRECTION 60/020 DATE 07/17  
 
SKY COVER  
POSSIBLE SUNSHINE (PERCENT) MM  
AVERAGE SKY COVER 0.00  
NUMBER OF DAYS FAIR 31  
NUMBER OF DAYS PC 0  
NUMBER OF DAYS CLOUDY 0  
 
AVERAGE RH (PERCENT) 70  
 
- INDICATES NEGATIVE NUMBERS.  
R INDICATES RECORD WAS SET OR TIED.  
MM INDICATES DATA IS MISSING.  
T INDICATES TRACE AMOUNT.  
 

 
 
CLICK HERE TO GO TO PREVIOUS BULLETINS.

The Nexlab SD Page
The Nexlab MN Page Main Text Page