659  
CXUS53 KFGF 041353  
CLMFAR  
 
BISCLMFAR 000  
TTAA00 FGF 041336  
 
CLIMATE REPORT  
NATIONAL WEATHER SERVICE GRAND FORKS  
835 AM CDT TUE AUG 04 2020  
   
...............................
 
 
...THE FARGO HECTOR INTL AP ND CLIMATE SUMMARY FOR THE MONTH OF JULY 2020...  
 
CLIMATE NORMAL PERIOD 1981 TO 2010  
CLIMATE RECORD PERIOD 1881 TO 2020  
 
WEATHER OBSERVED NORMAL DEPART LAST YEAR'S  
VALUE DATE(S) VALUE FROM VALUE DATE(S)  
NORMAL    
............................................................
 
 
TEMPERATURE (F)  
RECORD  
HIGH 114 07/06/1936  
LOW 36 07/03/1967  
HIGHEST 93 07/24 82 11 91 07/15  
LOWEST 52 07/22 59 -7 45 07/30  
AVG. MAXIMUM 84.3 82.5 1.8 82.8  
AVG. MINIMUM 62.3 59.5 2.8 61.7  
MEAN 73.3 71.0 2.3 72.3  
DAYS MAX >= 90 5 3.8 1.2 2  
DAYS MAX <= 32 0 0.0 0.0 0  
DAYS MIN <= 32 0 0.0 0.0 0  
DAYS MIN <= 0 0 0.0 0.0 0  
 
PRECIPITATION (INCHES)  
RECORD  
MAXIMUM 8.42 1952  
MINIMUM 0.42 1950  
TOTALS 5.50 2.79 2.71 4.72  
DAILY AVG. 0.18 0.09 0.09 0.15  
DAYS >= .01 12 9.5 2.5 12  
DAYS >= .10 9 5.4 3.6 6  
DAYS >= .50 4 1.7 2.3 3  
DAYS >= 1.00 2 0.7 1.3 1  
GREATEST  
24 HR. TOTAL 1.61 07/24 TO 07/25  
 
DEGREE DAYS  
COOLING TOTAL 267 202 65 239  
SINCE 1/1 492 340 152 378    
............................................................
 
 
WIND (MPH)  
AVERAGE WIND SPEED 9.0  
HIGHEST WIND SPEED/DIRECTION 43/040 DATE 07/17  
HIGHEST GUST SPEED/DIRECTION 54/030 DATE 07/17  
 
SKY COVER  
POSSIBLE SUNSHINE (PERCENT) MM  
AVERAGE SKY COVER 0.19  
NUMBER OF DAYS FAIR 25  
NUMBER OF DAYS PC 6  
NUMBER OF DAYS CLOUDY 0  
 
AVERAGE RH (PERCENT) 71  
 
WEATHER CONDITIONS. NUMBER OF DAYS WITH  
THUNDERSTORM 11 MIXED PRECIP 0  
HEAVY RAIN 10 RAIN 8  
LIGHT RAIN 12 FREEZING RAIN 0  
LT FREEZING RAIN 0 HAIL 0  
HEAVY SNOW 0 SNOW 0  
LIGHT SNOW 0 SLEET 0  
FOG 12 FOG W/VIS <= 1/4 MILE 1  
HAZE 0  
 
- INDICATES NEGATIVE NUMBERS.  
R INDICATES RECORD WAS SET OR TIED.  
MM INDICATES DATA IS MISSING.  
T INDICATES TRACE AMOUNT.  
 

 
 
CLICK HERE TO GO TO PREVIOUS BULLETINS.

The Nexlab ND Page
The Nexlab MN Page Main Text Page