905  
CXUS53 KMPX 011045  
CLMSTC  
 
CLIMATE REPORT  
NATIONAL WEATHER SERVICE CHANHASSEN MN  
536 AM CDT MON OCT 1 2018  
   
...............................
 
 
   
..THE ST CLOUD MN CLIMATE SUMMARY FOR THE MONTH OF SEPTEMBER 2018
 
 
CLIMATE NORMAL PERIOD 1981 TO 2010  
CLIMATE RECORD PERIOD 1893 TO 2018  
 
WEATHER OBSERVED NORMAL DEPART LAST YEAR'S  
VALUE DATE(S) VALUE FROM VALUE DATE(S)  
NORMAL    
............................................................
 
 
TEMPERATURE (F)  
RECORD  
HIGH 106 09/10/1931  
LOW 18 09/22/1974  
09/28/1942  
HIGHEST 91 09/15 79 12 89 09/22  
LOWEST 27 09/29 38 -11 40 09/30  
09/29  
AVG. MAXIMUM 70.5 70.3 0.2 74.0  
AVG. MINIMUM 50.3 46.8 3.5 50.8  
MEAN 60.4 58.6 1.8 62.4  
DAYS MAX >= 90 2 0.3 1.7 0  
DAYS MAX <= 32 0 0.0 0.0 0  
DAYS MIN <= 32 2 1.5 0.5 0  
DAYS MIN <= 0 0 0.0 0.0 0  
 
PRECIPITATION (INCHES)  
RECORD  
MAXIMUM 10.72 1926  
MINIMUM 0.07 1952  
TOTALS 2.17 3.46 -1.29 2.93  
DAILY AVG. 0.07 0.12 -0.05 0.10  
DAYS >= .01 9 9.9 -0.9 13  
DAYS >= .10 4 6.0 -2.0 6  
DAYS >= .50 2 2.2 -0.2 2  
DAYS >= 1.00 0 0.8 -0.8 1  
GREATEST  
24 HR. TOTAL 0.93 09/04 TO 09/04  
 
SNOWFALL (INCHES)  
RECORDS  
TOTAL 1.8 5  
0  
TOTALS 0.0 T 0.0 0.0  
SINCE 7/1 0.0 T 0.0 0.0  
SNOWDEPTH AVG. 0 MM MM 0  
DAYS >= 1.0 0 0.0 0.0 0  
GREATEST  
SNOW DEPTH 0 MM 0 MM  
24 HR TOTAL 0.0 09/30 TO 09/30  
 
DEGREE_DAYS  
HEATING TOTAL 207 228 -21 139  
SINCE 7/1 232 286 -54 179  
COOLING TOTAL 79 34 45 71  
SINCE 1/1 651 463 188 361    
.............................................................
 
 
WIND (MPH)  
AVERAGE WIND SPEED 7.5  
HIGHEST WIND SPEED/DIRECTION 28/170 DATE 09/13  
HIGHEST GUST SPEED/DIRECTION 40/160 DATE 09/11  
 
SKY COVER  
POSSIBLE SUNSHINE (PERCENT) MM  
AVERAGE SKY COVER 0.40  
NUMBER OF DAYS FAIR 15  
NUMBER OF DAYS PC 11  
NUMBER OF DAYS CLOUDY 4  
 
AVERAGE RH (PERCENT) 75  
 
WEATHER CONDITIONS. NUMBER OF DAYS WITH  
 
MM  
 
- INDICATES NEGATIVE NUMBERS.  
R INDICATES RECORD WAS SET OR TIED.  
MM INDICATES DATA IS MISSING.  
T INDICATES TRACE AMOUNT.  
 

 
 
CLICK HERE TO GO TO PREVIOUS BULLETINS.

The Nexlab MN Page
The Nexlab WI Page Main Text Page