510  
CXUS53 KMPX 010718  
CLMSTC  
 
CLIMATE REPORT  
NATIONAL WEATHER SERVICE TWIN CITIES/CHANHASSEN MN  
218 AM CDT SAT AUG 01 2020  
   
...............................
 
 
   
..THE ST CLOUD MN CLIMATE SUMMARY FOR THE MONTH OF JULY 2020
 
 
CLIMATE NORMAL PERIOD: 1981 TO 2010  
CLIMATE RECORD PERIOD: 1893 TO 2020  
 
WEATHER OBSERVED NORMAL DEPART LAST YEAR'S  
VALUE DATE(S) VALUE FROM VALUE DATE(S)  
NORMAL    
............................................................
 
 
TEMPERATURE (F)  
RECORD  
HIGH 107 07/13/1936  
07/23/1934  
07/22/1934  
LOW 40 07/07/1972  
HIGHEST 91 07/02 93 -2 92 07/15  
07/05  
07/17  
LOWEST 50 07/23 52 -2 49 07/30  
AVG. MAXIMUM 83.7 82.3 1.4 82.1  
AVG. MINIMUM 60.4 58.4 2.0 60.8  
MEAN 72.0 70.3 1.7 71.4  
DAYS MAX >= 90 6 3.8 2.2 3  
DAYS MAX <= 32 0 0.0 0.0 0  
DAYS MIN <= 32 0 0.0 0.0 0  
DAYS MIN <= 0 0 0.0 0.0 0  
 
PRECIPITATION (INCHES)  
RECORD  
MAXIMUM 12.81 1897  
MINIMUM 0.21 1975  
TOTALS 5.39 3.31 2.08 5.32  
DAILY AVG. 0.17 0.11 0.06 0.17  
DAYS >= .01 11 10.5 0.5 8  
DAYS >= .10 5 6.1 -1.1 7  
DAYS >= .50 5 2.4 2.6 3  
DAYS >= 1.00 2 0.8 1.2 3  
GREATEST  
24 HR. TOTAL 2.02 07/17 TO 07/18  
 
SNOWFALL (INCHES)  
RECORDS  
TOTAL 0.0 5  
TOTALS 0.0 0.0 0.0 0.0  
SINCE 7/1 0.0 0.0 0.0 MM  
SNOWDEPTH AVG. 0 0  
DAYS >= 1.0 0 0.0 0.0 0  
GREATEST  
SNOW DEPTH 0 0 MM  
24 HR TOTAL MM  
 
DEGREE DAYS  
HEATING TOTAL 5 17 -12 3  
SINCE 7/1 5 17 -12 3  
COOLING TOTAL 232 182 50 208  
SINCE 1/1 426 302 124 303    
............................................................
 
 
WIND (MPH)  
AVERAGE WIND SPEED 6.0  
HIGHEST WIND SPEED/DIRECTION MM DATE MM  
HIGHEST GUST SPEED/DIRECTION 50/310 DATE 07/17  
 
SKY COVER  
POSSIBLE SUNSHINE (PERCENT) MM  
AVERAGE SKY COVER 0.21  
NUMBER OF DAYS FAIR 25  
NUMBER OF DAYS PC 6  
NUMBER OF DAYS CLOUDY 0  
 
AVERAGE RH (PERCENT) 73  
 
WEATHER CONDITIONS. NUMBER OF DAYS WITH  
THUNDERSTORM 8 MIXED PRECIP 0  
HEAVY RAIN 5 RAIN 7  
LIGHT RAIN 9 FREEZING RAIN 0  
LT FREEZING RAIN 0 HAIL 0  
HEAVY SNOW 0 SNOW 0  
LIGHT SNOW 0 SLEET 0  
FOG 16 FOG W/VIS <= 1/4 MILE 1  
HAZE 1  
 
- INDICATES NEGATIVE NUMBERS.  
R INDICATES RECORD WAS SET OR TIED.  
MM INDICATES DATA IS MISSING.  
T INDICATES TRACE AMOUNT.  
 

 
 
CLICK HERE TO GO TO PREVIOUS BULLETINS.

The Nexlab MN Page
The Nexlab WI Page Main Text Page