287  
CXUS53 KPAH 011007  
CLMEVV  
 
CLIMATE REPORT  
NATIONAL WEATHER SERVICE PADUCAH  
507 AM CDT SAT AUG 01 2020  
   
...............................
 
 
   
..THE EVANSVILLE IN CLIMATE SUMMARY FOR THE MONTH OF JULY 2020
 
 
CLIMATE NORMAL PERIOD 1981 TO 2010  
CLIMATE RECORD PERIOD 1896 TO 2020  
 
WEATHER OBSERVED NORMAL DEPART LAST YEAR'S  
VALUE DATE(S) VALUE FROM VALUE DATE(S)  
NORMAL    
............................................................
 
 
TEMPERATURE (F)  
RECORD  
HIGH 111 07/28/1930  
LOW 47 07/23/1947  
07/16/1930  
HIGHEST 95 07/07 89 6 95 07/10  
LOWEST 63 07/14 68 -5 59 07/25  
AVG. MAXIMUM 89.7 88.5 1.2 88.1  
AVG. MINIMUM 70.8 67.5 3.3 69.3  
MEAN 80.3 78.0 2.3 78.7  
DAYS MAX >= 90 21 13.0 8.0 13  
DAYS MAX <= 32 0 0.0 0.0 0  
DAYS MIN <= 32 0 0.0 0.0 0  
DAYS MIN <= 0 0 0.0 0.0 0  
 
PRECIPITATION (INCHES)  
RECORD  
MAXIMUM 10.32 1910  
MINIMUM 0.18 1974  
TOTALS 6.45 3.92 2.53 3.53  
DAILY AVG. 0.21 0.13 0.08 0.11  
DAYS >= .01 10 9.0 1.0 10  
DAYS >= .10 6 6.2 -0.2 6  
DAYS >= .50 4 2.8 1.2 3  
DAYS >= 1.00 3 1.1 1.9 2  
GREATEST  
24 HR. TOTAL 1.97 07/31 TO 07/31  
STORM TOTAL 1.97  
(MM/DD(HH))  
 
DEGREE DAYS  
COOLING TOTAL 482 403 79 434  
SINCE 1/1 925 836 89 886    
............................................................
 
 
WIND (MPH)  
AVERAGE WIND SPEED 4.4  
HIGHEST WIND SPEED/DIRECTION 25/320 DATE 07/19  
HIGHEST GUST SPEED/DIRECTION 39/320 DATE 07/19  
 
SKY COVER  
POSSIBLE SUNSHINE (PERCENT) MM  
AVERAGE SKY COVER 0.27  
NUMBER OF DAYS FAIR 20  
NUMBER OF DAYS PC 10  
NUMBER OF DAYS CLOUDY 1  
 
AVERAGE RH (PERCENT) 71  
 
WEATHER CONDITIONS. NUMBER OF DAYS WITH  
THUNDERSTORM 14 MIXED PRECIP 0  
HEAVY RAIN 5 RAIN 7  
LIGHT RAIN 13 FREEZING RAIN 0  
LT FREEZING RAIN 0 HAIL 0  
HEAVY SNOW 0 SNOW 0  
LIGHT SNOW 0 SLEET 0  
FOG 18 FOG W/VIS <= 1/4 MILE 4  
HAZE 11  
 
- INDICATES NEGATIVE NUMBERS.  
R INDICATES RECORD WAS SET OR TIED.  
MM INDICATES DATA IS MISSING.  
T INDICATES TRACE AMOUNT.  
 

 
 
CLICK HERE TO GO TO PREVIOUS BULLETINS.

The Nexlab KY Page
The Nexlab IL Page
The Nexlab IN Page
The Nexlab MO Page Main Text Page

The Nexlab KY Page
The Nexlab IL Page
The Nexlab IN Page
The Nexlab MO Page Main Text Page