112  
CXUS54 KLIX 031700  
CLMBTR  
 
CLIMATE REPORT...CORRECTED  
NATIONAL WEATHER SERVICE NEW ORLEANS  
1200 PM CDT MON AUG 03 2020  
   
...............................
 
 
   
..THE BATON ROUGE CLIMATE SUMMARY FOR THE MONTH OF JULY 2020
 
 
CLIMATE NORMAL PERIOD: 1981 TO 2010  
CLIMATE RECORD PERIOD: 1894 TO 2020  
 
WEATHER OBSERVED NORMAL DEPART LAST YEAR'S  
VALUE DATE(S) VALUE FROM VALUE DATE(S)  
NORMAL    
............................................................
 
 
TEMPERATURE (F)  
RECORD  
HIGH 103 07/13/1901  
LOW 58 07/15/1967  
HIGHEST 97 07/11 MM MM 97 07/11  
07/06  
07/05  
LOWEST 72 07/05 MM MM 66 07/25  
07/27  
AVG. MAXIMUM 91.2 92.2 M1.0 91.4  
AVG. MINIMUM 75.7 73.7 2.0 74.1  
MEAN 83.5 83.0 0.5 82.7  
DAYS MAX >= 90 25 24.1 0.9 23  
DAYS MAX <= 32 0 0.0 0.0 0  
DAYS MIN <= 32 0 0.0 0.0 0  
DAYS MIN <= 0 0 0.0 0.0 0  
 
PRECIPITATION (INCHES)  
RECORD  
MAXIMUM 15.92 1911  
MINIMUM 0.55 1924  
TOTALS 8.91 4.96 3.95 7.17  
DAILY AVG. 0.29 0.16 0.13 0.23  
DAYS >= .01 13 12.9 0.1 13  
DAYS >= .10 8 8.8 M0.8 9  
DAYS >= .50 4 3.7 0.3 4  
DAYS >= 1.00 2 1.1 0.9 3  
GREATEST  
24 HR. TOTAL 2.96 07/05 TO 07/06 2.89 07/14 TO 07/14  
 
SNOWFALL (INCHES)  
RECORDS  
TOTAL MM MM  
24 HR TOTAL MM  
SNOW DEPTH MM MM  
TOTALS 0.0 0.0 0.0 0.0  
SINCE 7/1 0.0 0.0 0.0 MM  
SNOWDEPTH AVG. MM 0  
DAYS >= TRACE 0 0.0 0.0 0  
DAYS >= 1.0 0 0.0 0.0 0  
GREATEST  
SNOW DEPTH MM 0 MM  
24 HR TOTAL MM 0.0 07/31 TO 07/31  
 
DEGREE DAYS  
HEATING TOTAL 0 0 0 0  
SINCE 7/1 0 0 0 0  
COOLING TOTAL 580 556 24 557  
SINCE 1/1 1793 1605 188 1734    
............................................................
 
 
WIND (MPH)  
AVERAGE WIND SPEED 6.7  
HIGHEST WIND SPEED/DIRECTION 29/260 DATE 07/05  
HIGHEST GUST SPEED/DIRECTION 36/260 DATE 07/05  
 
SKY COVER  
POSSIBLE SUNSHINE (PERCENT) MM  
AVERAGE SKY COVER 0.35  
NUMBER OF DAYS FAIR 21  
NUMBER OF DAYS PC 9  
NUMBER OF DAYS CLOUDY 1  
 
AVERAGE RH (PERCENT) 77  
 
WEATHER CONDITIONS. NUMBER OF DAYS WITH  
THUNDERSTORM 12 MIXED PRECIP 0  
HEAVY RAIN 9 RAIN 9  
LIGHT RAIN 16 FREEZING RAIN 0  
LT FREEZING RAIN 0 HAIL 0  
HEAVY SNOW 0 SNOW 0  
LIGHT SNOW 0 SLEET 0  
FOG 25 FOG W/VIS <= 1/4 MILE 3  
HAZE 11  
 
M INDICATES NEGATIVE NUMBERS.  
R INDICATES RECORD WAS SET OR TIED.  
MM INDICATES DATA IS MISSING.  
T INDICATES TRACE AMOUNT.  
 

 
 
CLICK HERE TO GO TO PREVIOUS BULLETINS.

The Nexlab LA Page
The Nexlab MS Page Main Text Page