518  
CXUS52 KAKQ 020400  
CLMECG  
 
CLIMATE REPORT  
NATIONAL WEATHER SERVICE WAKEFIELD VA  
1100 PM EST WED FEB 01 2023  
   
...............................
 
 
...THE ELIZABETH CITY NC CLIMATE SUMMARY FOR THE MONTH OF JANUARY 2023...  
 
CLIMATE NORMAL PERIOD: 1991 TO 2020  
CLIMATE RECORD PERIOD: 1934 TO 2023  
 
WEATHER OBSERVED NORMAL DEPART LAST YEAR'S  
VALUE DATE(S) VALUE FROM VALUE DATE(S)  
NORMAL    
............................................................
 
 
TEMPERATURE (F)  
RECORD  
HIGH 80 01/30/2002  
01/02/1952  
01/28/1944  
LOW -2 01/21/1985  
HIGHEST 74 01/04 71 3 77 01/01  
LOWEST 27 01/16 16 11 15 01/23  
AVG. MAXIMUM 59.1 52.3 6.8 49.7  
AVG. MINIMUM 38.3 33.1 5.2 29.9  
MEAN 48.7 42.7 6.0 39.8  
DAYS MAX >= 90 0 0.0 0.0 0  
DAYS MAX <= 32 0 1.0 -1.0 0  
DAYS MIN <= 32 12 15.7 -3.7 23  
DAYS MIN <= 0 0 0.0 0.0 0  
 
PRECIPITATION (INCHES)  
RECORD  
MAXIMUM 10.77 1987  
MINIMUM 0.51 2008  
TOTALS 4.02 3.30 0.72 4.94  
DAILY AVG. 0.13 0.11 0.02 0.17  
DAYS >= .01 11 9.0 2.0 9  
DAYS >= .10 7 6.0 1.0 6  
DAYS >= .50 3 2.0 1.0 2  
DAYS >= 1.00 1 0.6 0.4 2  
GREATEST  
24 HR. TOTAL 1.32 12/31 TO 12/31  
 
SNOWFALL (INCHES)  
RECORDS  
TOTAL 9.5 2014  
TOTALS 0.0  
SINCE 7/1 0.0 MM MM MM  
SNOWDEPTH AVG. 0 0  
DAYS >= 1.0 0 MM MM MM  
GREATEST  
SNOW DEPTH 0 6 01/22  
24 HR TOTAL 0.0 MM 5.0  
 
DEGREE DAYS  
HEATING TOTAL 502 692 -190 778  
SINCE 7/1 1595 1794 -199 MM  
COOLING TOTAL 4 1 3 5  
SINCE 1/1 4 1 3 MM    
............................................................
 
 
WIND (MPH)  
AVERAGE WIND SPEED 8.4  
HIGHEST WIND SPEED/DIRECTION 36/230 DATE 01/25  
HIGHEST GUST SPEED/DIRECTION 43/220 DATE 01/25  
 
SKY COVER  
POSSIBLE SUNSHINE (PERCENT) MM  
AVERAGE SKY COVER 0.34  
 
AVERAGE RH (PERCENT) 75  
 
WEATHER CONDITIONS. NUMBER OF DAYS WITH  
THUNDERSTORM 1 MIXED PRECIP 0  
HEAVY RAIN 6 RAIN 6  
LIGHT RAIN 11 FREEZING RAIN 0  
LT FREEZING RAIN 0 HAIL 0  
HEAVY SNOW 0 SNOW 0  
LIGHT SNOW 0 SLEET 0  
FOG 12 FOG W/VIS <= 1/4 MILE 5  
HAZE 1  
 
- INDICATES NEGATIVE NUMBERS.  
R INDICATES RECORD WAS SET OR TIED.  
MM INDICATES DATA IS MISSING.  
T INDICATES TRACE AMOUNT.  
 

 
 
CLICK HERE TO GO TO PREVIOUS BULLETINS.

The Nexlab VA Page
The Nexlab NC Page
The Nexlab MD Page Main Text Page