316  
CXUS52 KAKQ 051217  
CLMECG  
 
CLIMATE REPORT  
NATIONAL WEATHER SERVICE WAKEFIELD VA  
817 AM EDT MON APR 05 2021  
   
...............................
 
 
...THE ELIZABETH CITY NC CLIMATE SUMMARY FOR THE MONTH OF MARCH 2021...  
 
CLIMATE NORMAL PERIOD: 1981 TO 2010  
CLIMATE RECORD PERIOD: 1934 TO 2021  
 
WEATHER OBSERVED NORMAL DEPART LAST YEAR'S  
VALUE DATE(S) VALUE FROM VALUE DATE(S)  
NORMAL    
............................................................
 
 
TEMPERATURE (F)  
RECORD  
HIGH 92 03/17/1945  
LOW 1 03/11/2013  
HIGHEST 83 03/26 80 3 88 03/29  
LOWEST 27 03/08 25 2 25 03/01  
AVG. MAXIMUM 65.2 60.7 4.5 67.1  
AVG. MINIMUM 43.6 39.6 4.0 48.9  
MEAN 54.4 50.1 4.3 58.0  
DAYS MAX >= 90 0 0.0 0.0 0  
DAYS MAX <= 32 0 0.0 0.0 0  
DAYS MIN <= 32 4 6.1 -2.1 3  
DAYS MIN <= 0 0 0.0 0.0 0  
 
PRECIPITATION (INCHES)  
RECORD  
MAXIMUM 2.94 2021  
MINIMUM 2.94 2021  
TOTALS 2.94R 3.98 -1.04 4.91  
DAILY AVG. 0.09 0.13 -0.04 0.16  
DAYS >= .01 9 9.9 -0.9 12  
DAYS >= .10 5 6.5 -1.5 8  
DAYS >= .50 2 2.5 -0.5 3  
DAYS >= 1.00 1 0.7 0.3 2  
GREATEST  
24 HR. TOTAL 1.16 03/15 TO 03/16  
 
SNOWFALL (INCHES)  
RECORDS  
TOTAL MM MM  
TOTALS 0.0  
SINCE 7/1 3.1 MM MM MM  
SNOWDEPTH AVG. 0 0  
DAYS >= 1.0 0 MM MM 0  
GREATEST  
SNOW DEPTH 0 0 MM  
24 HR TOTAL 0.0 0.0 03/31 TO 03/31  
 
DEGREE DAYS  
HEATING TOTAL 345 465 -120 260  
SINCE 7/1 2530 2937 -407 2109  
COOLING TOTAL 26 5 21 48  
SINCE 1/1 26 7 19 62    
............................................................
 
 
WIND (MPH)  
AVERAGE WIND SPEED 10.5  
HIGHEST WIND SPEED/DIRECTION 37/020 DATE 03/19  
37/260 03/28  
HIGHEST GUST SPEED/DIRECTION 50/280 DATE 03/28  
 
SKY COVER  
POSSIBLE SUNSHINE (PERCENT) MM  
AVERAGE SKY COVER 0.30  
 
AVERAGE RH (PERCENT) 65  
 
WEATHER CONDITIONS. NUMBER OF DAYS WITH  
THUNDERSTORM 3 MIXED PRECIP 0  
HEAVY RAIN 5 RAIN 4  
LIGHT RAIN 12 FREEZING RAIN 0  
LT FREEZING RAIN 0 HAIL 0  
HEAVY SNOW 0 SNOW 0  
LIGHT SNOW 0 SLEET 0  
FOG 12 FOG W/VIS <= 1/4 MILE 3  
HAZE 1  
 
- INDICATES NEGATIVE NUMBERS.  
R INDICATES RECORD WAS SET OR TIED.  
MM INDICATES DATA IS MISSING.  
T INDICATES TRACE AMOUNT.  
 

 
 
CLICK HERE TO GO TO PREVIOUS BULLETINS.

The Nexlab VA Page
The Nexlab NC Page
The Nexlab MD Page Main Text Page