578  
CXUS52 KGSP 011628  
CLMCLT  
 
CLIMATE REPORT  
NATIONAL WEATHER SERVICE GREENVILLE-SPARTANBURG SC  
1228 PM EDT THU APR 01 2021  
   
...............................
 
 
   
..THE CHARLOTTE NC CLIMATE SUMMARY FOR THE MONTH OF MARCH 2021
 
 
CLIMATE NORMAL PERIOD 1981 TO 2010  
CLIMATE RECORD PERIOD 1878 TO 2021  
 
WEATHER OBSERVED NORMAL DEPART LAST YEAR'S  
VALUE DATE(S) VALUE FROM VALUE DATE(S)  
NORMAL    
............................................................
 
 
TEMPERATURE (F)  
RECORD  
HIGH 91 03/23/1907  
LOW 4 03/03/1980  
HIGHEST 81 03/27 MM MM 87 03/28  
LOWEST 23 03/08 MM MM 23 03/01  
AVG. MAXIMUM 67.0 63.1 3.9 68.0  
AVG. MINIMUM 44.8 39.3 5.5 49.2  
MEAN 55.9 51.2 4.7 58.6  
DAYS MAX >= 90 0 0.0 0.0 0  
DAYS MAX <= 32 0 0.0 0.0 0  
DAYS MIN <= 32 3 6.9 -3.9 2  
DAYS MIN <= 0 0 0.0 0.0 0  
 
PRECIPITATION (INCHES)  
RECORD  
MAXIMUM 11.13 1891  
MINIMUM 0.58 1985  
TOTALS 4.42 4.01 0.41 3.66  
DAILY AVG. 0.14 0.13 0.01 0.12  
DAYS >= .01 9 9.6 -0.6 12  
DAYS >= .10 7 6.7 0.3 7  
DAYS >= .50 2 3.0 -1.0 2  
DAYS >= 1.00 2 1.0 1.0 1  
GREATEST  
24 HR. TOTAL 1.60 03/25 TO 03/26 1.57 03/24 TO 03/25  
STORM TOTAL 1.51 MM  
(MM/DD(HH)) MM  
 
SNOWFALL (INCHES)  
RECORDS  
TOTAL 19.3 1960  
24 HR TOTAL 10.3 03/24/1983 TO 03/24/1983  
SNOW DEPTH 9 03/24/1983  
TOTALS 0.0 0.6 -0.6 0.0  
LIQUID EQUIV 0.00 0.00 0.00 0.00  
SINCE 7/1 0.3 4.3 -4.0 MM  
LIQUID 7/1 0.03 0.40 -0.37 MM  
SNOWDEPTH AVG. 0 0  
DAYS >= TRACE 0 0.2 -0.2 0  
DAYS >= 1.0 0 0.1 -0.1 0  
GREATEST  
SNOW DEPTH 0 0 MM  
24 HR TOTAL MM MM 0.0  
STORM TOTAL 0.0 MM  
(MM/DD(HH)) MM  
 
DEGREE DAYS  
HEATING TOTAL 286 433 -147 243  
SINCE 7/1 2582 3133 -551 2337  
COOLING TOTAL 13 5 8 52  
SINCE 1/1 13 5 8 53  
 
FREEZE DATES  
RECORD  
EARLIEST MM  
LATEST MM  
EARLIEST 11/03  
LATEST 03/08    
............................................................
 
 
WIND (MPH)  
AVERAGE WIND SPEED 7.4  
HIGHEST WIND SPEED/DIRECTION 31/190 DATE 03/18  
HIGHEST GUST SPEED/DIRECTION 40/180 DATE 03/18  
 
SKY COVER  
POSSIBLE SUNSHINE (PERCENT) MM  
AVERAGE SKY COVER 0.61  
NUMBER OF DAYS FAIR 8  
NUMBER OF DAYS PC 10  
NUMBER OF DAYS CLOUDY 13  
 
AVERAGE RH (PERCENT) 57  
 
WEATHER CONDITIONS. NUMBER OF DAYS WITH  
THUNDERSTORM 5 MIXED PRECIP 0  
HEAVY RAIN 6 RAIN 7  
LIGHT RAIN 14 FREEZING RAIN 0  
LT FREEZING RAIN 0 HAIL 0  
HEAVY SNOW 0 SNOW 0  
LIGHT SNOW 0 SLEET 0  
FOG 11 FOG W/VIS <= 1/4 MILE 3  
HAZE 4  
 
- INDICATES NEGATIVE NUMBERS.  
R INDICATES RECORD WAS SET OR TIED.  
MM INDICATES DATA IS MISSING.  
T INDICATES TRACE AMOUNT.  
 

 
 
CLICK HERE TO GO TO PREVIOUS BULLETINS.

The Nexlab SC Page
The Nexlab NC Page
The Nexlab GA Page Main Text Page

The Nexlab SC Page
The Nexlab NC Page
The Nexlab GA Page Main Text Page

The Nexlab SC Page
The Nexlab NC Page
The Nexlab GA Page Main Text Page