389  
CXUS52 KMHX 011420  
CLMEWN  
 
CLIMATE REPORT  
NATIONAL WEATHER SERVICE NEWPORT/MOREHEAD CITY  
920 AM EST WED FEB 01 2023  
   
...............................
 
 
   
..THE NEW BERN NC CLIMATE SUMMARY FOR THE MONTH OF JANUARY 2023
 
 
CLIMATE NORMAL PERIOD 1991 TO 2020  
CLIMATE RECORD PERIOD 1948 TO 2023  
 
WEATHER OBSERVED NORMAL DEPART LAST YEAR'S  
VALUE DATE(S) VALUE FROM VALUE DATE(S)  
NORMAL    
............................................................
 
 
TEMPERATURE (F)  
RECORD  
HIGH 82 01/03/2020  
LOW 1 01/21/1985  
HIGHEST 78 01/04 80 01/01  
LOWEST 27 01/16 19 01/23  
01/30  
AVG. MAXIMUM 62.7 55.1 7.6 54.1  
AVG. MINIMUM 39.1 33.8 5.3 31.0  
MEAN 50.9 44.5 6.4 42.6  
DAYS MAX >= 90 0 0.0 0.0 0  
DAYS MAX <= 32 0 0.7 -0.7 0  
DAYS MIN <= 32 9 14.6 -5.6 23  
DAYS MIN <= 0 0 0.0 0.0 0  
 
PRECIPITATION (INCHES)  
RECORD  
MAXIMUM 8.08 1966  
MINIMUM 0.77 1951  
TOTALS 3.56 3.89 -0.33 4.13  
DAILY AVG. 0.11 0.13 -0.01 0.13  
DAYS >= .01 9 10.2 -1.2 11  
DAYS >= .10 5 6.7 -1.7 9  
DAYS >= .50 3 2.6 0.4 2  
DAYS >= 1.00 1 1.0 0.0 1  
GREATEST  
24 HR. TOTAL 1.59 01/22 TO 01/23  
 
SNOWFALL (INCHES)  
RECORDS  
TOTAL MM 2022  
24 HR TOTAL MM  
SNOW DEPTH 1 01/23/2022  
TOTALS 0.0 MM MM 0.2  
LIQUID EQUIV 0.00 MM MM 0.02  
SINCE 7/1 0.0 MM MM MM  
LIQUID 7/1 0.00 MM MM MM  
SNOWDEPTH AVG. 0 0  
DAYS >= TRACE 0 MM MM 3  
DAYS >= 1.0 0 MM MM 0  
GREATEST  
SNOW DEPTH 0 1 01/23  
24 HR TOTAL MM  
STORM TOTAL 0.0 0.2  
 
DEGREE DAYS  
HEATING TOTAL 436 639 -203 698  
SINCE 7/1 1345 1628 -283 MM    
............................................................
 
 
WIND (MPH)  
AVERAGE WIND SPEED 6.0  
RESULTANT WIND SPEED/DIRECTION 3/260  
HIGHEST WIND SPEED/DIRECTION 39/270 DATE 01/04  
HIGHEST GUST SPEED/DIRECTION 54/280 DATE 01/04  
 
SKY COVER  
POSSIBLE SUNSHINE (PERCENT) MM  
AVERAGE SKY COVER 0.30  
NUMBER OF DAYS FAIR 20  
NUMBER OF DAYS PC 6  
NUMBER OF DAYS CLOUDY 4  
 
AVERAGE RH (PERCENT) 71  
 
WEATHER CONDITIONS. NUMBER OF DAYS WITH  
THUNDERSTORM 2 MIXED PRECIP 0  
HEAVY RAIN 4 RAIN 4  
LIGHT RAIN 11 FREEZING RAIN 0  
LT FREEZING RAIN 0 HAIL 0  
HEAVY SNOW 0 SNOW 0  
LIGHT SNOW 0 SLEET 0  
FOG 19 FOG W/VIS <= 1/4 MILE 4  
HAZE 1  
 
- INDICATES NEGATIVE NUMBERS.  
R INDICATES RECORD WAS SET OR TIED.  
MM INDICATES DATA IS MISSING.  
T INDICATES TRACE AMOUNT.  
 

 
 
CLICK HERE TO GO TO PREVIOUS BULLETINS.

The Nexlab NC Page Main Text Page