083  
CXUS52 KRAH 011604  
CLMFAY  
 
CLIMATE REPORT  
NATIONAL WEATHER SERVICE RALEIGH NC  
1104 AM EST WED FEB 01 2023  
   
...............................
 
 
...THE FAYETTEVILLE NC CLIMATE SUMMARY FOR THE MONTH OF JANUARY 2023...  
 
CLIMATE NORMAL PERIOD 1991 TO 2020  
CLIMATE RECORD PERIOD 1910 TO 2023  
 
WEATHER OBSERVED NORMAL DEPART LAST YEAR'S  
VALUE DATE(S) VALUE FROM VALUE  
NORMAL    
..........................................................
 
 
TEMPERATURE (F)  
RECORD  
HIGH 81 01/03/1952  
01/27/1950  
LOW -1 01/22/1985  
01/21/1985  
HIGHEST 76 01/04 81  
LOWEST 25 01/16 16  
AVG. MAXIMUM 61.0 54.0 7.0 52.5  
AVG. MINIMUM 39.7 34.0 5.7 30.5  
MEAN 50.4 44.0 6.4 41.5  
DAYS MAX >= 90 0 0  
DAYS MAX <= 32 0 0  
DAYS MIN <= 32 8 20  
DAYS MIN <= 0 0 0  
 
PRECIPITATION (INCHES)  
RECORD  
MAXIMUM 7.84 1987  
TOTALS 3.21 3.15 0.06 4.05  
DAYS >= .01 9  
DAYS >= .10 6  
DAYS >= .50 2  
DAYS >= 1.00 1  
GREATEST  
24 HR. TOTAL 1.21 01/22 TO 01/23  
 
DEGREE DAYS  
HEATING TOTAL 450 652 -202 731  
SINCE 7/1 1421 1698 -277 MM  
COOLING TOTAL 4 2 2 10  
SINCE 1/1 4 2 2 MM    
..........................................................
 
 
WIND (MPH)  
AVERAGE WIND SPEED 6.8  
HIGHEST WIND SPEED/DIRECTION 43/250 DATE 01/04  
HIGHEST GUST SPEED/DIRECTION 62/230 DATE 01/04  
 
SKY COVER  
POSSIBLE SUNSHINE (PERCENT) MM  
AVERAGE SKY COVER 0.37  
NUMBER OF DAYS FAIR 15  
NUMBER OF DAYS PC 13  
NUMBER OF DAYS CLOUDY 3  
 
AVERAGE RH (PERCENT) 70  
 
WEATHER CONDITIONS. NUMBER OF DAYS WITH  
THUNDERSTORM 1 MIXED PRECIP 0  
HEAVY RAIN 2 RAIN 3  
LIGHT RAIN 10 FREEZING RAIN 0  
LT FREEZING RAIN 0 HAIL 0  
HEAVY SNOW 0 SNOW 0  
LIGHT SNOW 0 SLEET 0  
FOG 16 FOG W/VIS <= 1/4 MILE 5  
HAZE 2  
 
- INDICATES NEGATIVE NUMBERS.  
R INDICATES RECORD WAS SET OR TIED.  
MM INDICATES DATA IS MISSING.  
T INDICATES TRACE AMOUNT.  
 

 
 
A RECORD DAILY HIGH MINIMUM TEMPERATURE OF 62 DEGREES WAS SET AT  
FAYETTEVILLE NC ON JANUARY 4TH. THIS BREAKS THE OLD RECORD OF 60  
DEGREES SET IN 2004.  
 

 
 
CLICK HERE TO GO TO PREVIOUS BULLETINS.

The Nexlab NC Page Main Text Page