734  
CXUS54 KMRX 011717  
CLMTYS  
 
CLIMATE REPORT  
NATIONAL WEATHER SERVICE MORRISTOWN, TN  
1217 PM EST THU FEB 01 2024  
   
...............................
 
 
...THE KNOXVILLE MCGHEE TYSON AIRPORT CLIMATE SUMMARY FOR THE MONTH OF JANUARY 2024...  
 
CLIMATE NORMAL PERIOD: 1991 TO 2020  
CLIMATE RECORD PERIOD: 1871 TO 2024  
 
WEATHER OBSERVED NORMAL DEPART  
VALUE DATE(S) VALUE FROM  
NORMAL    
............................................
 
 
TEMPERATURE (F)  
HIGHEST 67 01/26  
LOWEST 0 01/17  
AVG. MAXIMUM 45.7 48.2 -2.5  
AVG. MINIMUM 27.0 30.0 -3.0  
MEAN 36.3 39.1 -2.8  
DAYS MAX >= 90 0  
DAYS MAX <= 32 5  
DAYS MIN <= 32 20  
DAYS MIN <= 0 1  
 
PRECIPITATION (INCHES)  
RECORD  
MAXIMUM 16.98 1882  
MINIMUM 0.95 1986  
TOTALS 6.21 4.76 1.45  
DAYS >= .01 15  
DAYS >= .10 9  
DAYS >= .50 3  
DAYS >= 1.00 2  
GREATEST  
24 HR. TOTAL 2.38 01/08 TO 01/09  
 
SNOWFALL (INCHES)  
TOTALS 8.5 1.7 6.8  
SINCE 7/1 8.5  
SNOWDEPTH AVG. 1  
DAYS >= TRACE 5  
GREATEST  
SNOW DEPTH 7R 01/16  
 
DEGREE DAYS  
HEATING TOTAL 880 803 77  
SINCE 7/1 2021 2206 -185  
COOLING TOTAL 0 0 0  
SINCE 1/1 0 0 0    
............................................
 
 
WEATHER CONDITIONS. NUMBER OF DAYS WITH  
THUNDERSTORM 3 RAIN 6  
SNOW 0 FOG 13  
FOG W/VIS <= 1/4 MILE 3  
 
- INDICATES NEGATIVE NUMBERS.  
R INDICATES RECORD WAS SET OR TIED.  
MM INDICATES DATA IS MISSING.  
T INDICATES TRACE AMOUNT.  
 

 
 
CLICK HERE TO GO TO PREVIOUS BULLETINS.

The Nexlab TN Page
The Nexlab VA Page
The Nexlab NC Page Main Text Page