776  
CXUS53 KBIS 011640  
CLMBIS  
 
CLIMATE REPORT  
NATIONAL WEATHER SERVICE BISMARCK ND  
1136 AM CDT SAT AUG 1 2020  
   
...............................
 
 
   
..THE BISMARCK ND CLIMATE SUMMARY FOR THE MONTH OF JULY 2020
 
 
CLIMATE NORMAL PERIOD 1981 TO 2010  
CLIMATE RECORD PERIOD 1875 TO 2020  
 
WEATHER OBSERVED NORMAL DEPART LAST YEAR'S  
VALUE DATE(S) VALUE FROM VALUE DATE(S)  
NORMAL    
............................................................
 
 
TEMPERATURE (F)  
RECORD  
HIGH 114 07/06/1936  
LOW 32 07/06/1884  
HIGHEST 98 07/17 92 07/15  
LOWEST 53 07/20 50 07/30  
AVG. MAXIMUM 87.5 84.7 2.8 83.8  
AVG. MINIMUM 60.4 57.4 3.0 61.4  
MEAN 74.0 71.1 2.9 72.6  
DAYS MAX >= 90 10 8.0 2.0 3  
DAYS MAX <= 32 0 0.0 0.0 0  
DAYS MIN <= 32 0 0.0 0.0 0  
DAYS MIN <= 0 0 0.0 0.0 0  
 
PRECIPITATION (INCHES)  
RECORD  
MAXIMUM 13.75 1993  
MINIMUM 0.10 1936  
TOTALS 1.60 2.89 -1.29 3.52  
DAILY AVG. 0.05 0.09 -0.04 0.11  
DAYS >= .01 8 9.7 -1.7 13  
DAYS >= .10 6 5.6 0.4 7  
DAYS >= .50 0 1.7 -1.7 2  
DAYS >= 1.00 0 0.5 -0.5 1  
GREATEST  
24 HR. TOTAL 1.79 06/30 TO 07/01 1.28  
07/01 TO 07/02  
07/02 TO 07/03  
 
DEGREE_DAYS  
COOLING TOTAL 286 204 82  
SINCE 1/1 507 304 203    
.............................................................
 
 
WIND (MPH)  
HIGHEST WIND SPEED/DIRECTION 52/120 DATE 07/02  
HIGHEST GUST SPEED/DIRECTION 64/120 DATE 07/02  
 
SKY COVER  
POSSIBLE SUNSHINE (PERCENT) MM  
NUMBER OF DAYS FAIR 28  
NUMBER OF DAYS PC 2  
NUMBER OF DAYS CLOUDY 0  
 
WEATHER CONDITIONS. NUMBER OF DAYS WITH  
THUNDERSTORM 8 MIXED PRECIP 0  
HEAVY RAIN 3 RAIN 5  
LIGHT RAIN 12 FREEZING RAIN 0  
LT FREEZING RAIN 0 HAIL 0  
HEAVY SNOW 0 SNOW 0  
LIGHT SNOW 0 SLEET 0  
FOG 7 FOG W/VIS <= 1/4 MILE 0  
HAZE 1  
 
- INDICATES NEGATIVE NUMBERS.  
R INDICATES RECORD WAS SET OR TIED.  
MM INDICATES DATA IS MISSING.  
T INDICATES TRACE AMOUNT.  
 

 
 
CLICK HERE TO GO TO PREVIOUS BULLETINS.

The Nexlab ND Page Main Text Page