582  
CXUS53 KBIS 011652  
CLMBIS  
 
CLIMATE REPORT  
NATIONAL WEATHER SERVICE BISMARCK, ND  
1152 AM CDT THU APR 01 2021  
   
...............................
 
 
   
..THE BISMARCK ND CLIMATE SUMMARY FOR THE MONTH OF MARCH 2021
 
 
CLIMATE NORMAL PERIOD: 1981 TO 2010  
CLIMATE RECORD PERIOD: 1875 TO 2021  
 
WEATHER OBSERVED NORMAL DEPART LAST YEAR'S  
VALUE DATE(S) VALUE FROM VALUE DATE(S)  
NORMAL    
............................................................
 
 
TEMPERATURE (F)  
RECORD  
HIGH 81 03/16/2012  
03/25/2007  
03/27/1946  
LOW -36 03/15/1897  
HIGHEST 71 03/20 66 03/30  
LOWEST 9 03/01 8 03/20  
AVG. MAXIMUM MM 40.4 MM 44.6  
AVG. MINIMUM 23.3 19.4 3.9 23.8  
MEAN 38.6 29.9 8.7 34.2  
DAYS MAX >= 90 0 0.0 0.0 0  
DAYS MAX <= 32 1 8.0 -7.0 6  
DAYS MIN <= 32 29 28.9 0.1 29  
DAYS MIN <= 0 0 2.4 -2.4 0  
 
PRECIPITATION (INCHES)  
RECORD  
MAXIMUM 3.27 1916  
MINIMUM 0.00 1930  
TOTALS 0.07 0.87 -0.80 0.26  
DAILY AVG. 0.00 0.03 -0.03 0.01  
DAYS >= .01 3 7.9 -4.9 8  
DAYS >= .10 0 2.5 -2.5 1  
DAYS >= .50 0 0.3 -0.3 0  
DAYS >= 1.00 0 0.0 0.0 0  
GREATEST  
24 HR. TOTAL 0.04 03/27 TO 03/27 0.10  
 
SNOWFALL (INCHES)  
RECORDS  
TOTAL 31.1 5  
TOTALS 0.5 9.1 -8.6 0.7  
SINCE 7/1 14.2 46.6 -32.4 MM  
SNOWDEPTH AVG. 0 0  
DAYS >= 1.0 0 2.5 -2.5 0  
GREATEST  
SNOW DEPTH 0 0 MM  
24 HR TOTAL 0.5 03/27 TO 03/27 0.4  
 
DEGREE DAYS  
HEATING TOTAL 810 1088 -278  
SINCE 7/1 6557 7520 -963  
COOLING TOTAL 0 0 0  
SINCE 1/1 0 0 0    
............................................................
 
 
WIND (MPH)  
HIGHEST WIND SPEED/DIRECTION 44/290 DATE 03/30  
HIGHEST GUST SPEED/DIRECTION 63/290 DATE 03/29  
 
SKY COVER  
POSSIBLE SUNSHINE (PERCENT) MM  
NUMBER OF DAYS FAIR 19  
NUMBER OF DAYS PC 7  
NUMBER OF DAYS CLOUDY 5  
 
WEATHER CONDITIONS. NUMBER OF DAYS WITH  
THUNDERSTORM 0 MIXED PRECIP 0  
HEAVY RAIN 0 RAIN 0  
LIGHT RAIN 2 FREEZING RAIN 0  
LT FREEZING RAIN 0 HAIL 0  
HEAVY SNOW 0 SNOW 1  
LIGHT SNOW 5 SLEET 0  
FOG 8 FOG W/VIS <= 1/4 MILE 4  
HAZE 4  
 
- INDICATES NEGATIVE NUMBERS.  
R INDICATES RECORD WAS SET OR TIED.  
MM INDICATES DATA IS MISSING.  
T INDICATES TRACE AMOUNT.  
 

 
 
CLICK HERE TO GO TO PREVIOUS BULLETINS.

The Nexlab ND Page Main Text Page