998  
CXUS51 KBOX 011840  
CLMPVD  
 
CLIMATE REPORT  
NATIONAL WEATHER SERVICE BOSTON/NORTON MA  
230 PM EDT SAT AUG 1 2020  
   
...............................
 
 
   
..THE PROVIDENCE RI CLIMATE SUMMARY FOR THE MONTH OF JULY 2020
 
 
CLIMATE NORMAL PERIOD 1981 TO 2010  
CLIMATE RECORD PERIOD 1904 TO 2020  
 
WEATHER OBSERVED NORMAL DEPART LAST YEAR'S  
VALUE DATE(S) VALUE FROM VALUE  
NORMAL    
.........................................................
 
 
TEMPERATURE (F)  
RECORD  
HIGH 102 07/06/2010  
07/21/1991  
LOW 48 07/01/1988  
HIGHEST 100 07/28  
LOWEST 58 07/16  
AVG. MAXIMUM 86.5 82.8 3.7  
AVG. MINIMUM 68.7 64.2 4.5  
MEAN 77.6 73.5 4.1 76.6  
DAYS MAX >= 90 13 4.1 8.9  
DAYS MAX <= 32 0 0.0 0.0  
DAYS MIN <= 32 0 0.0 0.0  
DAYS MIN <= 0 0 0.0 0.0  
 
PRECIPITATION (INCHES)  
RECORD  
MAXIMUM 10.52 2009  
MINIMUM 0.32 1952  
TOTALS 1.67 3.29 -1.62  
DAYS >= .01 9 9.4 -0.4  
DAYS >= .10 3 6.0 -3.0  
DAYS >= .50 1 2.1 -1.1 3  
DAYS >= 1.00 0 0.8 -0.8  
GREATEST  
24 HR. TOTAL 0.82 07/14 TO 07/14  
 
SNOWFALL (INCHES)  
RECORDS  
TOTAL 0.0 MM  
SNOW DEPTH 0 MM  
TOTALS 0.0 0.0 0.0  
SINCE 7/1 0.0 0.0 0.0  
SNOWDEPTH AVG. 0  
DAYS >= 1.0 0 0.0 0.0  
GREATEST  
SNOW DEPTH 0 MM  
24 HR TOTAL 0.0 07/31 TO 07/31  
 
DEGREE_DAYS  
HEATING TOTAL 0 3 -3  
SINCE 7/1 0 3 -3  
COOLING TOTAL 397 266 131  
SINCE 1/1 602 424 178    
..........................................................
 
 
WIND (MPH)  
AVERAGE WIND SPEED 8.0  
RESULTANT WIND SPEED/DIRECTION 4/204  
HIGHEST WIND SPEED/DIRECTION 31/310 DATE 07/14  
HIGHEST GUST SPEED/DIRECTION 39/300 DATE 07/14  
 
SKY COVER  
POSSIBLE SUNSHINE (PERCENT) MM  
AVERAGE SKY COVER 0.60  
NUMBER OF DAYS FAIR 5  
NUMBER OF DAYS PC 20  
NUMBER OF DAYS CLOUDY 6  
 
AVERAGE RH (PERCENT) 73  
 
WEATHER CONDITIONS. NUMBER OF DAYS WITH  
0  
0  
0  
0  
0  
0  
1  
HAZE 2  
 
- INDICATES NEGATIVE NUMBERS.  
R INDICATES RECORD WAS SET OR TIED.  
MM INDICATES DATA IS MISSING.  
T INDICATES TRACE AMOUNT.  
 

 
 
CLICK HERE TO GO TO PREVIOUS BULLETINS.

The Nexlab MA Page
The Nexlab RI Page
The Nexlab NH Page
The Nexlab CT Page Main Text Page