444  
CXUS55 KABQ 011417  
CLMABQ  
 
CLIMATE REPORT  
NATIONAL WEATHER SERVICE ALBUQUERQUE NM  
717 AM MST WED FEB 01 2023  
   
...............................
 
 
...THE ALBUQUERQUE NM CLIMATE SUMMARY FOR THE MONTH OF JANUARY 2023...  
 
CLIMATE NORMAL PERIOD 1991 TO 2020  
CLIMATE RECORD PERIOD 1891 TO 2023  
 
WEATHER OBSERVED NORMAL DEPART LAST YEAR'S  
VALUE DATE(S) VALUE FROM VALUE DATE(S)  
NORMAL    
............................................................
 
 
TEMPERATURE (F)  
RECORD  
HIGH 69 01/05/1994  
01/31/1971  
LOW -17 01/07/1971  
HIGHEST 58 01/10 61 -3 58 01/07  
01/14  
LOWEST 17 01/27 10 7 15 01/03  
AVG. MAXIMUM 47.3 48.4 -1.1 50.3  
AVG. MINIMUM 27.5 26.4 1.1 26.2  
MEAN 37.4 37.4 -0.0 38.2  
DAYS MAX >= 90 0 0.0 0.0 0  
DAYS MAX <= 32 0 0.8 -0.8 0  
DAYS MIN <= 32 25 26.1 -1.1 27  
DAYS MIN <= 0 0 0.0 0.0 0  
 
PRECIPITATION (INCHES)  
RECORD  
MAXIMUM 1.38 2005  
MINIMUM 0.00 2014  
TOTALS 0.31 0.36 -0.05 0.03  
DAILY AVG. 0.01 0.01 -0.00 0.00  
DAYS >= .01 3 3.6 -0.6 1  
DAYS >= .10 2 1.4 0.6 0  
DAYS >= .50 0 0.1 -0.1 0  
DAYS >= 1.00 0 0.0 0.0 0  
GREATEST  
24 HR. TOTAL 0.18 01/01 TO 01/02 0.19  
 
SNOWFALL (INCHES)  
RECORDS  
TOTAL 9.5 1973  
TOTALS 0.1 1.4 -1.3 T  
SINCE 7/1 0.2 5.4 -5.2 MM  
SNOWDEPTH AVG. 0 0  
DAYS >= 1.0 0 0.4 -0.4 0  
GREATEST  
SNOW DEPTH 0 0 MM  
24 HR TOTAL MM MM  
 
DEGREE DAYS  
HEATING TOTAL 851 856 -5 822  
SINCE 7/1 2587 2545 42 MM  
COOLING TOTAL 0 0 0 0  
SINCE 1/1 0 0 0 MM    
............................................................
 
 
WIND (MPH)  
AVERAGE WIND SPEED 8.0  
HIGHEST WIND SPEED/DIRECTION 48/080 DATE 01/23  
HIGHEST GUST SPEED/DIRECTION 64/110 DATE 01/23  
 
SKY COVER  
POSSIBLE SUNSHINE (PERCENT) MM  
AVERAGE SKY COVER 0.50  
NUMBER OF DAYS FAIR 12  
NUMBER OF DAYS PC 11  
NUMBER OF DAYS CLOUDY 8  
 
AVERAGE RH (PERCENT) 52  
 
WEATHER CONDITIONS. NUMBER OF DAYS WITH  
THUNDERSTORM 1 MIXED PRECIP 0  
HEAVY RAIN 0 RAIN 1  
LIGHT RAIN 5 FREEZING RAIN 0  
LT FREEZING RAIN 0 HAIL 0  
HEAVY SNOW 0 SNOW 0  
LIGHT SNOW 5 SLEET 0  
FOG 4 FOG W/VIS <= 1/4 MILE 0  
HAZE 0  
 
- INDICATES NEGATIVE NUMBERS.  
R INDICATES RECORD WAS SET OR TIED.  
MM INDICATES DATA IS MISSING.  
T INDICATES TRACE AMOUNT.  
 

 
 
CLICK HERE TO GO TO PREVIOUS BULLETINS.

The Nexlab NM Page Main Text Page

The Nexlab NM Page Main Text Page