997  
CXUS55 KABQ 031225 CCA  
CLMABQ  
 
ABQCLMABQ 000  
TTAA00 KABQ 011129  
 
CLIMATE REPORT   
..CORRECTION
 
 
NATIONAL WEATHER SERVICE ALBUQUERQUE NM  
623 AM MDT SAT AUG 3 2020  
   
...............................
 
 
   
..THE ALBUQUERQUE NM CLIMATE SUMMARY FOR THE MONTH OF JULY 2020
 
 
CLIMATE NORMAL PERIOD 1981 TO 2010  
CLIMATE RECORD PERIOD 1891 TO 2020  
 
WEATHER OBSERVED NORMAL DEPART LAST YEAR'S  
VALUE DATE(S) VALUE FROM VALUE DATE(S)  
NORMAL    
............................................................
 
 
TEMPERATURE (F)  
RECORD  
HIGH 105 07/18/1980  
07/05/1980  
07/14/1979  
LOW 52 07/03/1985  
HIGHEST 103 07/11 100 3 100 07/20  
07/19  
LOWEST 62 07/31 58 4 60 07/09  
07/02  
07/01  
AVG. MAXIMUM 93.8 90.1 3.7 93.5  
AVG. MINIMUM 67.6 66.4 1.2 67.9  
MEAN 80.7 78.3 2.4 80.7  
DAYS MAX >= 90 24 17.3 6.7 27  
DAYS MAX <= 32 0 0.0 0.0 0  
DAYS MIN <= 32 0 0.0 0.0 0  
DAYS MIN <= 0 0 0.0 0.0 0  
 
PRECIPITATION (INCHES)  
RECORD  
MAXIMUM 3.55 2006  
MINIMUM 0.08 1980  
TOTALS 1.19 1.50 -0.31 1.95  
DAILY AVG. 0.04 0.05 -0.01 0.06  
DAYS >= .01 11 8.3 2.7 6  
DAYS >= .10 5 3.9 1.1 3  
DAYS >= .50 0 0.8 -0.8 2  
DAYS >= 1.00 0 0.2 -0.2 1  
GREATEST  
24 HR. TOTAL 0.32 07/31 TO 07/31 1.06  
 
SNOWFALL (INCHES)  
RECORDS  
TOTAL T 2018  
2007  
TOTALS 0.0 0.0 0.0 0.0  
SINCE 7/1 0.0 0.0 0.0 0.0  
SNOWDEPTH AVG. 0 MM MM 0  
DAYS >= 1.0 0 0.0 0.0 0  
GREATEST  
SNOW DEPTH 0 MM 0 MM  
24 HR TOTAL 0.0 07/31 TO 07/31 0.0  
 
DEGREE_DAYS  
HEATING TOTAL 0 0 0 0  
SINCE 7/1 0 0 0 0  
COOLING TOTAL 494 411 83 495  
SINCE 1/1 1025 811 214 802    
.............................................................
 
 
WIND (MPH)  
AVERAGE WIND SPEED 8.1  
HIGHEST WIND SPEED/DIRECTION 48/030 DATE 07/31  
HIGHEST GUST SPEED/DIRECTION 64/030 DATE 07/31  
 
SKY COVER  
POSSIBLE SUNSHINE (PERCENT) MM  
AVERAGE SKY COVER 0.50  
NUMBER OF DAYS FAIR 9  
NUMBER OF DAYS PC 18  
NUMBER OF DAYS CLOUDY 4  
 
AVERAGE RH (PERCENT) 37  
 
WEATHER CONDITIONS. NUMBER OF DAYS WITH  
THUNDERSTORM 11 MIXED PRECIP 0  
HEAVY RAIN 4 RAIN 17  
LIGHT RAIN 13 FREEZING RAIN 0  
LT FREEZING RAIN 0 HAIL 0  
HEAVY SNOW 0 SNOW 0  
LIGHT SNOW 0 SLEET 0  
FOG 0 FOG W/VIS <= 1/4 MILE 0  
HAZE 7  
 
 
- INDICATES NEGATIVE NUMBERS.  
R INDICATES RECORD WAS SET OR TIED.  
MM INDICATES DATA IS MISSING.  
T INDICATES TRACE AMOUNT.  
 

 
 
---------------------------------------------------------------------  
 
THE AVERAGE MAXIMUM TEMPERATURE AT THE ALBUQUERQUE SUNPORT IN  
JULY WAS 93.8 DEGREES. THE AVERAGE MINIMUM TEMPERATURE FOR THE  
MONTH WAS 67.6 DEGREES.  
 
THE HIGHEST TEMPERATURE FOR THE MONTH WAS 103 DEGREES ON THE 11TH  
WHICH IS 3 DEGREES ABOVE NORMAL FOR THIS DATE.  
 
THE LOWEST TEMPERATURE FOR THE MONTH WAS 62 DEGREES WHICH OCCURRED  
ON THE 1ST, 2ND AND 31ST OF THE MONTH.  
 
TOTAL PRECIPITATION FOR THE MONTH WAS 1.19 INCHES WHICH IS 0.31  
INCHES BELOW NORMAL.  
 
AVERAGE WIND SPEED WAS 8.1 MILES AN HOUR. THE PEAK WIND GUST FOR  
THE MONTH WAS 64 MILES FROM THE NORTHEAST WHICH OCCURRED ON THE 31ST.  
 

 
 
CLICK HERE TO GO TO PREVIOUS BULLETINS.

The Nexlab NM Page Main Text Page