702  
CXUS55 KREV 010846  
CLMRNO  
 
CLIMATE REPORT  
NATIONAL WEATHER SERVICE RENO NV  
1246 AM PST THU FEB 01 2024  
   
...............................
 
 
...THE RENO-TAHOE INTL AIRPORT NV CLIMATE SUMMARY FOR THE MONTH OF JANUARY 2024...  
 
THE AVERAGE TEMPERATURE FOR JANUARY 2024 AT THE RENO-TAHOE INTERNATIONAL AIRPORT  
WAS 39.9 DEGREES, WHICH IS 3.0 DEGREES ABOVE NORMAL. THE HIGHEST TEMPERATURE FOR  
JANUARY WAS 69 DEGREES, WHICH OCCURRED ON THE 28TH. THE LOWEST TEMPERATURE FOR  
THE MONTH WAS 6 DEGREES, WHICH OCCURRED ON THE 11TH.  
 
FOR JANUARY 2024, 1.10 INCHES OF PRECIPITATION WAS RECORDED AT THE RENO-TAHOE  
INTERNATIONAL AIRPORT. THIS IS 0.15 INCHES BELOW NORMAL FOR THE MONTH. 8.2  
INCHES OF SNOWFALL WAS REPORTED IN JANUARY, WHICH IS 3.0 INCHES ABOVE NORMAL.  
 
THE AVERAGE WIND SPEED FOR JANUARY 2024 WAS 4.6 MPH. THE PEAK WIND GUSTS FOR  
THE MONTH WAS 46 MPH FROM THE SOUTHWEST ON THE 17TH.  
 
CLIMATE NORMAL PERIOD 1991 TO 2020  
CLIMATE RECORD PERIOD 1888 TO 2024  
 
WEATHER OBSERVED NORMAL DEPART LAST YEAR'S  
VALUE DATE(S) VALUE FROM VALUE  
NORMAL    
..........................................................
 
 
TEMPERATURE (F)  
RECORD  
HIGH 71 01/31/2003  
LOW -19 01/08/1890  
HIGHEST 69 01/28 70 -1  
LOWEST 6 01/11 -16 22  
AVG. MAXIMUM 50.6 47.7 2.9  
AVG. MINIMUM 29.2 26.1 3.1  
MEAN 39.9 36.9 3.0  
DAYS MAX >= 90 0 0.0 0.0  
DAYS MAX <= 32 1 1.9 -0.9  
DAYS MIN <= 32 19 25.7 -6.7  
DAYS MIN <= 0 0 0.2 -0.2  
 
PRECIPITATION (INCHES)  
RECORD  
MAXIMUM 6.76 1916  
MINIMUM 0.00 2022  
TOTALS 1.10 1.25 -0.15  
DAILY AVG. 0.04 0.04 -0.00  
DAYS >= .01 5 6.9 -1.9  
DAYS >= .10 3 3.1 -0.1  
DAYS >= .50 1 0.6 0.4  
DAYS >= 1.00 0 0.2 -0.2  
GREATEST  
24 HR. TOTAL 0.85 01/10 TO 01/10  
STORM TOTAL 0.85  
(MM/DD(HH))  
 
SNOWFALL (INCHES)  
RECORDS  
TOTAL 65.7 5  
24 HR TOTAL MM  
TOTALS 8.2 5.2 3.0  
LIQUID EQUIV 0.80 0.50 0.30  
SINCE 7/1 8.2 12.3 -4.1  
LIQUID 7/1 0.82  
DAYS >= TRACE 4 3.4 0.6  
DAYS >= 1.0 2 1.6 0.4  
GREATEST  
SNOW DEPTH 6 01/11  
24 HR TOTAL MM  
STORM TOTAL 6.4  
(MM/DD(HH))  
 
DEGREE DAYS  
HEATING TOTAL 770 871 -101  
SINCE 7/1 2482 2774 -292  
COOLING TOTAL 0 0 0  
SINCE 1/1 0 0 0  
 
FREEZE DATES  
RECORD  
EARLIEST 08/23/1973  
LATEST 06/27/1974  
EARLIEST 10/27  
LATEST 04/19    
..........................................................
 
 
WIND (MPH)  
AVERAGE WIND SPEED 4.6  
HIGHEST WIND SPEED/DIRECTION 32/270 DATE 01/17  
32/210 01/31  
HIGHEST GUST SPEED/DIRECTION 46/250 DATE 01/17  
 
AVERAGE RH (PERCENT) 61  
 
WEATHER CONDITIONS. NUMBER OF DAYS WITH  
THUNDERSTORM 0 MIXED PRECIP 0  
HEAVY RAIN 0 RAIN 1  
LIGHT RAIN 7 FREEZING RAIN 0  
LT FREEZING RAIN 0 HAIL 0  
HEAVY SNOW 2 SNOW 2  
LIGHT SNOW 4 SLEET 0  
FOG 6 FOG W/VIS <= 1/4 MILE 2  
HAZE 5  
 
- INDICATES NEGATIVE NUMBERS.  
R INDICATES RECORD WAS SET OR TIED.  
MM INDICATES DATA IS MISSING.  
T INDICATES TRACE AMOUNT.  
 

 
 
CLICK HERE TO GO TO PREVIOUS BULLETINS.

The Nexlab NV Page
The Nexlab CA Page Main Text Page