514  
CXUS55 KREV 010902  
CLMTVL  
 
CLIMATE REPORT  
NATIONAL WEATHER SERVICE RENO NV  
144 AM PDT SAT AUG 01 2020  
   
...............................
 
 
...THE SOUTH LAKE TAHOE CA CLIMATE SUMMARY FOR THE MONTH OF JULY  
2020...  
 
THE AVERAGE TEMPERATURE FOR JULY 2020 AT THE SOUTH LAKE TAHOE  
AIRPORT WAS 61.8 DEGREES WHICH IS 0.7 DEGREES ABOVE NORMAL. THE  
HIGHEST TEMPERATURE FOR JULY WAS 86 DEGREES WHICH OCCURRED ON THE  
29TH AND THE 30TH. THE LOWEST TEMPERATURE FOR THE MONTH WAS 32  
DEGREES WHICH OCCURRED ON THE 6TH.  
 
FOR JULY 2020, 0.21 INCHES OF PRECIPITATION WAS RECORDED AT THE  
SOUTH LAKE TAHOE AIRPORT. THIS IS 0.22 INCHES BELOW NORMAL.  
 
THE AVERAGE WIND SPEED FOR JULY 2020 WAS 4.9 MPH. THE PEAK WIND GUST  
FOR THE MONTH WAS 44 MPH FROM THE SOUTH ON THE 20TH.  
 
CLIMATE NORMAL PERIOD 1981 TO 2010  
CLIMATE RECORD PERIOD 1968 TO 2020  
 
WEATHER OBSERVED NORMAL DEPART LAST YEAR'S  
VALUE DATE(S) VALUE FROM VALUE  
NORMAL    
..........................................................
 
 
TEMPERATURE (F)  
RECORD  
HIGH 99 07/22/1988  
LOW 25 07/01/1976  
HIGHEST 86 07/21 99 -13  
07/29  
07/30  
LOWEST 32 07/06 25 7  
AVG. MAXIMUM 82.1 80.8 1.3  
AVG. MINIMUM 41.5 41.4 0.1  
MEAN 61.8 61.1 0.7  
DAYS MAX >= 90 0 1.0 -1.0  
DAYS MAX <= 32 0 0.0 0.0  
DAYS MIN <= 32 1 1.3 -0.3  
DAYS MIN <= 0 0 0.0 0.0  
 
PRECIPITATION (INCHES)  
RECORD  
MAXIMUM 2.17 2003  
MINIMUM 0.00 2000  
TOTALS 0.21  
DAILY AVG. 0.01 0.01 -0.00  
DAYS >= .01 2 MM MM  
DAYS >= .10 1 MM MM  
DAYS >= .50 0 MM MM  
DAYS >= 1.00 0 MM MM  
GREATEST  
24 HR. TOTAL 0.19 07/16 TO 07/16  
STORM TOTAL 0.19  
(MM/DD(HH))  
 
DEGREE DAYS  
HEATING TOTAL 99 138 -39  
SINCE 7/1 99 142 -43  
COOLING TOTAL 10 18 -8  
SINCE 1/1 14 19 -5    
..........................................................
 
 
WIND (MPH)  
AVERAGE WIND SPEED 4.9  
HIGHEST WIND SPEED/DIRECTION 29/190 DATE 07/20  
HIGHEST GUST SPEED/DIRECTION 44/190 DATE 07/20  
 
AVERAGE RH (PERCENT) 50  
 
WEATHER CONDITIONS. NUMBER OF DAYS WITH  
THUNDERSTORM 9 MIXED PRECIP 0  
HEAVY RAIN 0 RAIN 2  
LIGHT RAIN 5 FREEZING RAIN 0  
LT FREEZING RAIN 0 HAIL 0  
HEAVY SNOW 0 SNOW 0  
LIGHT SNOW 0 SLEET 0  
FOG 0 FOG W/VIS <= 1/4 MILE 0  
HAZE 4  
 
- INDICATES NEGATIVE NUMBERS.  
R INDICATES RECORD WAS SET OR TIED.  
MM INDICATES DATA IS MISSING.  
T INDICATES TRACE AMOUNT.  
 

 
 
CLICK HERE TO GO TO PREVIOUS BULLETINS.

The Nexlab NV Page
The Nexlab CA Page Main Text Page