417  
CXUS55 KVEF 011143  
CLMDVF  
 
CLIMATE REPORT  
NATIONAL WEATHER SERVICE LAS VEGAS, NV  
343 AM PST WED FEB 01 2023  
   
...............................
 
 
...THE DEATH VALLEY CA CLIMATE SUMMARY FOR THE MONTH OF JANUARY 2023...  
 
CLIMATE NORMAL PERIOD: 1991 TO 2020  
CLIMATE RECORD PERIOD: 1911 TO 2023  
 
WEATHER OBSERVED NORMAL DEPART LAST YEAR'S  
VALUE DATE(S) VALUE FROM VALUE DATE(S)  
NORMAL    
............................................................
 
 
TEMPERATURE (F)  
RECORD  
HIGH 90 01/16/2021  
LOW 15 01/08/1913  
HIGHEST 74 01/24 MM MM MM  
01/25  
LOWEST 35 01/22 MM MM MM  
AVG. MAXIMUM 66.2  
AVG. MINIMUM 46.1  
MEAN 56.1  
DAYS MAX >= 90 0  
DAYS MAX <= 32 0  
DAYS MAX >= 100 0  
DAYS MAX >= 90 0  
DAYS MIN <= 32 0  
DAYS MIN <= 0 0  
DAYS MIN >= 80 0  
 
PRECIPITATION (INCHES)  
RECORD  
MAXIMUM 2.59 1995  
MINIMUM 0.00 2022  
TOTALS 0.36 0.37 -0.01  
DAILY AVG. 0.01 0.01 -0.00  
DAYS >= .01 5 2.4 2.6  
DAYS >= .10 1 1.0 0.0  
DAYS >= .50 0 0.2 -0.2  
DAYS >= 1.00 0 0.0 0.0  
GREATEST  
24 HR. TOTAL 0.17 01/01 TO 01/01  
 
SNOWFALL (INCHES)  
TOTALS 0.0  
SINCE 7/1 0.0  
DAYS >= TRACE 0  
DAYS >= 1.0 0  
 
DEGREE DAYS  
HEATING TOTAL 266 317 -51  
SINCE 7/1 695 784 -89  
COOLING TOTAL 0 2 -2  
SINCE 1/1 0 2 -2    
............................................................
 
 
- INDICATES NEGATIVE NUMBERS.  
R INDICATES RECORD WAS SET OR TIED.  
MM INDICATES DATA IS MISSING.  
T INDICATES TRACE AMOUNT.  
 

 
 
CLICK HERE TO GO TO PREVIOUS BULLETINS.

The Nexlab NV Page
The Nexlab AZ Page
The Nexlab CA Page Main Text Page

The Nexlab NV Page
The Nexlab AZ Page
The Nexlab CA Page Main Text Page