133  
CXUS53 KFSD 011645 RRC  
CLMHON  
 
CLIMATE REPORT  
NATIONAL WEATHER SERVICE SIOUX FALLS SD  
1045 AM CST TUE DEC 01 2020  
   
...............................
 
 
   
..THE HURON CLIMATE SUMMARY FOR THE MONTH OF NOVEMBER 2020
 
 
CLIMATE NORMAL PERIOD: 1981 TO 2010  
CLIMATE RECORD PERIOD: 1881 TO 2020  
 
WEATHER OBSERVED NORMAL DEPART LAST YEAR'S  
VALUE DATE(S) VALUE FROM VALUE DATE(S)  
NORMAL    
............................................................
 
 
TEMPERATURE (F)  
RECORD  
HIGH 86 11/08/1999  
LOW -28 11/28/1887  
HIGHEST 83 11/06 MM MM 59 11/24  
LOWEST 10 11/30 MM MM 5 11/07  
11/11  
11/12  
AVG. MAXIMUM 52.4 43.0 9.4 41.3  
AVG. MINIMUM 24.3 22.2 2.1 22.9  
MEAN 38.3 32.6 5.8 32.1  
DAYS MAX >= 90 0 0.0 0.0 0  
DAYS MAX <= 32 2 6.7 -4.7 7  
DAYS MIN <= 32 23 24.9 -1.9 24  
DAYS MIN <= 0 0 1.1 -1.1 0  
 
PRECIPITATION (INCHES)  
RECORD  
MAXIMUM 3.95 2005  
MINIMUM T 1939  
TOTALS 0.37 0.87 -0.50 1.15  
DAILY AVG. 0.01 0.03 -0.02 0.04  
DAYS >= .01 3 5.7 -2.7 7  
DAYS >= .10 1 2.1 -1.1 4  
DAYS >= .50 0 0.3 -0.3 1  
DAYS >= 1.00 0 0.1 -0.1 0  
GREATEST  
24 HR. TOTAL 0.36 11/08 TO 11/09  
 
SNOWFALL (INCHES)  
RECORDS  
TOTAL 32.7 1985  
TOTALS 0.5 7.2 -6.7 8.9  
SINCE 7/1 7.3 8.3 -1.0 MM  
SNOWDEPTH AVG. T 0  
DAYS >= 1.0 0 1.8 -1.8 3  
GREATEST  
SNOW DEPTH MM 2 11/30  
11/08  
11/07  
24 HR TOTAL 0.5R 11/09 TO 11/09  
 
DEGREE DAYS  
HEATING TOTAL 792 972 -180 979  
SINCE 7/1 1651 1700 -49 MM  
COOLING TOTAL 0 0 0 0  
SINCE 1/1 879 742 137 MM    
............................................................
 
 
WIND (MPH)  
AVERAGE WIND SPEED 10.1  
HIGHEST WIND SPEED/DIRECTION 37/170 DATE 11/08  
HIGHEST GUST SPEED/DIRECTION 58/160 DATE 11/08  
 
SKY COVER  
POSSIBLE SUNSHINE (PERCENT) MM  
AVERAGE SKY COVER 0.19  
NUMBER OF DAYS FAIR 24  
NUMBER OF DAYS PC 6  
NUMBER OF DAYS CLOUDY 0  
 
AVERAGE RH (PERCENT) 67  
 
WEATHER CONDITIONS. NUMBER OF DAYS WITH  
THUNDERSTORM 0 MIXED PRECIP 0  
HEAVY RAIN 0 RAIN 1  
LIGHT RAIN 4 FREEZING RAIN 1  
LT FREEZING RAIN 1 HAIL 0  
HEAVY SNOW 1 SNOW 1  
LIGHT SNOW 2 SLEET 0  
FOG 8 FOG W/VIS <= 1/4 MILE 2  
HAZE 1  
 
- INDICATES NEGATIVE NUMBERS.  
R INDICATES RECORD WAS SET OR TIED.  
MM INDICATES DATA IS MISSING.  
T INDICATES TRACE AMOUNT.  
 

 
 
CLICK HERE TO GO TO PREVIOUS BULLETINS.

The Nexlab SD Page
The Nexlab IA Page
The Nexlab MN Page
The Nexlab NE Page Main Text Page