396  
CXUS53 KJKL 011453  
CLMJKL  
 
CLIMATE REPORT  
NATIONAL WEATHER SERVICE JACKSON KY  
1053 AM EDT SAT JUN 01 2024  
   
...............................
 
 
   
..THE JACKSON KY CLIMATE SUMMARY FOR THE MONTH OF MAY 2024
 
 
CLIMATE NORMAL PERIOD 1991 TO 2020  
CLIMATE RECORD PERIOD 1981 TO 2024  
 
WEATHER OBSERVED NORMAL DEPART LAST YEAR'S  
VALUE DATE(S) VALUE FROM VALUE DATE(S)  
NORMAL    
............................................................
 
 
TEMPERATURE (F)  
RECORD  
HIGH 91 05/31/2006  
LOW 30 05/09/2020  
HIGHEST 88 05/02 86 2 83 05/11  
LOWEST 45 05/11 41 4 39 05/04  
AVG. MAXIMUM 77.6 75.7 1.9 74.1  
AVG. MINIMUM 59.2 55.6 3.6 54.5  
MEAN 68.4 65.6 2.8 64.3  
DAYS MAX >= 90 0 0.1 -0.1 0  
DAYS MAX <= 32 0 0.0 0.0 0  
DAYS MIN <= 32 0 0.1 -0.1 0  
DAYS MIN <= 0 0 0.0 0.0 0  
 
PRECIPITATION (INCHES)  
RECORD  
MAXIMUM 10.78 2004  
MINIMUM 1.74 2015  
TOTALS 4.89 5.17 -0.28 3.78  
DAILY AVG. 0.16 0.17 -0.01 0.12  
DAYS >= .01 16 13.8 2.2 7  
DAYS >= .10 10 9.7 0.3 5  
DAYS >= .50 3 3.5 -0.5 3  
DAYS >= 1.00 0 1.4 -1.4 1  
GREATEST  
24 HR. TOTAL 1.27 05/06 TO 05/07 1.65  
 
SNOWFALL (INCHES)  
RECORDS  
TOTAL 1.0 1989  
TOTALS T* 0.0 0.0 0.0  
SINCE 7/1 15.4 23.4 -8.0 3.4  
SNOWDEPTH AVG. 0 0  
DAYS >= 1.0 0 0.0 0.0 0  
GREATEST  
SNOW DEPTH 0 0  
24 HR TOTAL T* 0  
 
DEGREE DAYS  
HEATING TOTAL 20 89 -69 77  
SINCE 7/1 3318 4057 -739 3429  
COOLING TOTAL 134 109 25 62  
SINCE 1/1 211 159 52 107    
............................................................
 
 
WIND (MPH)  
AVERAGE WIND SPEED 2.0  
HIGHEST WIND SPEED/DIRECTION 15/300 DATE 05/11  
15/310 05/29  
HIGHEST GUST SPEED/DIRECTION 34/250 DATE 05/26  
 
SKY COVER  
POSSIBLE SUNSHINE (PERCENT) MM  
AVERAGE SKY COVER 0.39  
NUMBER OF DAYS FAIR 16  
NUMBER OF DAYS PC 12  
NUMBER OF DAYS CLOUDY 3  
 
AVERAGE RH (PERCENT) 73  
 
WEATHER CONDITIONS. NUMBER OF DAYS WITH  
THUNDERSTORM 7 MIXED PRECIP 0  
HEAVY RAIN 6 RAIN 11  
LIGHT RAIN 19 FREEZING RAIN 0  
LT FREEZING RAIN 0 HAIL 1  
HEAVY SNOW 0 SNOW 0  
LIGHT SNOW 0 SLEET 0  
FOG 17 FOG W/VIS <= 1/4 MILE 7  
HAZE 1  
 
- INDICATES NEGATIVE NUMBERS.  
R INDICATES RECORD WAS SET OR TIED.  
MM INDICATES DATA IS MISSING.  
T INDICATES TRACE AMOUNT.  
 

 
   
..*1/4 INCH HAIL FELL ON MAY 27TH
 
 

 
 
CARICO  
 
CLICK HERE TO GO TO PREVIOUS BULLETINS.

The Nexlab KY Page Main Text Page