225  
CXUS53 KJKL 011551  
CLSLOZ  
 
CLIMATE REPORT  
NATIONAL WEATHER SERVICE JACKSON KY  
1151 AM EDT SAT JUN 01 2024  
   
...............................
 
 
...THE LONDON KY CLIMATE SUMMARY FOR THE SEASON, FROM  
3/1/2024 TO 5/31/2024...  
 
CLIMATE NORMAL PERIOD 1991 TO 2020  
CLIMATE RECORD PERIOD 1954 TO 2024  
 
WEATHER OBSERVED NORMAL DEPART LAST YEAR'S  
VALUE DATE(S) VALUE FROM VALUE DATE(S)  
NORMAL    
............................................................
 
 
TEMPERATURE (F)  
RECORD  
HIGH 91 05/30/2006  
LOW -12 03/03/1980  
HIGHEST 87 05/02 MM MM 86 04/05  
LOWEST 25 03/11 MM MM 16 03/20  
AVG. MAXIMUM 70.2 68.1 2.1 68.5  
AVG. MINIMUM 48.5 45.1 3.4 44.2  
MEAN 59.4 56.6 2.8 56.4  
DAYS MAX >= 90 0 0.2 -0.2 0  
DAYS MAX <= 32 0 0.6 -0.6 0  
DAYS MIN <= 32 10 16.0 -6.0 13  
DAYS MIN <= 0 0 0.0 0.0 0  
 
PRECIPITATION (INCHES)  
RECORD  
MAXIMUM 23.01 2020  
MINIMUM 5.03 2016  
TOTALS 13.97 14.26 -0.29 8.99  
DAILY AVG. 0.15 0.15 -0.00 0.10  
DAYS >= .01 38 39.1 -1.1 30  
DAYS >= .10 30 25.0 5.0 21  
DAYS >= .50 11 10.4 0.6 5  
DAYS >= 1.00 2 3.4 -1.4 2  
GREATEST  
24 HR. TOTAL 1.96 05/08 TO 05/09 1.04  
 
SNOWFALL (INCHES)  
RECORDS  
TOTAL 31.0 1960  
TOTALS MM MM MM MM  
SINCE 7/1 MM MM MM MM  
SNOWDEPTH AVG. MM MM  
DAYS >= 1.0 MM MM MM MM  
GREATEST  
24 HR TOTAL MM MM  
 
DEGREE DAYS  
HEATING TOTAL 645 900 -255 768  
SINCE 7/1 MM 4151 MM MM  
COOLING TOTAL 145 127 18 76  
SINCE 1/1 145 127 18 77    
............................................................
 
 
WIND (MPH)  
AVERAGE WIND SPEED 5.5  
RESULTANT WIND SPEED/DIRECTION 2/250  
HIGHEST WIND SPEED/DIRECTION 40/250 DATE 05/26  
HIGHEST GUST SPEED/DIRECTION 60/260 DATE 05/26  
 
SKY COVER  
POSSIBLE SUNSHINE (PERCENT) MM  
NUMBER OF DAYS FAIR 42  
NUMBER OF DAYS PC 31  
NUMBER OF DAYS CLOUDY 19  
 
AVERAGE RH (PERCENT) 67  
 
WEATHER CONDITIONS. NUMBER OF DAYS WITH  
THUNDERSTORM 16 MIXED PRECIP 0  
HEAVY RAIN 17 RAIN 20  
LIGHT RAIN 42 FREEZING RAIN 0  
LT FREEZING RAIN 0 HAIL 0  
HEAVY SNOW 0 SNOW 0  
LIGHT SNOW 0 SLEET 0  
FOG 50 FOG W/VIS <= 1/4 MILE 6  
HAZE 7  
 
- INDICATES NEGATIVE NUMBERS.  
R INDICATES RECORD WAS SET OR TIED.  
MM INDICATES DATA IS MISSING.  
T INDICATES TRACE AMOUNT.  
 
...SEASONAL HEATING DEGREE DAY TOTAL MISSING DUE TO SENSOR OUTAGE IN  
DECEMBER...  
 

 
 
CARICO  
 
CLICK HERE TO GO TO PREVIOUS BULLETINS.

The Nexlab KY Page Main Text Page