784  
CXUS53 KJKL 011647 CCA  
CLSJKL  
 
CLIMATE REPORT...CORRECTION  
NATIONAL WEATHER SERVICE JACKSON KY  
1151 AM EDT SAT JUN 01 2024  
   
...............................
 
 
...THE JACKSON KY CLIMATE SUMMARY FOR THE SEASON, FROM  
3/1/2024 TO 5/31/2024...  
 
CLIMATE NORMAL PERIOD 1991 TO 2020  
CLIMATE RECORD PERIOD 1981 TO 2024  
 
WEATHER OBSERVED NORMAL DEPART LAST YEAR'S  
VALUE DATE(S) VALUE FROM VALUE DATE(S)  
NORMAL    
............................................................
 
 
TEMPERATURE (F)  
RECORD  
HIGH 92 04/27/1986  
LOW 7 03/09/1996  
HIGHEST 88 05/02 MM MM 89 04/05  
LOWEST 28 03/24 MM MM 20 03/19  
03/20  
AVG. MAXIMUM 70.3 67.6 2.7 67.9  
AVG. MINIMUM 50.7 46.8 3.9 46.6  
MEAN 60.5 57.2 3.3 57.3  
DAYS MAX >= 90 0 0.2 -0.2 0  
DAYS MAX <= 32 0 0.8 -0.8 0  
DAYS MIN <= 32 7 13.6 -6.6 9  
DAYS MIN <= 0 0 0.0 0.0 0  
 
PRECIPITATION (INCHES)  
RECORD  
MAXIMUM 21.63 2011  
MINIMUM 4.93 1986  
TOTALS 11.19 14.42 -3.23 11.02  
DAILY AVG. 0.12 0.16 -0.04 0.12  
DAYS >= .01 39 41.4 -2.4 32  
DAYS >= .10 22 27.2 -5.2 23  
DAYS >= .50 6 10.2 -4.2 6  
DAYS >= 1.00 1 3.4 -2.4 2  
GREATEST  
24 HR. TOTAL 1.46 04/11 TO 04/12 1.65  
 
SNOWFALL (INCHES)  
RECORDS  
TOTAL 22.1 1993  
24 HR TOTAL 19.8 03/13/1993 TO 03/13/1993  
TOTALS T 4.4 -4.4 0.3  
SINCE 7/1 15.4 23.4 -8.0 3.4  
SNOWDEPTH AVG. 0 -1  
DAYS >= 1.0 0 1.3 -1.3 0  
GREATEST  
24 HR TOTAL T 03/18 TO 03/18 0.2  
 
DEGREE DAYS  
HEATING TOTAL 605 874 -269 793  
SINCE 7/1 3318 4059 -741 3429  
COOLING TOTAL 211 159 52 104  
SINCE 1/1 211 159 52 107    
............................................................
 
 
WIND (MPH)  
AVERAGE WIND SPEED 3.9  
RESULTANT WIND SPEED/DIRECTION 1/180  
HIGHEST WIND SPEED/DIRECTION 22/190 DATE 03/15  
HIGHEST GUST SPEED/DIRECTION 45/300 DATE 03/15  
 
SKY COVER  
POSSIBLE SUNSHINE (PERCENT) MM  
NUMBER OF DAYS FAIR 48  
NUMBER OF DAYS PC 27  
NUMBER OF DAYS CLOUDY 17  
 
AVERAGE RH (PERCENT) 64  
 
WEATHER CONDITIONS. NUMBER OF DAYS WITH  
THUNDERSTORM 13 MIXED PRECIP 0  
HEAVY RAIN 14 RAIN 22  
LIGHT RAIN 46 FREEZING RAIN 0  
LT FREEZING RAIN 0 HAIL 2  
HEAVY SNOW 0 SNOW 0  
LIGHT SNOW 3 SLEET 0  
FOG 42 FOG W/VIS <= 1/4 MILE 15  
HAZE 5  
 
- INDICATES NEGATIVE NUMBERS.  
R INDICATES RECORD WAS SET OR TIED.  
MM INDICATES DATA IS MISSING.  
T INDICATES TRACE AMOUNT.  
 

 
   
..CORRECTED FOR GREATEST 24 HOUR PRECIPITATION TOTAL
 
 
 

 
 
CARICO  
 
CLICK HERE TO GO TO PREVIOUS BULLETINS.

The Nexlab KY Page Main Text Page